{"id":1043,"date":"2016-09-07T14:47:17","date_gmt":"2016-09-07T12:47:17","guid":{"rendered":"http:\/\/fernwehkinder.de\/?page_id=1043"},"modified":"2016-11-02T20:58:17","modified_gmt":"2016-11-02T19:58:17","slug":"columbia-weste","status":"publish","type":"page","link":"http:\/\/fernwehkinder.de\/?page_id=1043","title":{"rendered":"Columbia Weste"},"content":{"rendered":"<figure id=\"attachment_1065\" aria-describedby=\"caption-attachment-1065\" style=\"width: 225px\" class=\"wp-caption alignright\"><img loading=\"lazy\" decoding=\"async\" class=\"wp-image-1065 size-medium\" src=\"http:\/\/fernwehkinder.de\/wp-content\/uploads\/2016\/09\/DSCN1671-225x300.jpg\" alt=\"DSCN1671\" width=\"225\" height=\"300\" srcset=\"http:\/\/fernwehkinder.de\/wp-content\/uploads\/2016\/09\/DSCN1671-225x300.jpg 225w, http:\/\/fernwehkinder.de\/wp-content\/uploads\/2016\/09\/DSCN1671-768x1024.jpg 768w\" sizes=\"auto, (max-width: 225px) 100vw, 225px\" \/><figcaption id=\"caption-attachment-1065\" class=\"wp-caption-text\">In Botswana<\/figcaption><\/figure>\n<p>Ihr\u00a0fragt nach meinem absoluten Lieblingsst\u00fcck bei der Ausr\u00fcstung? &#8211;\u00a0Das ist meine Rechercheweste. \u00a0Ihr werdet sie in jedem meiner B\u00fccher und auf fast jedem Foto sehen, das unterwegs von mir gemacht wurde.<\/p>\n<p>Das gute St\u00fcck war ein Spontankauf in Banff\u00a0und hat mich bei Reisen in Belgien, Botswana, D\u00e4nemark, Deutschland, England, Frankreich, Italien, Kanada, Liechtenstein, Luxemburg, Namibia, Niederlande, \u00d6sterreich, Schottland, Schweiz, Simbabwe, Spanien, Sri Lanka, Tunesien, Vatikan und Wales begleitet.<\/p>\n<p>Seit Beginn meiner Schreiberei hat die Weste\u00a0mich bei fast jeder Recherche begleitet. Sie ist angenehm kurz und leicht. Die Kapuze ersetzte mir schon an manch einem hei\u00dfen Tag den Sonnenhut.<\/p>\n<p>Jeweils eine Innen- und eine Au\u00dfentasche rechts und links sind eine perfekte Aufbewahrung f\u00fcr alles, was ich bei einer Recherchetour brauche:<\/p>\n<ul>\n<li>links au\u00dfen: Portemonnaie<\/li>\n<li>links innen: <a href=\"http:\/\/fernwehkinder.de\/?page_id=932\">Notizblock<\/a>, Stifte, Karten<\/li>\n<li>rechts au\u00dfen: <a href=\"http:\/\/fernwehkinder.de\/?page_id=1038\">Kamera<\/a><\/li>\n<li>rechts innen: <a href=\"http:\/\/fernwehkinder.de\/?page_id=1069\">Smartphone<\/a>, Krimskrams<\/li>\n<\/ul>\n<p><img loading=\"lazy\" decoding=\"async\" class=\"alignnone size-medium wp-image-1067\" src=\"http:\/\/fernwehkinder.de\/wp-content\/uploads\/2016\/09\/Hirten-im-Sperrgebiet4-DW-300x199.jpg\" alt=\"Hirten im Sperrgebiet4 DW\" width=\"300\" height=\"199\" srcset=\"http:\/\/fernwehkinder.de\/wp-content\/uploads\/2016\/09\/Hirten-im-Sperrgebiet4-DW-300x199.jpg 300w, http:\/\/fernwehkinder.de\/wp-content\/uploads\/2016\/09\/Hirten-im-Sperrgebiet4-DW-768x511.jpg 768w, http:\/\/fernwehkinder.de\/wp-content\/uploads\/2016\/09\/Hirten-im-Sperrgebiet4-DW-1024x681.jpg 1024w\" sizes=\"auto, (max-width: 300px) 100vw, 300px\" \/> <img loading=\"lazy\" decoding=\"async\" class=\"alignnone size-medium wp-image-1066\" src=\"http:\/\/fernwehkinder.de\/wp-content\/uploads\/2016\/09\/DSC4587-300x201.jpg\" alt=\"_DSC4587\" width=\"300\" height=\"201\" srcset=\"http:\/\/fernwehkinder.de\/wp-content\/uploads\/2016\/09\/DSC4587-300x201.jpg 300w, http:\/\/fernwehkinder.de\/wp-content\/uploads\/2016\/09\/DSC4587-768x514.jpg 768w, http:\/\/fernwehkinder.de\/wp-content\/uploads\/2016\/09\/DSC4587-1024x685.jpg 1024w\" sizes=\"auto, (max-width: 300px) 100vw, 300px\" \/> <img loading=\"lazy\" decoding=\"async\" class=\"alignnone size-medium wp-image-1059\" src=\"http:\/\/fernwehkinder.de\/wp-content\/uploads\/2016\/09\/145-300x225.jpg\" alt=\"145\" width=\"300\" height=\"225\" srcset=\"http:\/\/fernwehkinder.de\/wp-content\/uploads\/2016\/09\/145-300x225.jpg 300w, http:\/\/fernwehkinder.de\/wp-content\/uploads\/2016\/09\/145-768x576.jpg 768w, http:\/\/fernwehkinder.de\/wp-content\/uploads\/2016\/09\/145-1024x768.jpg 1024w\" sizes=\"auto, (max-width: 300px) 100vw, 300px\" \/> <img loading=\"lazy\" decoding=\"async\" class=\"alignnone size-medium wp-image-1048\" src=\"http:\/\/fernwehkinder.de\/wp-content\/uploads\/2016\/09\/Cachen-in-Cymru-300x225.jpg\" alt=\"Cachen in Cymru\" width=\"300\" height=\"225\" srcset=\"http:\/\/fernwehkinder.de\/wp-content\/uploads\/2016\/09\/Cachen-in-Cymru-300x225.jpg 300w, http:\/\/fernwehkinder.de\/wp-content\/uploads\/2016\/09\/Cachen-in-Cymru.jpg 766w\" sizes=\"auto, (max-width: 300px) 100vw, 300px\" \/><\/p>\n<p>Meine Mutter hat schon ein B\u00fcgeleisenmuster in der Kapuze hinterlassen. Die N\u00e4hte und S\u00e4ume sind an einigen Stellen schon d\u00fcnn und l\u00f6chrig.\u00a0Ich wei\u00df, dass ich mich irgendwann einmal von ihr trennen muss. Sie wird dann einfach morsch sein und an Altersschw\u00e4che sterben. Das macht mich jetzt schon traurig. Denn seit etwa zehn Jahren suche ich nach Ersatz. Columbia f\u00fchrt sie schon lange nicht mehr, Second Hand verkauft sie niemand und ein vergleichbares Produkt wird von keinem Hersteller angeboten. Die Dinger sind alle zu lang, bl\u00f6d geschnitten mit zu wenig Taschen oder von schlechter Qualit\u00e4t.<\/p>\n<p><img loading=\"lazy\" decoding=\"async\" class=\"size-medium wp-image-1040 alignleft\" src=\"http:\/\/fernwehkinder.de\/wp-content\/uploads\/2016\/09\/12243449_727505407350556_284024128223999880_n-300x165.jpg\" alt=\"12243449_727505407350556_284024128223999880_n\" width=\"300\" height=\"165\" srcset=\"http:\/\/fernwehkinder.de\/wp-content\/uploads\/2016\/09\/12243449_727505407350556_284024128223999880_n-300x165.jpg 300w, http:\/\/fernwehkinder.de\/wp-content\/uploads\/2016\/09\/12243449_727505407350556_284024128223999880_n-768x422.jpg 768w, http:\/\/fernwehkinder.de\/wp-content\/uploads\/2016\/09\/12243449_727505407350556_284024128223999880_n.jpg 960w\" sizes=\"auto, (max-width: 300px) 100vw, 300px\" \/><\/p>\n<p><img loading=\"lazy\" decoding=\"async\" class=\"size-medium wp-image-1095 alignright\" src=\"http:\/\/fernwehkinder.de\/wp-content\/uploads\/2016\/09\/20160906_133125-300x169.jpg\" alt=\"20160906_133125\" width=\"300\" height=\"169\" srcset=\"http:\/\/fernwehkinder.de\/wp-content\/uploads\/2016\/09\/20160906_133125-300x169.jpg 300w, http:\/\/fernwehkinder.de\/wp-content\/uploads\/2016\/09\/20160906_133125-768x432.jpg 768w, http:\/\/fernwehkinder.de\/wp-content\/uploads\/2016\/09\/20160906_133125-1024x576.jpg 1024w\" sizes=\"auto, (max-width: 300px) 100vw, 300px\" \/>Die eine\u00a0Au\u00dfentasche riss im November 2015 bei einem <a href=\"https:\/\/www.facebook.com\/von.Ingrid.Retterath.geschrieben\/posts\/727505437350553\">Sturz<\/a>\u00a0auf der Via Francigena.<\/p>\n<p>Sie tr\u00e4gt nun einen Aufn\u00e4her, der an den Sturz erinnert und die Kamera wieder gut sch\u00fctzt.<\/p>\n<p>&nbsp;<\/p>\n<p>&nbsp;<\/p>\n<hr \/>\n<p>An den Kaufpreis kann ich mich nicht erinnern.<\/p>\n<hr \/>\n<p>Im Dauereinsatz seit 1998<\/p>\n<hr \/>\n<p>Stand: September\u00a02016<\/p>\n","protected":false},"excerpt":{"rendered":"<p>Ihr\u00a0fragt nach meinem absoluten Lieblingsst\u00fcck bei der Ausr\u00fcstung? &#8211;\u00a0Das ist meine Rechercheweste. \u00a0Ihr werdet sie in jedem meiner B\u00fccher und auf fast jedem&#8230;<\/p>\n","protected":false},"author":1,"featured_media":0,"parent":498,"menu_order":0,"comment_status":"closed","ping_status":"closed","template":"","meta":{"jetpack_post_was_ever_published":false,"footnotes":""},"class_list":["post-1043","page","type-page","status-publish","hentry"],"jetpack_sharing_enabled":true,"jetpack-related-posts":[],"jetpack_likes_enabled":true,"_links":{"self":[{"href":"http:\/\/fernwehkinder.de\/index.php?rest_route=\/wp\/v2\/pages\/1043","targetHints":{"allow":["GET"]}}],"collection":[{"href":"http:\/\/fernwehkinder.de\/index.php?rest_route=\/wp\/v2\/pages"}],"about":[{"href":"http:\/\/fernwehkinder.de\/index.php?rest_route=\/wp\/v2\/types\/page"}],"author":[{"embeddable":true,"href":"http:\/\/fernwehkinder.de\/index.php?rest_route=\/wp\/v2\/users\/1"}],"replies":[{"embeddable":true,"href":"http:\/\/fernwehkinder.de\/index.php?rest_route=%2Fwp%2Fv2%2Fcomments&post=1043"}],"version-history":[{"count":0,"href":"http:\/\/fernwehkinder.de\/index.php?rest_route=\/wp\/v2\/pages\/1043\/revisions"}],"up":[{"embeddable":true,"href":"http:\/\/fernwehkinder.de\/index.php?rest_route=\/wp\/v2\/pages\/498"}],"wp:attachment":[{"href":"http:\/\/fernwehkinder.de\/index.php?rest_route=%2Fwp%2Fv2%2Fmedia&parent=1043"}],"curies":[{"name":"wp","href":"https:\/\/api.w.org\/{rel}","templated":true}]}}

<figure id="attachment_1065" aria-describedby="caption-attachment-1065" style="width: 225px" class="wp-caption alignright"><img loading="lazy" decoding="async" class="wp-image-1065 size-medium" src="http://fernwehkinder.de/wp-content/uploads/2016/09/DSCN1671-225x300.jpg" alt="DSCN1671" width="225" height="300" srcset="http://fernwehkinder.de/wp-content/uploads/2016/09/DSCN1671-225x300.jpg 225w, http://fernwehkinder.de/wp-content/uploads/2016/09/DSCN1671-768x1024.jpg 768w" sizes="auto, (max-width: 225px) 100vw, 225px" /><figcaption id="caption-attachment-1065" class="wp-caption-text">In Botswana</figcaption></figure>
<p>Ihr fragt nach meinem absoluten Lieblingsstück bei der Ausrüstung? &#8211; Das ist meine Rechercheweste.  Ihr werdet sie in jedem meiner Bücher und auf fast jedem Foto sehen, das unterwegs von mir gemacht wurde.</p>
<p>Das gute Stück war ein Spontankauf in Banff und hat mich bei Reisen in Belgien, Botswana, Dänemark, Deutschland, England, Frankreich, Italien, Kanada, Liechtenstein, Luxemburg, Namibia, Niederlande, Österreich, Schottland, Schweiz, Simbabwe, Spanien, Sri Lanka, Tunesien, Vatikan und Wales begleitet.</p>
<p>Seit Beginn meiner Schreiberei hat die Weste mich bei fast jeder Recherche begleitet. Sie ist angenehm kurz und leicht. Die Kapuze ersetzte mir schon an manch einem heißen Tag den Sonnenhut.</p>
<p>Jeweils eine Innen- und eine Außentasche rechts und links sind eine perfekte Aufbewahrung für alles, was ich bei einer Recherchetour brauche:</p>
<ul>
<li>links außen: Portemonnaie</li>
<li>links innen: <a href="http://fernwehkinder.de/?page_id=932">Notizblock</a>, Stifte, Karten</li>
<li>rechts außen: <a href="http://fernwehkinder.de/?page_id=1038">Kamera</a></li>
<li>rechts innen: <a href="http://fernwehkinder.de/?page_id=1069">Smartphone</a>, Krimskrams</li>
</ul>
<p><img loading="lazy" decoding="async" class="alignnone size-medium wp-image-1067" src="http://fernwehkinder.de/wp-content/uploads/2016/09/Hirten-im-Sperrgebiet4-DW-300x199.jpg" alt="Hirten im Sperrgebiet4 DW" width="300" height="199" srcset="http://fernwehkinder.de/wp-content/uploads/2016/09/Hirten-im-Sperrgebiet4-DW-300x199.jpg 300w, http://fernwehkinder.de/wp-content/uploads/2016/09/Hirten-im-Sperrgebiet4-DW-768x511.jpg 768w, http://fernwehkinder.de/wp-content/uploads/2016/09/Hirten-im-Sperrgebiet4-DW-1024x681.jpg 1024w" sizes="auto, (max-width: 300px) 100vw, 300px" /> <img loading="lazy" decoding="async" class="alignnone size-medium wp-image-1066" src="http://fernwehkinder.de/wp-content/uploads/2016/09/DSC4587-300x201.jpg" alt="_DSC4587" width="300" height="201" srcset="http://fernwehkinder.de/wp-content/uploads/2016/09/DSC4587-300x201.jpg 300w, http://fernwehkinder.de/wp-content/uploads/2016/09/DSC4587-768x514.jpg 768w, http://fernwehkinder.de/wp-content/uploads/2016/09/DSC4587-1024x685.jpg 1024w" sizes="auto, (max-width: 300px) 100vw, 300px" /> <img loading="lazy" decoding="async" class="alignnone size-medium wp-image-1059" src="http://fernwehkinder.de/wp-content/uploads/2016/09/145-300x225.jpg" alt="145" width="300" height="225" srcset="http://fernwehkinder.de/wp-content/uploads/2016/09/145-300x225.jpg 300w, http://fernwehkinder.de/wp-content/uploads/2016/09/145-768x576.jpg 768w, http://fernwehkinder.de/wp-content/uploads/2016/09/145-1024x768.jpg 1024w" sizes="auto, (max-width: 300px) 100vw, 300px" /> <img loading="lazy" decoding="async" class="alignnone size-medium wp-image-1048" src="http://fernwehkinder.de/wp-content/uploads/2016/09/Cachen-in-Cymru-300x225.jpg" alt="Cachen in Cymru" width="300" height="225" srcset="http://fernwehkinder.de/wp-content/uploads/2016/09/Cachen-in-Cymru-300x225.jpg 300w, http://fernwehkinder.de/wp-content/uploads/2016/09/Cachen-in-Cymru.jpg 766w" sizes="auto, (max-width: 300px) 100vw, 300px" /></p>
<p>Meine Mutter hat schon ein Bügeleisenmuster in der Kapuze hinterlassen. Die Nähte und Säume sind an einigen Stellen schon dünn und löchrig. Ich weiß, dass ich mich irgendwann einmal von ihr trennen muss. Sie wird dann einfach morsch sein und an Altersschwäche sterben. Das macht mich jetzt schon traurig. Denn seit etwa zehn Jahren suche ich nach Ersatz. Columbia führt sie schon lange nicht mehr, Second Hand verkauft sie niemand und ein vergleichbares Produkt wird von keinem Hersteller angeboten. Die Dinger sind alle zu lang, blöd geschnitten mit zu wenig Taschen oder von schlechter Qualität.</p>
<p><img loading="lazy" decoding="async" class="size-medium wp-image-1040 alignleft" src="http://fernwehkinder.de/wp-content/uploads/2016/09/12243449_727505407350556_284024128223999880_n-300x165.jpg" alt="12243449_727505407350556_284024128223999880_n" width="300" height="165" srcset="http://fernwehkinder.de/wp-content/uploads/2016/09/12243449_727505407350556_284024128223999880_n-300x165.jpg 300w, http://fernwehkinder.de/wp-content/uploads/2016/09/12243449_727505407350556_284024128223999880_n-768x422.jpg 768w, http://fernwehkinder.de/wp-content/uploads/2016/09/12243449_727505407350556_284024128223999880_n.jpg 960w" sizes="auto, (max-width: 300px) 100vw, 300px" /></p>
<p><img loading="lazy" decoding="async" class="size-medium wp-image-1095 alignright" src="http://fernwehkinder.de/wp-content/uploads/2016/09/20160906_133125-300x169.jpg" alt="20160906_133125" width="300" height="169" srcset="http://fernwehkinder.de/wp-content/uploads/2016/09/20160906_133125-300x169.jpg 300w, http://fernwehkinder.de/wp-content/uploads/2016/09/20160906_133125-768x432.jpg 768w, http://fernwehkinder.de/wp-content/uploads/2016/09/20160906_133125-1024x576.jpg 1024w" sizes="auto, (max-width: 300px) 100vw, 300px" />Die eine Außentasche riss im November 2015 bei einem <a href="https://www.facebook.com/von.Ingrid.Retterath.geschrieben/posts/727505437350553">Sturz</a> auf der Via Francigena.</p>
<p>Sie trägt nun einen Aufnäher, der an den Sturz erinnert und die Kamera wieder gut schützt.</p>
<p>&nbsp;</p>
<p>&nbsp;</p>
<hr />
<p>An den Kaufpreis kann ich mich nicht erinnern.</p>
<hr />
<p>Im Dauereinsatz seit 1998</p>
<hr />
<p>Stand: September 2016</p>

<p>Ihr fragt nach meinem absoluten Lieblingsstück bei der Ausrüstung? &#8211; Das ist meine Rechercheweste.  Ihr werdet sie in jedem meiner Bücher und auf fast jedem&#8230;</p>
