{"id":1813,"date":"2016-12-09T15:00:47","date_gmt":"2016-12-09T14:00:47","guid":{"rendered":"http:\/\/fernwehkinder.de\/?page_id=1813"},"modified":"2016-12-09T15:00:47","modified_gmt":"2016-12-09T14:00:47","slug":"goebel-rainwalker","status":"publish","type":"page","link":"http:\/\/fernwehkinder.de\/?page_id=1813","title":{"rendered":"G\u00f6bel Rainwalker"},"content":{"rendered":"<p><img loading=\"lazy\" decoding=\"async\" class=\"size-medium wp-image-1808 alignleft\" src=\"http:\/\/fernwehkinder.de\/wp-content\/uploads\/2016\/12\/IMG_4503-300x225.jpg\" alt=\"img_4503\" width=\"300\" height=\"225\" srcset=\"http:\/\/fernwehkinder.de\/wp-content\/uploads\/2016\/12\/IMG_4503-300x225.jpg 300w, http:\/\/fernwehkinder.de\/wp-content\/uploads\/2016\/12\/IMG_4503.jpg 640w\" sizes=\"auto, (max-width: 300px) 100vw, 300px\" \/>Ein Produkt kann noch so brillant und durchdacht sein, wenn es zu unbekannt ist und nicht gekauft wird, nimmt man es vom Markt. Dies musste ich am eigenen Leib erfahren: Mein absoluter Lieblingsrucksack war und ist der Rainwalker von G\u00f6bel. Als ich nach drei Jahren Extremgebrauch einen neuen brauchte, teilte mir die Firma mit, ich k\u00f6nne ihn nicht mehr kaufen, weil die Produktion eingestellt worden sei.<\/p>\n<p>G\u00f6bel ist eigentlich ein Hersteller von Trekkingschirmen, brachte aber vor Jahren den Rainwalker heraus. Ich habe ihn vom ersten Tag an geliebt und das sind die Gr\u00fcnde:<\/p>\n<ul>\n<li>Bei einem Volumen von 30 l wiegt er nur 1,15 kg.<img loading=\"lazy\" decoding=\"async\" class=\"size-medium wp-image-1807 alignright\" src=\"http:\/\/fernwehkinder.de\/wp-content\/uploads\/2016\/12\/Bild-045-300x225.jpg\" alt=\"bild-045\" width=\"300\" height=\"225\" srcset=\"http:\/\/fernwehkinder.de\/wp-content\/uploads\/2016\/12\/Bild-045-300x225.jpg 300w, http:\/\/fernwehkinder.de\/wp-content\/uploads\/2016\/12\/Bild-045.jpg 640w\" sizes=\"auto, (max-width: 300px) 100vw, 300px\" \/><\/li>\n<li>Er liegt beim Tragen ungeheuer bequem auf den Schultern, um die H\u00fcfte und am R\u00fccke an, ohne einzuengen, zu dr\u00fccke oder mich ins Schwitzen zu bringen. Die R\u00fcckenpolster sind sehr gut \u00a0(anatomisch) geformt, die Gurte lassen sich einfach verstellen. Das ist mir wichtig, um im Laufe einer Wanderung ganz simpel das Gewicht zwischen\u00a0H\u00fcften\u00a0und\u00a0Schultern zu verlagern und auch beim An-\/Ausziehen von Jacken immer den perfekten Sitz zu haben. Nach sechs Wochen Wanderung mit diesem Rucksack auf der Via Francigena waren wir quasi miteinander verwachsen, ich ziehe ihn unterwegs nicht einmal bei Pipipausen aus.<\/li>\n<li>Der wasserdichte Sack l\u00e4sst sich leicht und ohne gro\u00dfe Kraft komprimieren.<\/li>\n<li>Zwischen Tragesystem und Hauptsack befindet sich ein R\u00fcckensteckfach f\u00fcr mein <a href=\"http:\/\/fernwehkinder.de\/?page_id=1131\">Trinksystem<\/a>.<\/li>\n<li>Der Hauptsack ist abnehmbar, kann also auch als Wasserbeh\u00e4lter f\u00fcr bis zu 20 Liter verwendet werden. Ich habe bei manchen Wanderungen in den Alpen diesen Sack aus dem Tragegestell genommen und mit dem Auto meines Vermieters voraus geschickt, um bei steilen Auf- und Abstiegen nur mein Tagesgep\u00e4ck tragen zu m\u00fcssen.<\/li>\n<li>Ist der Hauptsack nicht drin, konnte\u00a0ich das Tragesystem zweimal als Not-Trage f\u00fcr meine m\u00fcde Tochter verwenden.<img loading=\"lazy\" decoding=\"async\" class=\"size-medium wp-image-1806 alignright\" src=\"http:\/\/fernwehkinder.de\/wp-content\/uploads\/2016\/12\/Bild-043-300x225.jpg\" alt=\"bild-043\" width=\"300\" height=\"225\" srcset=\"http:\/\/fernwehkinder.de\/wp-content\/uploads\/2016\/12\/Bild-043-300x225.jpg 300w, http:\/\/fernwehkinder.de\/wp-content\/uploads\/2016\/12\/Bild-043.jpg 640w\" sizes=\"auto, (max-width: 300px) 100vw, 300px\" \/><\/li>\n<li>Im Hauptsack gibt es ein kleines Fach, in dem die Reisekasse, Visitenkarten, Notizbl\u00f6cke, Powerbank und sonstiger Kleinkram landet.<\/li>\n<li>Eine regendichte Fronttasche mit Rei\u00dfverschluss nimmt Sachen aus, die nicht nass werden sollen (wie Taschent\u00fccher, Reserveakkus,&#8230;), die ich aber schnell erreichen m\u00f6chte ohne den ganzen Sack auszur\u00e4umen.<\/li>\n<li>In den drei\u00a0seitlichen Netztaschen finden Schirm, Stativ und anderer wasserfester Kram Platz.<\/li>\n<\/ul>\n<p>Nach \u00fcber drei Jahren fast t\u00e4glicher Nutzung in der Eifel und in den Alpen, in Tunesien, Namibia, Simbabwe,&#8230; hatte sich im schwarzen Sack die Naht gel\u00f6st und eine der Netztaschen hatte L\u00f6cher. Ich wollte bei G\u00f6bel einen neuen Rucksack bestellen und erfuhr, dass er aus dem Programm genommen wurde. Eine nette Mitarbeiterin grub dann aber noch ein rotes Restexemplar f\u00fcr mich aus, das ich aktuell schon sechs Jahre benutze. Lange konnte ich f\u00fcr den Rainwalker keine Kaufempfehlung geben. Umso mehr freue ich mich, ihn nun wieder im Shop von Euroschirm entdeckt zu haben.<\/p>\n<hr \/>\n<p>Ich habe damals um die 70 Euro f\u00fcr den ersten bezahlt und bekam f\u00fcr den zweiten einen gro\u00dfz\u00fcgigen Rabatt. Aktuell gibt es ihn beim Hersteller f\u00fcr 119 Euro im <a href=\"http:\/\/www.euroschirm.com\/schirm\/Rainwalker\/info.cgi?session=hi0Rgx17znJoB&amp;sprache_land=deutsch\">Shop<\/a>.<\/p>\n<hr \/>\n<p>Stand: Dezember 2016<\/p>\n<p><img loading=\"lazy\" decoding=\"async\" class=\"size-medium wp-image-1805 alignleft\" src=\"http:\/\/fernwehkinder.de\/wp-content\/uploads\/2016\/12\/0913-Das-Gipfelbuch-am-Monte-Gazzarro-300x225.jpg\" alt=\"0913-das-gipfelbuch-am-monte-gazzarro\" width=\"300\" height=\"225\" srcset=\"http:\/\/fernwehkinder.de\/wp-content\/uploads\/2016\/12\/0913-Das-Gipfelbuch-am-Monte-Gazzarro-300x225.jpg 300w, http:\/\/fernwehkinder.de\/wp-content\/uploads\/2016\/12\/0913-Das-Gipfelbuch-am-Monte-Gazzarro.jpg 640w\" sizes=\"auto, (max-width: 300px) 100vw, 300px\" \/><\/p>\n<p><img loading=\"lazy\" decoding=\"async\" class=\"size-medium wp-image-1804 alignright\" src=\"http:\/\/fernwehkinder.de\/wp-content\/uploads\/2016\/12\/0315-Unterwegs-nach-Badolo-300x225.jpg\" alt=\"0315-unterwegs-nach-badolo\" width=\"300\" height=\"225\" srcset=\"http:\/\/fernwehkinder.de\/wp-content\/uploads\/2016\/12\/0315-Unterwegs-nach-Badolo-300x225.jpg 300w, http:\/\/fernwehkinder.de\/wp-content\/uploads\/2016\/12\/0315-Unterwegs-nach-Badolo.jpg 640w\" sizes=\"auto, (max-width: 300px) 100vw, 300px\" \/><\/p>\n<p>&nbsp;<\/p>\n","protected":false},"excerpt":{"rendered":"<p>Ein Produkt kann noch so brillant und durchdacht sein, wenn es zu unbekannt ist und nicht gekauft wird, nimmt man es vom Markt&#8230;.<\/p>\n","protected":false},"author":1,"featured_media":0,"parent":498,"menu_order":0,"comment_status":"closed","ping_status":"closed","template":"","meta":{"jetpack_post_was_ever_published":false,"footnotes":""},"class_list":["post-1813","page","type-page","status-publish","hentry"],"jetpack_sharing_enabled":true,"jetpack-related-posts":[],"jetpack_likes_enabled":true,"_links":{"self":[{"href":"http:\/\/fernwehkinder.de\/index.php?rest_route=\/wp\/v2\/pages\/1813","targetHints":{"allow":["GET"]}}],"collection":[{"href":"http:\/\/fernwehkinder.de\/index.php?rest_route=\/wp\/v2\/pages"}],"about":[{"href":"http:\/\/fernwehkinder.de\/index.php?rest_route=\/wp\/v2\/types\/page"}],"author":[{"embeddable":true,"href":"http:\/\/fernwehkinder.de\/index.php?rest_route=\/wp\/v2\/users\/1"}],"replies":[{"embeddable":true,"href":"http:\/\/fernwehkinder.de\/index.php?rest_route=%2Fwp%2Fv2%2Fcomments&post=1813"}],"version-history":[{"count":0,"href":"http:\/\/fernwehkinder.de\/index.php?rest_route=\/wp\/v2\/pages\/1813\/revisions"}],"up":[{"embeddable":true,"href":"http:\/\/fernwehkinder.de\/index.php?rest_route=\/wp\/v2\/pages\/498"}],"wp:attachment":[{"href":"http:\/\/fernwehkinder.de\/index.php?rest_route=%2Fwp%2Fv2%2Fmedia&parent=1813"}],"curies":[{"name":"wp","href":"https:\/\/api.w.org\/{rel}","templated":true}]}}