{"id":2358,"date":"2017-04-01T15:13:24","date_gmt":"2017-04-01T13:13:24","guid":{"rendered":"http:\/\/fernwehkinder.de\/?page_id=2358"},"modified":"2017-04-01T15:13:24","modified_gmt":"2017-04-01T13:13:24","slug":"manduca-first-red","status":"publish","type":"page","link":"http:\/\/fernwehkinder.de\/?page_id=2358","title":{"rendered":"Manduca First Red"},"content":{"rendered":"<p><img loading=\"lazy\" decoding=\"async\" class=\"size-medium wp-image-1062 alignleft\" src=\"http:\/\/fernwehkinder.de\/wp-content\/uploads\/2016\/09\/Schweiz-Italien-Mai-Juni-2012-716-225x300.jpg\" alt=\"Schweiz-Italien Mai-Juni 2012 716\" width=\"225\" height=\"300\" srcset=\"http:\/\/fernwehkinder.de\/wp-content\/uploads\/2016\/09\/Schweiz-Italien-Mai-Juni-2012-716-225x300.jpg 225w, http:\/\/fernwehkinder.de\/wp-content\/uploads\/2016\/09\/Schweiz-Italien-Mai-Juni-2012-716-768x1024.jpg 768w\" sizes=\"auto, (max-width: 225px) 100vw, 225px\" \/>Auch nach gr\u00fcndlicher Durchsicht der Fotos all meiner Reisen finde ich nur diese beiden Fotos von der <a href=\"http:\/\/www.manducababytrage.de\/manduca-modelle-farben.html\">Manduca <\/a>Trage, die wir zu Aurelias Babyzeiten als Rechercheexemplar erhalten hatten. Das spricht angesichts zig-Tausender Fotos, die seit ihrer Geburt f\u00fcr die verschiedensten Reisef\u00fchrer und zu privaten Anl\u00e4ssen entstanden sind, schon eine Sprache f\u00fcr sich.<\/p>\n<p>Ich habe es versucht mit ihr. Wirklich oft versucht. Sch\u00f6n fand ich die M\u00f6glichkeit, das R\u00fcckenteil zu verl\u00e4ngern, indem ich einen Rei\u00dfverschluss \u00f6ffne. War das Kind wach, konnte es \u00fcber den kurzen Stoff hinweg schauen. Das war es dann aber auch schon an positiven Erinnerungen.<\/p>\n<p>Auch nach hochnotpeinlicher Befragung des Kindsvaters, der Oma und diverser Freunde kann sich keiner erinnern, dass ich die Manduca gerne getragen hatte. Wohl aber hatten sie mein Gen\u00f6rgel noch sehr gut in Erinnerung.<\/p>\n<figure id=\"attachment_1061\" aria-describedby=\"caption-attachment-1061\" style=\"width: 225px\" class=\"wp-caption alignright\"><img loading=\"lazy\" decoding=\"async\" class=\"wp-image-1061 size-medium\" src=\"http:\/\/fernwehkinder.de\/wp-content\/uploads\/2016\/09\/Schweiz-Italien-Mai-Juni-2012-694-225x300.jpg\" alt=\"Schweiz-Italien Mai-Juni 2012 694\" width=\"225\" height=\"300\" srcset=\"http:\/\/fernwehkinder.de\/wp-content\/uploads\/2016\/09\/Schweiz-Italien-Mai-Juni-2012-694-225x300.jpg 225w, http:\/\/fernwehkinder.de\/wp-content\/uploads\/2016\/09\/Schweiz-Italien-Mai-Juni-2012-694-768x1024.jpg 768w\" sizes=\"auto, (max-width: 225px) 100vw, 225px\" \/><figcaption id=\"caption-attachment-1061\" class=\"wp-caption-text\">Hier mit der Tasche von Ergobaby<\/figcaption><\/figure>\n<p>Die Manduca war (und ist?) in meinem Umfeld zwar die meistgekaufte Trage, aber wir beide konnten keine Freunde werden. Das hatte mehrere Gr\u00fcnde:<\/p>\n<ul>\n<li>Sie hatte (im Gegensatz zu Ergobaby und <a href=\"http:\/\/fernwehkinder.de\/?page_id=1119\">Bondolino<\/a>) keine Tasche, ich wusste also an warmen Tagen nie, wohin mit meiner Geldb\u00f6rse.<\/li>\n<li>Das Material war rau, scheuerte also dem Tragling schnell die Beinchen wund, wenn zum Schutz der Kniekehlen nicht Hose und Strumpfhose zur Polsterung beitrugen<\/li>\n<li>F\u00fcr meinen outdoor-Gebrauch war die Trage nicht geeignet, denn der Verschluss des Beckengurtes ist so d\u00e4mlich konstruiert, dass man beide H\u00e4nde braucht, um ihn zu l\u00f6sen. Woher nehme ich die n\u00f6tige Dritthand, um mein Kind festzuhalten, wenn ich allein im Wald stehe? Das wurde mir dann auch noch als Sicherheits-Feature verkauft.<\/li>\n<li>Die Tr\u00e4ger und Riemen waren zwar so dick, wie die der meisten anderen Tragen, die ich kenne, dr\u00fcckten dennoch unangenehmer auf die Knochen an Schultern und Becken<\/li>\n<li>F\u00fcr Neugeborene ben\u00f6tigt man einen separaten Neugeborenen-Einsatz, der nochmal extra Geld kostet.<\/li>\n<\/ul>\n<hr \/>\n<p>Die Manduca First kostet 119 \u20ac.<\/p>\n<hr \/>\n<p>Ich hatte meine Manduca als Testexemplar \u00fcberlassen bekommen. Wir hatten sie von Februar bis Juni 2012 in Gebrauch.<\/p>\n<hr \/>\n<p>Stand: April 2017<\/p>\n","protected":false},"excerpt":{"rendered":"<p>Auch nach gr\u00fcndlicher Durchsicht der Fotos all meiner Reisen finde ich nur diese beiden Fotos von der Manduca Trage, die wir zu Aurelias&#8230;<\/p>\n","protected":false},"author":1,"featured_media":0,"parent":498,"menu_order":0,"comment_status":"closed","ping_status":"closed","template":"","meta":{"jetpack_post_was_ever_published":false,"footnotes":""},"class_list":["post-2358","page","type-page","status-publish","hentry"],"jetpack_sharing_enabled":true,"jetpack-related-posts":[],"jetpack_likes_enabled":true,"_links":{"self":[{"href":"http:\/\/fernwehkinder.de\/index.php?rest_route=\/wp\/v2\/pages\/2358","targetHints":{"allow":["GET"]}}],"collection":[{"href":"http:\/\/fernwehkinder.de\/index.php?rest_route=\/wp\/v2\/pages"}],"about":[{"href":"http:\/\/fernwehkinder.de\/index.php?rest_route=\/wp\/v2\/types\/page"}],"author":[{"embeddable":true,"href":"http:\/\/fernwehkinder.de\/index.php?rest_route=\/wp\/v2\/users\/1"}],"replies":[{"embeddable":true,"href":"http:\/\/fernwehkinder.de\/index.php?rest_route=%2Fwp%2Fv2%2Fcomments&post=2358"}],"version-history":[{"count":0,"href":"http:\/\/fernwehkinder.de\/index.php?rest_route=\/wp\/v2\/pages\/2358\/revisions"}],"up":[{"embeddable":true,"href":"http:\/\/fernwehkinder.de\/index.php?rest_route=\/wp\/v2\/pages\/498"}],"wp:attachment":[{"href":"http:\/\/fernwehkinder.de\/index.php?rest_route=%2Fwp%2Fv2%2Fmedia&parent=2358"}],"curies":[{"name":"wp","href":"https:\/\/api.w.org\/{rel}","templated":true}]}}