{"id":965,"date":"2016-09-02T18:07:52","date_gmt":"2016-09-02T16:07:52","guid":{"rendered":"http:\/\/fernwehkinder.de\/?page_id=965"},"modified":"2017-02-13T15:38:53","modified_gmt":"2017-02-13T14:38:53","slug":"tfk-joggster-16","status":"publish","type":"page","link":"http:\/\/fernwehkinder.de\/?page_id=965","title":{"rendered":"TFK Joggster 16&#8220;"},"content":{"rendered":"<figure id=\"attachment_26\" aria-describedby=\"caption-attachment-26\" style=\"width: 300px\" class=\"wp-caption alignleft\"><img loading=\"lazy\" decoding=\"async\" class=\"wp-image-26 size-medium\" src=\"http:\/\/fernwehkinder.de\/wp-content\/uploads\/2016\/03\/P8020323-300x225.jpg\" alt=\"OLYMPUS DIGITAL CAMERA\" width=\"300\" height=\"225\" \/><figcaption id=\"caption-attachment-26\" class=\"wp-caption-text\">Im Stand sogar als Zweisitzer brauchbar<\/figcaption><\/figure>\n<p>Vor der Geburt der Zwillinge war der Joggster von <a href=\"http:\/\/www.buggy.de\/index.php?id=800\">TFK <\/a>meine gel\u00e4ndeg\u00e4ngigste Kinderkarre. Mit seinen gro\u00dfen R\u00e4dern kamen wir \u00fcberall durch, wo andere Buggys schon lange stecken blieben. Entsprechend sorgf\u00e4ltig musste ich mir bei den Recherchen zu den <a href=\"https:\/\/www.conrad-stein-verlag.de\/p\/verlag\/show_book.html?isbn=978-3-86686-427-6&amp;edition=1&amp;t=1472831553821\">Kurzwanderungen <\/a>in der Eifel bei meinen Angaben zur Buggytauglichkeit sein. Ich wollte ja keine Familie mit kleineren R\u00e4dchen irgendwo im Wald h\u00e4ngenbleiben lassen.<\/p>\n<p>Auch als die Zwillinge\u00a0ganz winzig klein waren und fast ausschlie\u00dflich getragen wurden, war der Joggster\u00a0immer dabei. Er diente zu diesem Zeitpunkt in erster Linie zum Transport von Gep\u00e4ck. Wenn Aurelia nicht mehr laufen konnte oder eine M\u00fctze Schlaf brauchte, wurde sie darin geschoben. Bei Pausen fanden bis zum sechsten Monat beide Babys Platz darin.<\/p>\n<p>Dieser Buggy hat drei 16 Zoll R\u00e4der und ist schmaler als der zweisitzige KidsTourer. In meinem Modell ist ein Insektengitter integriert, was auch leichten Schutz gegen Fieselregen und Sonne bot. Wir sind sehr zufrieden damit gewesen. Einziges Manko: Die Bremsen sind ziemlich schwach. Mit einem 12 kg schweren Kind rollt er trotz fest angezogener Bremse los, wenn der Untergrund nicht nur ganz sanft rheinisch geneigt ist, sondern Eifelniveau erreicht. \u00a0Er steht immer noch bei uns, denn wer wei\u00df, ob er nicht noch &#8218;mal von Nutzen sein kann, wenn die Zwillinge gr\u00f6\u00dfer sind und nicht mehr gleichzeitig geschoben werden m\u00fcssen.<\/p>\n<p>Kleiner Tipp noch: Der Hersteller hat zwar keinen online-Verkauf f\u00fcr die Buggys, aber f\u00fcr jedes denkbare <a href=\"http:\/\/b2b.buggy.de\/3xios\/index1.php\">Ersatzteil<\/a>.<\/p>\n<hr \/>\n<p>Ich habe ihn gebraucht gekauft. Mein Modell gibt es nicht mehr. Das Nachfolgemodell mit 16 Zoll R\u00e4dern hei\u00dft Joggster Lite 16&#8220; plus und\u00a0wird im Handel ab 626 \u20ac angeboten.<\/p>\n<hr \/>\n<p>Der Joggster ist bei uns seit Sommer 2012 in Gebrauch, wurde aber vom Vorbesitzer schon 2010 gekauft. Ersetzt und repariert habe ich bislang den Bremszug und den Versteller f\u00fcr den Schiebegriff.<\/p>\n<hr \/>\n<p>Stand: September\u00a02016<\/p>\n","protected":false},"excerpt":{"rendered":"<p>Vor der Geburt der Zwillinge war der Joggster von TFK meine gel\u00e4ndeg\u00e4ngigste Kinderkarre. Mit seinen gro\u00dfen R\u00e4dern kamen wir \u00fcberall durch, wo andere&#8230;<\/p>\n","protected":false},"author":1,"featured_media":26,"parent":498,"menu_order":0,"comment_status":"closed","ping_status":"closed","template":"","meta":{"jetpack_post_was_ever_published":false,"footnotes":""},"class_list":["post-965","page","type-page","status-publish","has-post-thumbnail","hentry"],"jetpack_sharing_enabled":true,"jetpack-related-posts":[],"jetpack_likes_enabled":true,"_links":{"self":[{"href":"http:\/\/fernwehkinder.de\/index.php?rest_route=\/wp\/v2\/pages\/965","targetHints":{"allow":["GET"]}}],"collection":[{"href":"http:\/\/fernwehkinder.de\/index.php?rest_route=\/wp\/v2\/pages"}],"about":[{"href":"http:\/\/fernwehkinder.de\/index.php?rest_route=\/wp\/v2\/types\/page"}],"author":[{"embeddable":true,"href":"http:\/\/fernwehkinder.de\/index.php?rest_route=\/wp\/v2\/users\/1"}],"replies":[{"embeddable":true,"href":"http:\/\/fernwehkinder.de\/index.php?rest_route=%2Fwp%2Fv2%2Fcomments&post=965"}],"version-history":[{"count":0,"href":"http:\/\/fernwehkinder.de\/index.php?rest_route=\/wp\/v2\/pages\/965\/revisions"}],"up":[{"embeddable":true,"href":"http:\/\/fernwehkinder.de\/index.php?rest_route=\/wp\/v2\/pages\/498"}],"wp:featuredmedia":[{"embeddable":true,"href":"http:\/\/fernwehkinder.de\/index.php?rest_route=\/wp\/v2\/media\/26"}],"wp:attachment":[{"href":"http:\/\/fernwehkinder.de\/index.php?rest_route=%2Fwp%2Fv2%2Fmedia&parent=965"}],"curies":[{"name":"wp","href":"https:\/\/api.w.org\/{rel}","templated":true}]}}

<figure id="attachment_26" aria-describedby="caption-attachment-26" style="width: 300px" class="wp-caption alignleft"><img loading="lazy" decoding="async" class="wp-image-26 size-medium" src="http://fernwehkinder.de/wp-content/uploads/2016/03/P8020323-300x225.jpg" alt="OLYMPUS DIGITAL CAMERA" width="300" height="225" /><figcaption id="caption-attachment-26" class="wp-caption-text">Im Stand sogar als Zweisitzer brauchbar</figcaption></figure>
<p>Vor der Geburt der Zwillinge war der Joggster von <a href="http://www.buggy.de/index.php?id=800">TFK </a>meine geländegängigste Kinderkarre. Mit seinen großen Rädern kamen wir überall durch, wo andere Buggys schon lange stecken blieben. Entsprechend sorgfältig musste ich mir bei den Recherchen zu den <a href="https://www.conrad-stein-verlag.de/p/verlag/show_book.html?isbn=978-3-86686-427-6&amp;edition=1&amp;t=1472831553821">Kurzwanderungen </a>in der Eifel bei meinen Angaben zur Buggytauglichkeit sein. Ich wollte ja keine Familie mit kleineren Rädchen irgendwo im Wald hängenbleiben lassen.</p>
<p>Auch als die Zwillinge ganz winzig klein waren und fast ausschließlich getragen wurden, war der Joggster immer dabei. Er diente zu diesem Zeitpunkt in erster Linie zum Transport von Gepäck. Wenn Aurelia nicht mehr laufen konnte oder eine Mütze Schlaf brauchte, wurde sie darin geschoben. Bei Pausen fanden bis zum sechsten Monat beide Babys Platz darin.</p>
<p>Dieser Buggy hat drei 16 Zoll Räder und ist schmaler als der zweisitzige KidsTourer. In meinem Modell ist ein Insektengitter integriert, was auch leichten Schutz gegen Fieselregen und Sonne bot. Wir sind sehr zufrieden damit gewesen. Einziges Manko: Die Bremsen sind ziemlich schwach. Mit einem 12 kg schweren Kind rollt er trotz fest angezogener Bremse los, wenn der Untergrund nicht nur ganz sanft rheinisch geneigt ist, sondern Eifelniveau erreicht.  Er steht immer noch bei uns, denn wer weiß, ob er nicht noch &#8218;mal von Nutzen sein kann, wenn die Zwillinge größer sind und nicht mehr gleichzeitig geschoben werden müssen.</p>
<p>Kleiner Tipp noch: Der Hersteller hat zwar keinen online-Verkauf für die Buggys, aber für jedes denkbare <a href="http://b2b.buggy.de/3xios/index1.php">Ersatzteil</a>.</p>
<hr />
<p>Ich habe ihn gebraucht gekauft. Mein Modell gibt es nicht mehr. Das Nachfolgemodell mit 16 Zoll Rädern heißt Joggster Lite 16&#8220; plus und wird im Handel ab 626 € angeboten.</p>
<hr />
<p>Der Joggster ist bei uns seit Sommer 2012 in Gebrauch, wurde aber vom Vorbesitzer schon 2010 gekauft. Ersetzt und repariert habe ich bislang den Bremszug und den Versteller für den Schiebegriff.</p>
<hr />
<p>Stand: September 2016</p>

<p>Vor der Geburt der Zwillinge war der Joggster von TFK meine geländegängigste Kinderkarre. Mit seinen großen Rädern kamen wir überall durch, wo andere&#8230;</p>
