{"id":968,"date":"2016-09-02T18:34:37","date_gmt":"2016-09-02T16:34:37","guid":{"rendered":"http:\/\/fernwehkinder.de\/?page_id=968"},"modified":"2017-08-04T01:09:24","modified_gmt":"2017-08-03T23:09:24","slug":"mamalila-softshelljacke-fuer-zwei","status":"publish","type":"page","link":"http:\/\/fernwehkinder.de\/?page_id=968","title":{"rendered":"Mamalila Softshelljacke f\u00fcr zwei"},"content":{"rendered":"<figure id=\"attachment_22\" aria-describedby=\"caption-attachment-22\" style=\"width: 300px\" class=\"wp-caption alignleft\"><img loading=\"lazy\" decoding=\"async\" class=\"size-medium wp-image-22\" src=\"http:\/\/fernwehkinder.de\/wp-content\/uploads\/2016\/03\/P3190468-300x225.jpg\" alt=\"OLYMPUS DIGITAL CAMERA\" width=\"300\" height=\"225\" srcset=\"http:\/\/fernwehkinder.de\/wp-content\/uploads\/2016\/03\/P3190468-300x225.jpg 300w, http:\/\/fernwehkinder.de\/wp-content\/uploads\/2016\/03\/P3190468-768x576.jpg 768w, http:\/\/fernwehkinder.de\/wp-content\/uploads\/2016\/03\/P3190468-1024x768.jpg 1024w, http:\/\/fernwehkinder.de\/wp-content\/uploads\/2016\/03\/P3190468-1200x900.jpg 1200w\" sizes=\"auto, (max-width: 300px) 100vw, 300px\" \/><figcaption id=\"caption-attachment-22\" class=\"wp-caption-text\">Tragejacke f\u00fcr drei im Winter<\/figcaption><\/figure>\n<p>Auch mit Babybauch und Baby l\u00e4sst es sich prima wandern, wenn die Kleidung stimmt. Diesen Satz habe ich schon oft gesagt, meist im Zusammenhang mit der <em>Tragejacke f\u00fcr Zwei<\/em> von <a href=\"http:\/\/www.mamalila.de\/Softshelljacke-fuer-zwei_1\"><em>Mamalila<\/em><\/a>.<\/p>\n<p>Ich habe diese Jacke als Autorenexemplar vom Hersteller erhalten, w\u00e4re aber auch bereit gewesen, viel Geld daf\u00fcr auszugeben. Denn sie ist sehr praktisch. Egal ob allein (ohne Einsatz), schwanger (mit Schwangerschaftseinsatz), zu zweit (mit Trageeinsatz wahlweise vorne oder hinten) oder gar zu dritt (mit Trageeins\u00e4tzen vorne und hinten) &#8211; ich habe sie sehr viel getragen und werde sie so lange tragen, bis sie vollkommen verschlissen ist.<\/p>\n<p>Das kann aber noch dauern, denn sie ist auch nach vier Jahren noch sehr gut in Schuss. Von den schon bei Erhalt vorhandenen drei kleinen L\u00f6chern im \u00c4rmel abgesehen ist noch nichts dran. Ob diese Fehler\u00a0fertigungsbedingt sind oder f\u00fcr ein Gratisexemplar B-Ware genommen wurde oder es ein Versehen war, wei\u00df ich nicht. Das tut meinem Loblied aber keinen Abbruch. Ich habe nach dieser Jacke noch zwei &#8222;normale&#8220; Softshelljacken gekauft, die aber trotz stolzen Preisen in der Qualit\u00e4t und im Tragekomfort l\u00e4ngst nicht an die Mamalila heranreichen. Diese Jacke ist die einzige der drei, die einem normalen Regen standh\u00e4lt.<\/p>\n<figure id=\"attachment_969\" aria-describedby=\"caption-attachment-969\" style=\"width: 300px\" class=\"wp-caption alignleft\"><img loading=\"lazy\" decoding=\"async\" class=\"wp-image-969 size-medium\" src=\"http:\/\/fernwehkinder.de\/wp-content\/uploads\/2016\/09\/20150409_104108-300x168.jpg\" alt=\"20150409_104108\" width=\"300\" height=\"168\" srcset=\"http:\/\/fernwehkinder.de\/wp-content\/uploads\/2016\/09\/20150409_104108-300x168.jpg 300w, http:\/\/fernwehkinder.de\/wp-content\/uploads\/2016\/09\/20150409_104108.jpg 330w\" sizes=\"auto, (max-width: 300px) 100vw, 300px\" \/><figcaption id=\"caption-attachment-969\" class=\"wp-caption-text\">Da passt sogar ein Zwillingsbabybauch in der 36 SSW rein<\/figcaption><\/figure>\n<figure id=\"attachment_970\" aria-describedby=\"caption-attachment-970\" style=\"width: 300px\" class=\"wp-caption alignleft\"><img loading=\"lazy\" decoding=\"async\" class=\"size-medium wp-image-970\" src=\"http:\/\/fernwehkinder.de\/wp-content\/uploads\/2016\/09\/PC010760-300x225.jpg\" alt=\"OLYMPUS DIGITAL CAMERA\" width=\"300\" height=\"225\" srcset=\"http:\/\/fernwehkinder.de\/wp-content\/uploads\/2016\/09\/PC010760-300x225.jpg 300w, http:\/\/fernwehkinder.de\/wp-content\/uploads\/2016\/09\/PC010760.jpg 330w\" sizes=\"auto, (max-width: 300px) 100vw, 300px\" \/><figcaption id=\"caption-attachment-970\" class=\"wp-caption-text\">Kuscheln in der Toskana<\/figcaption><\/figure>\n<figure id=\"attachment_971\" aria-describedby=\"caption-attachment-971\" style=\"width: 169px\" class=\"wp-caption alignright\"><img loading=\"lazy\" decoding=\"async\" class=\"wp-image-971 size-medium\" src=\"http:\/\/fernwehkinder.de\/wp-content\/uploads\/2016\/09\/Ingrid_22Woche_1von2-169x300.jpg\" alt=\"Ingrid_22Woche_1von2\" width=\"169\" height=\"300\" srcset=\"http:\/\/fernwehkinder.de\/wp-content\/uploads\/2016\/09\/Ingrid_22Woche_1von2-169x300.jpg 169w, http:\/\/fernwehkinder.de\/wp-content\/uploads\/2016\/09\/Ingrid_22Woche_1von2.jpg 300w\" sizes=\"auto, (max-width: 169px) 100vw, 169px\" \/><figcaption id=\"caption-attachment-971\" class=\"wp-caption-text\">Perfektes Duo f\u00fcr alpines Wandern: Bondolino und Mamalila (Foto entstand einen Tag vor der Alpen\u00fcberquerung bei Orsi\u00e8res)<\/figcaption><\/figure>\n<figure id=\"attachment_972\" aria-describedby=\"caption-attachment-972\" style=\"width: 300px\" class=\"wp-caption alignleft\"><img loading=\"lazy\" decoding=\"async\" class=\"wp-image-972 size-medium\" src=\"http:\/\/fernwehkinder.de\/wp-content\/uploads\/2016\/09\/upload-8.12.12-770-300x225.jpg\" alt=\"upload 8.12.12 770\" width=\"300\" height=\"225\" srcset=\"http:\/\/fernwehkinder.de\/wp-content\/uploads\/2016\/09\/upload-8.12.12-770-300x225.jpg 300w, http:\/\/fernwehkinder.de\/wp-content\/uploads\/2016\/09\/upload-8.12.12-770-768x576.jpg 768w, http:\/\/fernwehkinder.de\/wp-content\/uploads\/2016\/09\/upload-8.12.12-770-1024x768.jpg 1024w\" sizes=\"auto, (max-width: 300px) 100vw, 300px\" \/><figcaption id=\"caption-attachment-972\" class=\"wp-caption-text\">Schnee und Regen perlen prima ab<\/figcaption><\/figure>\n<p>&nbsp;<\/p>\n<p>&nbsp;<\/p>\n<p>&nbsp;<\/p>\n<p>&nbsp;<\/p>\n<p>&nbsp;<\/p>\n<p>&nbsp;<\/p>\n<p>&nbsp;<\/p>\n<p>&nbsp;<\/p>\n<p>&nbsp;<\/p>\n<p>&nbsp;<\/p>\n<p>&nbsp;<\/p>\n<p>&nbsp;<\/p>\n<p>&nbsp;<\/p>\n<p>&nbsp;<\/p>\n<p>&nbsp;<\/p>\n<hr \/>\n<p>Mit je einem Schwangerschaftseinsatz und einem Trageeinsatz kostet die Jacke im online <a href=\"http:\/\/www.mamalila.de\/Softshelljacke-fuer-zwei_1\">Shop <\/a>regul\u00e4r 189 \u20ac<\/p>\n<hr \/>\n<p>Als Tragejacke verwende ich sie seit Fr\u00fchjahr 2012, zwischenzeitlich auch als &#8222;normale&#8220; Jacke und als Schwangerschaftsjacke.<\/p>\n<hr \/>\n<p>Stand: September\u00a02016<\/p>\n","protected":false},"excerpt":{"rendered":"<p>Auch mit Babybauch und Baby l\u00e4sst es sich prima wandern, wenn die Kleidung stimmt. Diesen Satz habe ich schon oft gesagt, meist im&#8230;<\/p>\n","protected":false},"author":1,"featured_media":0,"parent":498,"menu_order":0,"comment_status":"closed","ping_status":"closed","template":"","meta":{"jetpack_post_was_ever_published":false,"footnotes":""},"class_list":["post-968","page","type-page","status-publish","hentry"],"jetpack_sharing_enabled":true,"jetpack-related-posts":[],"jetpack_likes_enabled":true,"_links":{"self":[{"href":"http:\/\/fernwehkinder.de\/index.php?rest_route=\/wp\/v2\/pages\/968","targetHints":{"allow":["GET"]}}],"collection":[{"href":"http:\/\/fernwehkinder.de\/index.php?rest_route=\/wp\/v2\/pages"}],"about":[{"href":"http:\/\/fernwehkinder.de\/index.php?rest_route=\/wp\/v2\/types\/page"}],"author":[{"embeddable":true,"href":"http:\/\/fernwehkinder.de\/index.php?rest_route=\/wp\/v2\/users\/1"}],"replies":[{"embeddable":true,"href":"http:\/\/fernwehkinder.de\/index.php?rest_route=%2Fwp%2Fv2%2Fcomments&post=968"}],"version-history":[{"count":0,"href":"http:\/\/fernwehkinder.de\/index.php?rest_route=\/wp\/v2\/pages\/968\/revisions"}],"up":[{"embeddable":true,"href":"http:\/\/fernwehkinder.de\/index.php?rest_route=\/wp\/v2\/pages\/498"}],"wp:attachment":[{"href":"http:\/\/fernwehkinder.de\/index.php?rest_route=%2Fwp%2Fv2%2Fmedia&parent=968"}],"curies":[{"name":"wp","href":"https:\/\/api.w.org\/{rel}","templated":true}]}}

Mamalila Softshelljacke für zwei

<figure id="attachment_22" aria-describedby="caption-attachment-22" style="width: 300px" class="wp-caption alignleft"><img loading="lazy" decoding="async" class="size-medium wp-image-22" src="http://fernwehkinder.de/wp-content/uploads/2016/03/P3190468-300x225.jpg" alt="OLYMPUS DIGITAL CAMERA" width="300" height="225" srcset="http://fernwehkinder.de/wp-content/uploads/2016/03/P3190468-300x225.jpg 300w, http://fernwehkinder.de/wp-content/uploads/2016/03/P3190468-768x576.jpg 768w, http://fernwehkinder.de/wp-content/uploads/2016/03/P3190468-1024x768.jpg 1024w, http://fernwehkinder.de/wp-content/uploads/2016/03/P3190468-1200x900.jpg 1200w" sizes="auto, (max-width: 300px) 100vw, 300px" /><figcaption id="caption-attachment-22" class="wp-caption-text">Tragejacke für drei im Winter</figcaption></figure>
<p>Auch mit Babybauch und Baby lässt es sich prima wandern, wenn die Kleidung stimmt. Diesen Satz habe ich schon oft gesagt, meist im Zusammenhang mit der <em>Tragejacke für Zwei</em> von <a href="http://www.mamalila.de/Softshelljacke-fuer-zwei_1"><em>Mamalila</em></a>.</p>
<p>Ich habe diese Jacke als Autorenexemplar vom Hersteller erhalten, wäre aber auch bereit gewesen, viel Geld dafür auszugeben. Denn sie ist sehr praktisch. Egal ob allein (ohne Einsatz), schwanger (mit Schwangerschaftseinsatz), zu zweit (mit Trageeinsatz wahlweise vorne oder hinten) oder gar zu dritt (mit Trageeinsätzen vorne und hinten) &#8211; ich habe sie sehr viel getragen und werde sie so lange tragen, bis sie vollkommen verschlissen ist.</p>
<p>Das kann aber noch dauern, denn sie ist auch nach vier Jahren noch sehr gut in Schuss. Von den schon bei Erhalt vorhandenen drei kleinen Löchern im Ärmel abgesehen ist noch nichts dran. Ob diese Fehler fertigungsbedingt sind oder für ein Gratisexemplar B-Ware genommen wurde oder es ein Versehen war, weiß ich nicht. Das tut meinem Loblied aber keinen Abbruch. Ich habe nach dieser Jacke noch zwei &#8222;normale&#8220; Softshelljacken gekauft, die aber trotz stolzen Preisen in der Qualität und im Tragekomfort längst nicht an die Mamalila heranreichen. Diese Jacke ist die einzige der drei, die einem normalen Regen standhält.</p>
<figure id="attachment_969" aria-describedby="caption-attachment-969" style="width: 300px" class="wp-caption alignleft"><img loading="lazy" decoding="async" class="wp-image-969 size-medium" src="http://fernwehkinder.de/wp-content/uploads/2016/09/20150409_104108-300x168.jpg" alt="20150409_104108" width="300" height="168" srcset="http://fernwehkinder.de/wp-content/uploads/2016/09/20150409_104108-300x168.jpg 300w, http://fernwehkinder.de/wp-content/uploads/2016/09/20150409_104108.jpg 330w" sizes="auto, (max-width: 300px) 100vw, 300px" /><figcaption id="caption-attachment-969" class="wp-caption-text">Da passt sogar ein Zwillingsbabybauch in der 36 SSW rein</figcaption></figure>
<figure id="attachment_970" aria-describedby="caption-attachment-970" style="width: 300px" class="wp-caption alignleft"><img loading="lazy" decoding="async" class="size-medium wp-image-970" src="http://fernwehkinder.de/wp-content/uploads/2016/09/PC010760-300x225.jpg" alt="OLYMPUS DIGITAL CAMERA" width="300" height="225" srcset="http://fernwehkinder.de/wp-content/uploads/2016/09/PC010760-300x225.jpg 300w, http://fernwehkinder.de/wp-content/uploads/2016/09/PC010760.jpg 330w" sizes="auto, (max-width: 300px) 100vw, 300px" /><figcaption id="caption-attachment-970" class="wp-caption-text">Kuscheln in der Toskana</figcaption></figure>
<figure id="attachment_971" aria-describedby="caption-attachment-971" style="width: 169px" class="wp-caption alignright"><img loading="lazy" decoding="async" class="wp-image-971 size-medium" src="http://fernwehkinder.de/wp-content/uploads/2016/09/Ingrid_22Woche_1von2-169x300.jpg" alt="Ingrid_22Woche_1von2" width="169" height="300" srcset="http://fernwehkinder.de/wp-content/uploads/2016/09/Ingrid_22Woche_1von2-169x300.jpg 169w, http://fernwehkinder.de/wp-content/uploads/2016/09/Ingrid_22Woche_1von2.jpg 300w" sizes="auto, (max-width: 169px) 100vw, 169px" /><figcaption id="caption-attachment-971" class="wp-caption-text">Perfektes Duo für alpines Wandern: Bondolino und Mamalila (Foto entstand einen Tag vor der Alpenüberquerung bei Orsières)</figcaption></figure>
<figure id="attachment_972" aria-describedby="caption-attachment-972" style="width: 300px" class="wp-caption alignleft"><img loading="lazy" decoding="async" class="wp-image-972 size-medium" src="http://fernwehkinder.de/wp-content/uploads/2016/09/upload-8.12.12-770-300x225.jpg" alt="upload 8.12.12 770" width="300" height="225" srcset="http://fernwehkinder.de/wp-content/uploads/2016/09/upload-8.12.12-770-300x225.jpg 300w, http://fernwehkinder.de/wp-content/uploads/2016/09/upload-8.12.12-770-768x576.jpg 768w, http://fernwehkinder.de/wp-content/uploads/2016/09/upload-8.12.12-770-1024x768.jpg 1024w" sizes="auto, (max-width: 300px) 100vw, 300px" /><figcaption id="caption-attachment-972" class="wp-caption-text">Schnee und Regen perlen prima ab</figcaption></figure>
<p>&nbsp;</p>
<p>&nbsp;</p>
<p>&nbsp;</p>
<p>&nbsp;</p>
<p>&nbsp;</p>
<p>&nbsp;</p>
<p>&nbsp;</p>
<p>&nbsp;</p>
<p>&nbsp;</p>
<p>&nbsp;</p>
<p>&nbsp;</p>
<p>&nbsp;</p>
<p>&nbsp;</p>
<p>&nbsp;</p>
<p>&nbsp;</p>
<hr />
<p>Mit je einem Schwangerschaftseinsatz und einem Trageeinsatz kostet die Jacke im online <a href="http://www.mamalila.de/Softshelljacke-fuer-zwei_1">Shop </a>regulär 189 €</p>
<hr />
<p>Als Tragejacke verwende ich sie seit Frühjahr 2012, zwischenzeitlich auch als &#8222;normale&#8220; Jacke und als Schwangerschaftsjacke.</p>
<hr />
<p>Stand: September 2016</p>

<p>Auch mit Babybauch und Baby lässt es sich prima wandern, wenn die Kleidung stimmt. Diesen Satz habe ich schon oft gesagt, meist im&#8230;</p>
