{"id":1109,"date":"2016-09-08T15:58:38","date_gmt":"2016-09-08T13:58:38","guid":{"rendered":"http:\/\/fernwehkinder.de\/?page_id=1109"},"modified":"2026-03-18T18:39:42","modified_gmt":"2026-03-18T17:39:42","slug":"jako-o-suedwester","status":"publish","type":"page","link":"https:\/\/fernwehkinder.de\/?page_id=1109","title":{"rendered":"Jako-o S\u00fcdwester"},"content":{"rendered":"<div class=\"wp-block-image\">\n<figure class=\"alignleft\"><img loading=\"lazy\" decoding=\"async\" width=\"300\" height=\"225\" src=\"http:\/\/fernwehkinder.de\/wp-content\/uploads\/2016\/07\/P7121120-300x225.jpg\" alt=\"OLYMPUS DIGITAL CAMERA\" class=\"wp-image-316\" srcset=\"https:\/\/fernwehkinder.de\/wp-content\/uploads\/2016\/07\/P7121120-300x225.jpg 300w, https:\/\/fernwehkinder.de\/wp-content\/uploads\/2016\/07\/P7121120-768x576.jpg 768w, https:\/\/fernwehkinder.de\/wp-content\/uploads\/2016\/07\/P7121120-1024x768.jpg 1024w\" sizes=\"auto, (max-width: 300px) 100vw, 300px\" \/><\/figure>\n<\/div>\n\n\n<p><\/p>\n\n\n\n<p>Wir Fernwehkinder haben eins gemeinsam: Wir m\u00f6gen keine Kapuzen. Erstaunlicherweise haben&nbsp;meine drei M\u00e4use aber \u00fcberhaupt kein Problem mit H\u00fcten und M\u00fctzen. Die L\u00f6sung liegt&nbsp;also auch bei Regen&nbsp;auf der Hand: Regenhut!<\/p>\n\n\n\n<p>Unsere Regenh\u00fcte sind von Jako-o. Wir haben drei St\u00fcck in den Farben Rot, Blau und Regenbogenfarben. Sie lassen sich mit einem Band unter dem Kinn befestigen und gehen daher auch bei Wind nicht fliegen. Sie halten sogar bei starkem Pladderregen dicht. Der Hut ist hinten so lang, dass abflie\u00dfender Regen nicht kalt in den Kragen l\u00e4uft, sondern auch dann auf der Regenjacke nach unten flie\u00dft, wenn man grade &#8218;mal nach unten schaut.<\/p>\n\n\n\n<p>Das Foto kennt ihr vielleicht schon: Nele trug den Hut bei der <a href=\"http:\/\/fernwehkinder.de\/?p=338\">Aprikosenernte <\/a>nach mehreren&nbsp;heftigen Regenschauern. Sie sa\u00df im Bondolino und blieb trocken, w\u00e4hrend ich vom Nachregen patschnass getropft wurde.<\/p>\n\n\n\n<hr class=\"wp-block-separator has-alpha-channel-opacity\"\/>\n\n\n\n<p>Ich habe&nbsp;diese H\u00fcte im Jako-o <a href=\"http:\/\/www.jako-o.de\/produkte-kindermode-maedchen-outdoor-und-matschkleidung-matschkleidung-kinder-suedwester--109158.html?query=s%C3%BCdwester&amp;url=6O5HqEATMN3TE7IvuMHjgjqrAW_PRO_2BnvZZYH8WsUYF1mU5OjcFl0Bin1ORcvnVCY64jccj4RElf5n1c_PRO_0A8Y41zM5eBIbqDICT0aAIeqCngdklevKhYqpMZQYfjqr6jU9StTHwg3PBIYRGbl_PRO_2B2QEcjorDbkeBO_PRO_0Atn4IZ7x_PRO_2FtJ6Xm35kvOj8P5Ps0F8GPXqZmNTY6Bq8tF5Mbv4eiJWxYAZuYJ1RWcq0R22dBWUxMFiv_PRO_0AFYlj9IVPHdG1fZe2WAv8goUTvZf44m07T8SjOAM5_PRO_2BMUnrpKYgzyYDEHFx2zILK89deGURQIRWA_PRO_3D_PRO_3D&amp;elementPos=0&amp;Xco=\">Shop <\/a>f\u00fcr 14,95 \u20ac gekauft bzw. ein Exemplar auf dem Flohmarkt f\u00fcr 7 \u20ac.<\/p>\n\n\n\n<hr class=\"wp-block-separator has-alpha-channel-opacity\"\/>\n\n\n\n<p>Zwei der drei H\u00fcte sind seit 2012 bei uns im Gebrauch, der dritte seit Mai 2016.<\/p>\n\n\n\n<hr class=\"wp-block-separator has-alpha-channel-opacity\"\/>\n\n\n\n<p>Stand: September&nbsp;2016<\/p>\n","protected":false},"excerpt":{"rendered":"<p>Wir Fernwehkinder haben eins gemeinsam: Wir m\u00f6gen keine Kapuzen. Erstaunlicherweise haben&nbsp;meine drei M\u00e4use aber \u00fcberhaupt kein Problem mit H\u00fcten und M\u00fctzen. Die L\u00f6sung&#8230;<\/p>\n","protected":false},"author":1,"featured_media":316,"parent":498,"menu_order":0,"comment_status":"closed","ping_status":"closed","template":"","meta":{"jetpack_post_was_ever_published":false,"footnotes":""},"class_list":["post-1109","page","type-page","status-publish","has-post-thumbnail","hentry"],"jetpack_sharing_enabled":true,"jetpack-related-posts":[],"jetpack_likes_enabled":true,"_links":{"self":[{"href":"https:\/\/fernwehkinder.de\/index.php?rest_route=\/wp\/v2\/pages\/1109","targetHints":{"allow":["GET"]}}],"collection":[{"href":"https:\/\/fernwehkinder.de\/index.php?rest_route=\/wp\/v2\/pages"}],"about":[{"href":"https:\/\/fernwehkinder.de\/index.php?rest_route=\/wp\/v2\/types\/page"}],"author":[{"embeddable":true,"href":"https:\/\/fernwehkinder.de\/index.php?rest_route=\/wp\/v2\/users\/1"}],"replies":[{"embeddable":true,"href":"https:\/\/fernwehkinder.de\/index.php?rest_route=%2Fwp%2Fv2%2Fcomments&post=1109"}],"version-history":[{"count":1,"href":"https:\/\/fernwehkinder.de\/index.php?rest_route=\/wp\/v2\/pages\/1109\/revisions"}],"predecessor-version":[{"id":11664,"href":"https:\/\/fernwehkinder.de\/index.php?rest_route=\/wp\/v2\/pages\/1109\/revisions\/11664"}],"up":[{"embeddable":true,"href":"https:\/\/fernwehkinder.de\/index.php?rest_route=\/wp\/v2\/pages\/498"}],"wp:featuredmedia":[{"embeddable":true,"href":"https:\/\/fernwehkinder.de\/index.php?rest_route=\/wp\/v2\/media\/316"}],"wp:attachment":[{"href":"https:\/\/fernwehkinder.de\/index.php?rest_route=%2Fwp%2Fv2%2Fmedia&parent=1109"}],"curies":[{"name":"wp","href":"https:\/\/api.w.org\/{rel}","templated":true}]}}

Jako-o Südwester

<div class="wp-block-image">
<figure class="alignleft"><img loading="lazy" decoding="async" width="300" height="225" src="http://fernwehkinder.de/wp-content/uploads/2016/07/P7121120-300x225.jpg" alt="OLYMPUS DIGITAL CAMERA" class="wp-image-316" srcset="https://fernwehkinder.de/wp-content/uploads/2016/07/P7121120-300x225.jpg 300w, https://fernwehkinder.de/wp-content/uploads/2016/07/P7121120-768x576.jpg 768w, https://fernwehkinder.de/wp-content/uploads/2016/07/P7121120-1024x768.jpg 1024w" sizes="auto, (max-width: 300px) 100vw, 300px" /></figure>
</div>


<p></p>



<p>Wir Fernwehkinder haben eins gemeinsam: Wir mögen keine Kapuzen. Erstaunlicherweise haben&nbsp;meine drei Mäuse aber überhaupt kein Problem mit Hüten und Mützen. Die Lösung liegt&nbsp;also auch bei Regen&nbsp;auf der Hand: Regenhut!</p>



<p>Unsere Regenhüte sind von Jako-o. Wir haben drei Stück in den Farben Rot, Blau und Regenbogenfarben. Sie lassen sich mit einem Band unter dem Kinn befestigen und gehen daher auch bei Wind nicht fliegen. Sie halten sogar bei starkem Pladderregen dicht. Der Hut ist hinten so lang, dass abfließender Regen nicht kalt in den Kragen läuft, sondern auch dann auf der Regenjacke nach unten fließt, wenn man grade &#8218;mal nach unten schaut.</p>



<p>Das Foto kennt ihr vielleicht schon: Nele trug den Hut bei der <a href="http://fernwehkinder.de/?p=338">Aprikosenernte </a>nach mehreren&nbsp;heftigen Regenschauern. Sie saß im Bondolino und blieb trocken, während ich vom Nachregen patschnass getropft wurde.</p>



<hr class="wp-block-separator has-alpha-channel-opacity"/>



<p>Ich habe&nbsp;diese Hüte im Jako-o <a href="http://www.jako-o.de/produkte-kindermode-maedchen-outdoor-und-matschkleidung-matschkleidung-kinder-suedwester--109158.html?query=s%C3%BCdwester&amp;url=6O5HqEATMN3TE7IvuMHjgjqrAW_PRO_2BnvZZYH8WsUYF1mU5OjcFl0Bin1ORcvnVCY64jccj4RElf5n1c_PRO_0A8Y41zM5eBIbqDICT0aAIeqCngdklevKhYqpMZQYfjqr6jU9StTHwg3PBIYRGbl_PRO_2B2QEcjorDbkeBO_PRO_0Atn4IZ7x_PRO_2FtJ6Xm35kvOj8P5Ps0F8GPXqZmNTY6Bq8tF5Mbv4eiJWxYAZuYJ1RWcq0R22dBWUxMFiv_PRO_0AFYlj9IVPHdG1fZe2WAv8goUTvZf44m07T8SjOAM5_PRO_2BMUnrpKYgzyYDEHFx2zILK89deGURQIRWA_PRO_3D_PRO_3D&amp;elementPos=0&amp;Xco=">Shop </a>für 14,95 € gekauft bzw. ein Exemplar auf dem Flohmarkt für 7 €.</p>



<hr class="wp-block-separator has-alpha-channel-opacity"/>



<p>Zwei der drei Hüte sind seit 2012 bei uns im Gebrauch, der dritte seit Mai 2016.</p>



<hr class="wp-block-separator has-alpha-channel-opacity"/>



<p>Stand: September&nbsp;2016</p>

<p>Wir Fernwehkinder haben eins gemeinsam: Wir mögen keine Kapuzen. Erstaunlicherweise haben&nbsp;meine drei Mäuse aber überhaupt kein Problem mit Hüten und Mützen. Die Lösung&#8230;</p>
