{"id":1115,"date":"2016-09-09T17:24:42","date_gmt":"2016-09-09T15:24:42","guid":{"rendered":"http:\/\/fernwehkinder.de\/?page_id=1115"},"modified":"2016-11-02T20:59:39","modified_gmt":"2016-11-02T19:59:39","slug":"jako-o-baby-longjohn","status":"publish","type":"page","link":"https:\/\/fernwehkinder.de\/?page_id=1115","title":{"rendered":"Jako-o Baby-Longjohn"},"content":{"rendered":"<figure id=\"attachment_1147\" aria-describedby=\"caption-attachment-1147\" style=\"width: 300px\" class=\"wp-caption alignleft\"><img loading=\"lazy\" decoding=\"async\" class=\"size-medium wp-image-1147\" src=\"http:\/\/fernwehkinder.de\/wp-content\/uploads\/2016\/09\/P5231634-300x225.jpg\" alt=\"OLYMPUS DIGITAL CAMERA\" width=\"300\" height=\"225\" \/><figcaption id=\"caption-attachment-1147\" class=\"wp-caption-text\">Longjohns:\u00a0ideale Kleidung f\u00fcr\u00a0Unfug<\/figcaption><\/figure>\n<p>Aus der Kategorie &#8222;saupraktisch f\u00fcr zuhause UND unterwegs&#8220;: die <em>Longjohn<\/em>s von <em>Jako-o<\/em>. Ich hatte damals\u00a0f\u00fcr Aurelia erst einen und nach einigen Wochen den zweiten gekauft, nun k\u00f6nnen die Zwillinge im Partnerlook laufen. Die fr\u00f6hlich-bunten Anz\u00fcge aus Baumwolle sind im Schritt kn\u00f6pfbar und bei uns st\u00e4ndig in Gebrauch.<\/p>\n<p>Im Winter als lange Unterw\u00e4sche unter dem Schneeanzug, den Rest des Jahres immer dann im Einsatz, wenn es gem\u00fctlich sein soll. Sie werden nach dem Baden angezogen, wenn nicht sicher ist, ob die Zwillinge auf dem Arm oder im bett einschlafen. Sie sind herrlich bequem bei langen Autofahrten. Sie waren Aurelias Lieblingskleidung in der Spielgruppe. \u00a0Bei der Zwillings-Kindergarten-Eingew\u00f6hnung waren sie schnell an- und ausgezogen, um den Erzieherinnen und den Minim\u00e4usen m\u00f6glichst entspannte erste Wickelsituationen zu erm\u00f6glichen. Wie das Foto zeigt, kann man damit auch ganz gro\u00dfen Quatsch machen, indem man sich zusammentut und Mamas Schreibtisch ausr\u00e4umt.<\/p>\n<p>Jako-o hat damit f\u00fcr uns\u00a0eine perfekte Mischung aus Hausanzug, Schlafanzug, Strampler, Winterunterw\u00e4sche und B\u00fcrokleidung entwickelt.<\/p>\n<hr \/>\n<p>In unserer Farbkombination sind sie nur noch SecondHand zu haben, im Online-<a href=\"http:\/\/www.jako-o.de\/produkte-baby-baby-mode-ab-gr-56-62-baby-bodys-baby-long-john--058848.html?query=longjohn&amp;url=6O5HqEATMN3TE7IvuMHjgjq0S0Lz8rtzFZSvS5lkjhpkhch_PRO_2F0Q_PRO_2BZiMV3_PRO_2FHNYP4QIMsetT0Za7DwO_PRO_0AtoM31YYcTY_PRO_2BlHIrS2apZT6qqn9U6FK70IP0COUxE8OyzmUxPzwX_PRO_2BhGHXOfFlW0_PRO_2B8AAcSgOeHtsNP_PRO_0AtjJIeqhI9MSmhVRG_PRO_2FLnRCrnOkA4rIl_PRO_2Bo2ID18RKt9AphXfsPyNTVRwVoaI4DAu_PRO_2BVZULPV0ILC1Xm_PRO_0AFJBv_PRO_2BLJuEsi1OJeKTAO_PRO_2Fz5AGrc_PRO_2FvtGMuTYnzeQl2rpMpu5DV3WnKTBeT2nqZbeY8Lbg_PRO_3D&amp;elementPos=272.72726681606844&amp;Xco=10\">Shop <\/a>von Jako-o gibt es drei neue sch\u00f6ne Muster zu je 19,95 \u20ac.\u00a0Diesen Preis habe ich f\u00fcr unsere auch gezahlt.<\/p>\n<hr \/>\n<p>Die Anz\u00fcge waren Anfang 2013 etwa 7 Monate im Dauergebrauch und jetzt wieder seit Juli 2016.<\/p>\n<hr \/>\n<p>Stand: September\u00a02016<\/p>\n","protected":false},"excerpt":{"rendered":"<p>Aus der Kategorie &#8222;saupraktisch f\u00fcr zuhause UND unterwegs&#8220;: die Longjohns von Jako-o. Ich hatte damals\u00a0f\u00fcr Aurelia erst einen und nach einigen Wochen den&#8230;<\/p>\n","protected":false},"author":1,"featured_media":1147,"parent":498,"menu_order":0,"comment_status":"closed","ping_status":"closed","template":"","meta":{"jetpack_post_was_ever_published":false,"footnotes":""},"class_list":["post-1115","page","type-page","status-publish","has-post-thumbnail","hentry"],"jetpack_sharing_enabled":true,"jetpack-related-posts":[],"jetpack_likes_enabled":true,"_links":{"self":[{"href":"https:\/\/fernwehkinder.de\/index.php?rest_route=\/wp\/v2\/pages\/1115","targetHints":{"allow":["GET"]}}],"collection":[{"href":"https:\/\/fernwehkinder.de\/index.php?rest_route=\/wp\/v2\/pages"}],"about":[{"href":"https:\/\/fernwehkinder.de\/index.php?rest_route=\/wp\/v2\/types\/page"}],"author":[{"embeddable":true,"href":"https:\/\/fernwehkinder.de\/index.php?rest_route=\/wp\/v2\/users\/1"}],"replies":[{"embeddable":true,"href":"https:\/\/fernwehkinder.de\/index.php?rest_route=%2Fwp%2Fv2%2Fcomments&post=1115"}],"version-history":[{"count":0,"href":"https:\/\/fernwehkinder.de\/index.php?rest_route=\/wp\/v2\/pages\/1115\/revisions"}],"up":[{"embeddable":true,"href":"https:\/\/fernwehkinder.de\/index.php?rest_route=\/wp\/v2\/pages\/498"}],"wp:featuredmedia":[{"embeddable":true,"href":"https:\/\/fernwehkinder.de\/index.php?rest_route=\/wp\/v2\/media\/1147"}],"wp:attachment":[{"href":"https:\/\/fernwehkinder.de\/index.php?rest_route=%2Fwp%2Fv2%2Fmedia&parent=1115"}],"curies":[{"name":"wp","href":"https:\/\/api.w.org\/{rel}","templated":true}]}}

<figure id="attachment_1147" aria-describedby="caption-attachment-1147" style="width: 300px" class="wp-caption alignleft"><img loading="lazy" decoding="async" class="size-medium wp-image-1147" src="http://fernwehkinder.de/wp-content/uploads/2016/09/P5231634-300x225.jpg" alt="OLYMPUS DIGITAL CAMERA" width="300" height="225" /><figcaption id="caption-attachment-1147" class="wp-caption-text">Longjohns: ideale Kleidung für Unfug</figcaption></figure>
<p>Aus der Kategorie &#8222;saupraktisch für zuhause UND unterwegs&#8220;: die <em>Longjohn</em>s von <em>Jako-o</em>. Ich hatte damals für Aurelia erst einen und nach einigen Wochen den zweiten gekauft, nun können die Zwillinge im Partnerlook laufen. Die fröhlich-bunten Anzüge aus Baumwolle sind im Schritt knöpfbar und bei uns ständig in Gebrauch.</p>
<p>Im Winter als lange Unterwäsche unter dem Schneeanzug, den Rest des Jahres immer dann im Einsatz, wenn es gemütlich sein soll. Sie werden nach dem Baden angezogen, wenn nicht sicher ist, ob die Zwillinge auf dem Arm oder im bett einschlafen. Sie sind herrlich bequem bei langen Autofahrten. Sie waren Aurelias Lieblingskleidung in der Spielgruppe.  Bei der Zwillings-Kindergarten-Eingewöhnung waren sie schnell an- und ausgezogen, um den Erzieherinnen und den Minimäusen möglichst entspannte erste Wickelsituationen zu ermöglichen. Wie das Foto zeigt, kann man damit auch ganz großen Quatsch machen, indem man sich zusammentut und Mamas Schreibtisch ausräumt.</p>
<p>Jako-o hat damit für uns eine perfekte Mischung aus Hausanzug, Schlafanzug, Strampler, Winterunterwäsche und Bürokleidung entwickelt.</p>
<hr />
<p>In unserer Farbkombination sind sie nur noch SecondHand zu haben, im Online-<a href="http://www.jako-o.de/produkte-baby-baby-mode-ab-gr-56-62-baby-bodys-baby-long-john--058848.html?query=longjohn&amp;url=6O5HqEATMN3TE7IvuMHjgjq0S0Lz8rtzFZSvS5lkjhpkhch_PRO_2F0Q_PRO_2BZiMV3_PRO_2FHNYP4QIMsetT0Za7DwO_PRO_0AtoM31YYcTY_PRO_2BlHIrS2apZT6qqn9U6FK70IP0COUxE8OyzmUxPzwX_PRO_2BhGHXOfFlW0_PRO_2B8AAcSgOeHtsNP_PRO_0AtjJIeqhI9MSmhVRG_PRO_2FLnRCrnOkA4rIl_PRO_2Bo2ID18RKt9AphXfsPyNTVRwVoaI4DAu_PRO_2BVZULPV0ILC1Xm_PRO_0AFJBv_PRO_2BLJuEsi1OJeKTAO_PRO_2Fz5AGrc_PRO_2FvtGMuTYnzeQl2rpMpu5DV3WnKTBeT2nqZbeY8Lbg_PRO_3D&amp;elementPos=272.72726681606844&amp;Xco=10">Shop </a>von Jako-o gibt es drei neue schöne Muster zu je 19,95 €. Diesen Preis habe ich für unsere auch gezahlt.</p>
<hr />
<p>Die Anzüge waren Anfang 2013 etwa 7 Monate im Dauergebrauch und jetzt wieder seit Juli 2016.</p>
<hr />
<p>Stand: September 2016</p>

<p>Aus der Kategorie &#8222;saupraktisch für zuhause UND unterwegs&#8220;: die Longjohns von Jako-o. Ich hatte damals für Aurelia erst einen und nach einigen Wochen den&#8230;</p>
