{"id":1229,"date":"2016-09-13T00:00:06","date_gmt":"2016-09-12T22:00:06","guid":{"rendered":"http:\/\/fernwehkinder.de\/?page_id=1229"},"modified":"2020-05-06T18:23:21","modified_gmt":"2020-05-06T16:23:21","slug":"mediakit","status":"publish","type":"page","link":"https:\/\/fernwehkinder.de\/?page_id=1229","title":{"rendered":"Mediakit"},"content":{"rendered":"<p>M\u00f6chten Sie wissen, wie ihre Region oder ihr Produkt auf mich als Reisebuchautorin und Bloggerin mit drei Kindern und Hund wirkt?<\/p>\n<p>Wahrscheinlich beantworten Sie diese Frage mit <em>ja<\/em>, sonst h\u00e4tten Sie bei <em>Kontakt<\/em> nicht auf <em>Mediakit<\/em> geklickt.<\/p>\n<p>Ein Mediakit als pdf habe ich (noch) nicht, aber eine \u00dcbersicht meiner bisherigen <a href=\"http:\/\/fernwehkinder.de\/?page_id=6237\">Kooperationen<\/a>. Das Blog ist noch jung und nicht auf Werbung ausgerichtet. Lachen Sie also gerne \u00fcber die kleinen Zahlen.<\/p>\n<p>Damit Sie aber wissen, mit wem Sie es zu tun haben, in aller K\u00fcrze:<\/p>\n<ul>\n<li><strong>Wir<\/strong>: Von Haus aus bin ich Juristin und Lebenszeitbeamtin. Seit 2000 schreibe ich in meiner freien Zeit Reisef\u00fchrer.\u00a0Meine mitreisenden T\u00f6chter sind 2011 und 2015 geboren.<img loading=\"lazy\" decoding=\"async\" class=\"size-medium wp-image-2171 alignright\" src=\"http:\/\/fernwehkinder.de\/wp-content\/uploads\/2017\/02\/0000-Autorenfoto-mit-zwei-Babytragen-auf-dem-Wochenmarkt-in-Alc\u00fadia-300x300.jpg\" alt=\"0000-autorenfoto-mit-zwei-babytragen-auf-dem-wochenmarkt-in-alcudia\" width=\"300\" height=\"300\" srcset=\"https:\/\/fernwehkinder.de\/wp-content\/uploads\/2017\/02\/0000-Autorenfoto-mit-zwei-Babytragen-auf-dem-Wochenmarkt-in-Alc\u00fadia-300x300.jpg 300w, https:\/\/fernwehkinder.de\/wp-content\/uploads\/2017\/02\/0000-Autorenfoto-mit-zwei-Babytragen-auf-dem-Wochenmarkt-in-Alc\u00fadia-150x150.jpg 150w, https:\/\/fernwehkinder.de\/wp-content\/uploads\/2017\/02\/0000-Autorenfoto-mit-zwei-Babytragen-auf-dem-Wochenmarkt-in-Alc\u00fadia-768x768.jpg 768w, https:\/\/fernwehkinder.de\/wp-content\/uploads\/2017\/02\/0000-Autorenfoto-mit-zwei-Babytragen-auf-dem-Wochenmarkt-in-Alc\u00fadia-1024x1024.jpg 1024w, https:\/\/fernwehkinder.de\/wp-content\/uploads\/2017\/02\/0000-Autorenfoto-mit-zwei-Babytragen-auf-dem-Wochenmarkt-in-Alc\u00fadia.jpg 1256w\" sizes=\"auto, (max-width: 300px) 100vw, 300px\" \/><\/li>\n<li><strong>Inhalt<\/strong>: Ich blogge \u00fcber den Alltag als Reisef\u00fchrerautorin mit drei kleinen Kindern, zuhause und unterwegs. Begonnen habe ich im Herbst 2014 mit einem <a href=\"https:\/\/www.kidsgo.de\/ein-unerwartetes-geschwisterchen\/schwangerschaft-tagebuch\/63\/1881\/\">Schwangerschaftstagebuch <\/a>bei kidsgo, das sich als <a href=\"https:\/\/www.kidsgo.de\/stehen-laufen-geburtstag\/baby-tagebuch\/alt\/65\/2325\/\">Babytagebuch <\/a>f\u00fcr die Zwillinge fortsetzte. Das Blog fernwehkinder.de ist quasi die Fortsetzung dieser Tageb\u00fccher, zum Gl\u00fcck\u00a0viel intensiver und freier in der Gestaltung.<\/li>\n<li><strong>Blog<\/strong>: Aktuell sind 548 Beitr\u00e4ge und 51 Seiten online, ich z\u00e4hle 1944 Kommentare. Meine Tagesh\u00f6chstleistung waren 9859 Aufrufe.<\/li>\n<li><strong>Statistiken<\/strong> \u00fcber Geschlecht und Herkunft meiner Leser f\u00fchre ich nicht. WordPress berichtet mir von 2000-29.000 Aufrufen pro Monat, diese Zahlen wurden von 299 &#8211; 17.487 Besuchern pro Monat erreicht. Laut WordPress suchen etwa 90 % meiner Besucher den Blog aus Deutschland auf, die restlichen 10 % verteilen sich auf die EU-Staaten, Schweiz, Kanada, Australien, Madagaskar, USA und Vereinigtes K\u00f6nigreich. (Weitere 38 L\u00e4nder tauchen zwar in der Statistik auf, aber einzelne Klicks aus Peru und Panama sagen ja nichts aus)<\/li>\n<li><strong>Follower<\/strong>:<br \/><a href=\"https:\/\/www.facebook.com\/ingrid.retterath\">Facebook privat<\/a> 65 Abonnenten und 469 Freunde (nur Menschen, die ich leibhaftig kenne),<br \/><a href=\"https:\/\/www.facebook.com\/von.Ingrid.Retterath.geschrieben\">Facebook Reisef\u00fchrer<\/a> 306 Follower<br \/><a href=\"https:\/\/www.instagram.com\/fernwehkinder\/\">Instagram<\/a> 206 Abonnenten<br \/>Blog 49 Follower &amp; 1473 Abonnenten<\/li>\n<li><strong>Kooperation<\/strong>: Mein Lebensunterhalt ist gesichert. Ich muss mit dem Blog also kein Geld verdienen. Weder nehme ich Werbebanner in die Seite auf noch schreibe ich Gef\u00e4lligkeitsberichte \u00fcber Ihr Produkt oder Ihre Dienstleistung.<\/li>\n<\/ul>\n<p><img loading=\"lazy\" decoding=\"async\" class=\"alignright wp-image-2173 size-medium\" src=\"http:\/\/fernwehkinder.de\/wp-content\/uploads\/2017\/02\/0000-Danke-Meine-liebste-recherchehelferin-e1490612353768-300x300.jpg\" alt=\"OLYMPUS DIGITAL CAMERA\" width=\"300\" height=\"300\" srcset=\"https:\/\/fernwehkinder.de\/wp-content\/uploads\/2017\/02\/0000-Danke-Meine-liebste-recherchehelferin-e1490612353768-300x300.jpg 300w, https:\/\/fernwehkinder.de\/wp-content\/uploads\/2017\/02\/0000-Danke-Meine-liebste-recherchehelferin-e1490612353768-150x150.jpg 150w, https:\/\/fernwehkinder.de\/wp-content\/uploads\/2017\/02\/0000-Danke-Meine-liebste-recherchehelferin-e1490612353768.jpg 666w\" sizes=\"auto, (max-width: 300px) 100vw, 300px\" \/>Wie Sie aus unserer <a href=\"http:\/\/fernwehkinder.de\/?page_id=498\">Ausr\u00fcstungsliste <\/a>entnehmen k\u00f6nnen, habe ich den Gro\u00dfteil meiner Ausr\u00fcstung\u00a0einfach im Laden gekauft. Andere Teile haben mir Hersteller lange vor Beginn dieses Blogs zu einem erm\u00e4\u00dfigten Preis oder kostenlos zur Verf\u00fcgung gestellt, damit ich das Produkt in unserem rauen Recherchealltag pr\u00fcfen kann und dazu eine R\u00fcckmeldung gebe. So will ich es auch in Zukunft halten.<\/p>\n<ul>\n<li><strong>Bloggerreisen<\/strong>: Sollen wir f\u00fcr Sie verreisen? Sollen wir dort Fotos machen und von unseren Erlebnissen unterwegs berichten? Dann machen Sie uns ein Angebot f\u00fcr ein sch\u00f6nes Reiseziel und bedenken Sie, das ein Ausflug nur an Wochenenden, eine l\u00e4ngere Reise nur in Aurelias Ferien m\u00f6glich ist. Bei Flugreisen ist meine Rechercheh\u00fcndin nicht dabei.<\/li>\n<li><strong>Produkttest<\/strong>: Sollen wir Ihr Produkt bei Wind &amp; Regen, Hitze &amp; Schnee, Matsch &amp; Staub testen? Sollen wir durch das Tragen Ihrer Kleidung andere Reisende vor Ort auf Ihre Marke aufmerksam machen? Haben Sie witzige Spiele, die wir ausprobieren sollen? Wollen Sie gerne in meinem Blog &#8211; und bei Interesse auch an anderer Stelle &#8211; \u00a0eine ehrliche Meinung lesen? Soll ich Ihr von mir positiv getestetes Produkt auch verlosen? Dann her damit! Aber nur dann. Ich schreibe \u00fcber ein schlechtes Produkt nicht positiv, nur weil ich es billiger oder kostenlos erhalten habe. Das hilft keinem.<\/li>\n<li><strong>Dienstleistung<\/strong>: Auch \u00fcber Dienstleistungen berichte ich so gerne wie ehrlich. Das Angebot muss allerdings auch zu uns und in unserem Alltag passen. Zu einer Schuhgesch\u00e4ft-Such-App oder einem Speeddating-Portal w\u00fcsste ich nichts zu schreiben&#8230;<\/li>\n<\/ul>\n<p>Immer noch Interesse? Dann nehmen Sie bitte mit mir Kontakt auf:<\/p>\n\n\n<p>Telefon           02233\/63126<br>Mobil              0172\/2111772<br>Mail                ingridretterath@web.de<br>Brieftaube     Hebbelstra\u00dfe 14, 50354 H\u00fcrth<\/p>\n\n\n\n<figure class=\"wp-block-gallery columns-3 is-cropped wp-block-gallery-1 is-layout-flex wp-block-gallery-is-layout-flex\"><ul class=\"blocks-gallery-grid\"><li class=\"blocks-gallery-item\"><figure><img loading=\"lazy\" decoding=\"async\" width=\"800\" height=\"600\" src=\"http:\/\/fernwehkinder.de\/wp-content\/uploads\/2020\/03\/Seite-145-Parcours-der-Sinne-Wasserspirale-2.jpg\" alt=\"\" data-id=\"7070\" data-full-url=\"http:\/\/fernwehkinder.de\/wp-content\/uploads\/2020\/03\/Seite-145-Parcours-der-Sinne-Wasserspirale-2.jpg\" data-link=\"http:\/\/fernwehkinder.de\/?attachment_id=7070\" class=\"wp-image-7070\" srcset=\"https:\/\/fernwehkinder.de\/wp-content\/uploads\/2020\/03\/Seite-145-Parcours-der-Sinne-Wasserspirale-2.jpg 800w, https:\/\/fernwehkinder.de\/wp-content\/uploads\/2020\/03\/Seite-145-Parcours-der-Sinne-Wasserspirale-2-300x225.jpg 300w, https:\/\/fernwehkinder.de\/wp-content\/uploads\/2020\/03\/Seite-145-Parcours-der-Sinne-Wasserspirale-2-768x576.jpg 768w\" sizes=\"auto, (max-width: 800px) 100vw, 800px\" \/><\/figure><\/li><li class=\"blocks-gallery-item\"><figure><img loading=\"lazy\" decoding=\"async\" width=\"768\" height=\"768\" src=\"http:\/\/fernwehkinder.de\/wp-content\/uploads\/2020\/03\/IMG_20190802_220228_284.jpg\" alt=\"\" data-id=\"7062\" data-full-url=\"http:\/\/fernwehkinder.de\/wp-content\/uploads\/2020\/03\/IMG_20190802_220228_284.jpg\" data-link=\"http:\/\/fernwehkinder.de\/?attachment_id=7062\" class=\"wp-image-7062\" srcset=\"https:\/\/fernwehkinder.de\/wp-content\/uploads\/2020\/03\/IMG_20190802_220228_284.jpg 768w, https:\/\/fernwehkinder.de\/wp-content\/uploads\/2020\/03\/IMG_20190802_220228_284-300x300.jpg 300w, https:\/\/fernwehkinder.de\/wp-content\/uploads\/2020\/03\/IMG_20190802_220228_284-200x200.jpg 200w, https:\/\/fernwehkinder.de\/wp-content\/uploads\/2020\/03\/IMG_20190802_220228_284-600x600.jpg 600w\" sizes=\"auto, (max-width: 768px) 100vw, 768px\" \/><\/figure><\/li><li class=\"blocks-gallery-item\"><figure><img loading=\"lazy\" decoding=\"async\" width=\"400\" height=\"600\" src=\"http:\/\/fernwehkinder.de\/wp-content\/uploads\/2019\/07\/DSC_0549.jpg\" alt=\"\" data-id=\"6598\" data-full-url=\"http:\/\/fernwehkinder.de\/wp-content\/uploads\/2019\/07\/DSC_0549.jpg\" data-link=\"http:\/\/fernwehkinder.de\/?attachment_id=6598\" class=\"wp-image-6598\" srcset=\"https:\/\/fernwehkinder.de\/wp-content\/uploads\/2019\/07\/DSC_0549.jpg 400w, https:\/\/fernwehkinder.de\/wp-content\/uploads\/2019\/07\/DSC_0549-200x300.jpg 200w\" sizes=\"auto, (max-width: 400px) 100vw, 400px\" \/><figcaption class=\"blocks-gallery-item__caption\">Gleich geht es los<\/figcaption><\/figure><\/li><li class=\"blocks-gallery-item\"><figure><img loading=\"lazy\" decoding=\"async\" width=\"800\" height=\"533\" src=\"http:\/\/fernwehkinder.de\/wp-content\/uploads\/2020\/02\/DSC_0625.jpg\" alt=\"\" data-id=\"7008\" data-full-url=\"http:\/\/fernwehkinder.de\/wp-content\/uploads\/2020\/02\/DSC_0625.jpg\" data-link=\"http:\/\/fernwehkinder.de\/?attachment_id=7008\" class=\"wp-image-7008\" srcset=\"https:\/\/fernwehkinder.de\/wp-content\/uploads\/2020\/02\/DSC_0625.jpg 800w, https:\/\/fernwehkinder.de\/wp-content\/uploads\/2020\/02\/DSC_0625-300x200.jpg 300w, https:\/\/fernwehkinder.de\/wp-content\/uploads\/2020\/02\/DSC_0625-768x512.jpg 768w\" sizes=\"auto, (max-width: 800px) 100vw, 800px\" \/><\/figure><\/li><\/ul><\/figure>\n\n\n\n<p> Stand: April 2020 <\/p>\n","protected":false},"excerpt":{"rendered":"<p>M\u00f6chten Sie wissen, wie ihre Region oder ihr Produkt auf mich als Reisebuchautorin und Bloggerin mit drei Kindern und Hund wirkt? Wahrscheinlich beantworten&#8230;<\/p>\n","protected":false},"author":1,"featured_media":4557,"parent":2,"menu_order":0,"comment_status":"closed","ping_status":"closed","template":"","meta":{"jetpack_post_was_ever_published":false,"footnotes":""},"class_list":["post-1229","page","type-page","status-publish","has-post-thumbnail","hentry"],"jetpack_sharing_enabled":true,"jetpack-related-posts":[],"jetpack_likes_enabled":true,"_links":{"self":[{"href":"https:\/\/fernwehkinder.de\/index.php?rest_route=\/wp\/v2\/pages\/1229","targetHints":{"allow":["GET"]}}],"collection":[{"href":"https:\/\/fernwehkinder.de\/index.php?rest_route=\/wp\/v2\/pages"}],"about":[{"href":"https:\/\/fernwehkinder.de\/index.php?rest_route=\/wp\/v2\/types\/page"}],"author":[{"embeddable":true,"href":"https:\/\/fernwehkinder.de\/index.php?rest_route=\/wp\/v2\/users\/1"}],"replies":[{"embeddable":true,"href":"https:\/\/fernwehkinder.de\/index.php?rest_route=%2Fwp%2Fv2%2Fcomments&post=1229"}],"version-history":[{"count":10,"href":"https:\/\/fernwehkinder.de\/index.php?rest_route=\/wp\/v2\/pages\/1229\/revisions"}],"predecessor-version":[{"id":7390,"href":"https:\/\/fernwehkinder.de\/index.php?rest_route=\/wp\/v2\/pages\/1229\/revisions\/7390"}],"up":[{"embeddable":true,"href":"https:\/\/fernwehkinder.de\/index.php?rest_route=\/wp\/v2\/pages\/2"}],"wp:featuredmedia":[{"embeddable":true,"href":"https:\/\/fernwehkinder.de\/index.php?rest_route=\/wp\/v2\/media\/4557"}],"wp:attachment":[{"href":"https:\/\/fernwehkinder.de\/index.php?rest_route=%2Fwp%2Fv2%2Fmedia&parent=1229"}],"curies":[{"name":"wp","href":"https:\/\/api.w.org\/{rel}","templated":true}]}}

<p>Möchten Sie wissen, wie ihre Region oder ihr Produkt auf mich als Reisebuchautorin und Bloggerin mit drei Kindern und Hund wirkt?</p>
<p>Wahrscheinlich beantworten Sie diese Frage mit <em>ja</em>, sonst hätten Sie bei <em>Kontakt</em> nicht auf <em>Mediakit</em> geklickt.</p>
<p>Ein Mediakit als pdf habe ich (noch) nicht, aber eine Übersicht meiner bisherigen <a href="http://fernwehkinder.de/?page_id=6237">Kooperationen</a>. Das Blog ist noch jung und nicht auf Werbung ausgerichtet. Lachen Sie also gerne über die kleinen Zahlen.</p>
<p>Damit Sie aber wissen, mit wem Sie es zu tun haben, in aller Kürze:</p>
<ul>
<li><strong>Wir</strong>: Von Haus aus bin ich Juristin und Lebenszeitbeamtin. Seit 2000 schreibe ich in meiner freien Zeit Reiseführer. Meine mitreisenden Töchter sind 2011 und 2015 geboren.<img loading="lazy" decoding="async" class="size-medium wp-image-2171 alignright" src="http://fernwehkinder.de/wp-content/uploads/2017/02/0000-Autorenfoto-mit-zwei-Babytragen-auf-dem-Wochenmarkt-in-Alcúdia-300x300.jpg" alt="0000-autorenfoto-mit-zwei-babytragen-auf-dem-wochenmarkt-in-alcudia" width="300" height="300" srcset="https://fernwehkinder.de/wp-content/uploads/2017/02/0000-Autorenfoto-mit-zwei-Babytragen-auf-dem-Wochenmarkt-in-Alcúdia-300x300.jpg 300w, https://fernwehkinder.de/wp-content/uploads/2017/02/0000-Autorenfoto-mit-zwei-Babytragen-auf-dem-Wochenmarkt-in-Alcúdia-150x150.jpg 150w, https://fernwehkinder.de/wp-content/uploads/2017/02/0000-Autorenfoto-mit-zwei-Babytragen-auf-dem-Wochenmarkt-in-Alcúdia-768x768.jpg 768w, https://fernwehkinder.de/wp-content/uploads/2017/02/0000-Autorenfoto-mit-zwei-Babytragen-auf-dem-Wochenmarkt-in-Alcúdia-1024x1024.jpg 1024w, https://fernwehkinder.de/wp-content/uploads/2017/02/0000-Autorenfoto-mit-zwei-Babytragen-auf-dem-Wochenmarkt-in-Alcúdia.jpg 1256w" sizes="auto, (max-width: 300px) 100vw, 300px" /></li>
<li><strong>Inhalt</strong>: Ich blogge über den Alltag als Reiseführerautorin mit drei kleinen Kindern, zuhause und unterwegs. Begonnen habe ich im Herbst 2014 mit einem <a href="https://www.kidsgo.de/ein-unerwartetes-geschwisterchen/schwangerschaft-tagebuch/63/1881/">Schwangerschaftstagebuch </a>bei kidsgo, das sich als <a href="https://www.kidsgo.de/stehen-laufen-geburtstag/baby-tagebuch/alt/65/2325/">Babytagebuch </a>für die Zwillinge fortsetzte. Das Blog fernwehkinder.de ist quasi die Fortsetzung dieser Tagebücher, zum Glück viel intensiver und freier in der Gestaltung.</li>
<li><strong>Blog</strong>: Aktuell sind 548 Beiträge und 51 Seiten online, ich zähle 1944 Kommentare. Meine Tageshöchstleistung waren 9859 Aufrufe.</li>
<li><strong>Statistiken</strong> über Geschlecht und Herkunft meiner Leser führe ich nicht. WordPress berichtet mir von 2000-29.000 Aufrufen pro Monat, diese Zahlen wurden von 299 &#8211; 17.487 Besuchern pro Monat erreicht. Laut WordPress suchen etwa 90 % meiner Besucher den Blog aus Deutschland auf, die restlichen 10 % verteilen sich auf die EU-Staaten, Schweiz, Kanada, Australien, Madagaskar, USA und Vereinigtes Königreich. (Weitere 38 Länder tauchen zwar in der Statistik auf, aber einzelne Klicks aus Peru und Panama sagen ja nichts aus)</li>
<li><strong>Follower</strong>:<br /><a href="https://www.facebook.com/ingrid.retterath">Facebook privat</a> 65 Abonnenten und 469 Freunde (nur Menschen, die ich leibhaftig kenne),<br /><a href="https://www.facebook.com/von.Ingrid.Retterath.geschrieben">Facebook Reiseführer</a> 306 Follower<br /><a href="https://www.instagram.com/fernwehkinder/">Instagram</a> 206 Abonnenten<br />Blog 49 Follower &amp; 1473 Abonnenten</li>
<li><strong>Kooperation</strong>: Mein Lebensunterhalt ist gesichert. Ich muss mit dem Blog also kein Geld verdienen. Weder nehme ich Werbebanner in die Seite auf noch schreibe ich Gefälligkeitsberichte über Ihr Produkt oder Ihre Dienstleistung.</li>
</ul>
<p><img loading="lazy" decoding="async" class="alignright wp-image-2173 size-medium" src="http://fernwehkinder.de/wp-content/uploads/2017/02/0000-Danke-Meine-liebste-recherchehelferin-e1490612353768-300x300.jpg" alt="OLYMPUS DIGITAL CAMERA" width="300" height="300" srcset="https://fernwehkinder.de/wp-content/uploads/2017/02/0000-Danke-Meine-liebste-recherchehelferin-e1490612353768-300x300.jpg 300w, https://fernwehkinder.de/wp-content/uploads/2017/02/0000-Danke-Meine-liebste-recherchehelferin-e1490612353768-150x150.jpg 150w, https://fernwehkinder.de/wp-content/uploads/2017/02/0000-Danke-Meine-liebste-recherchehelferin-e1490612353768.jpg 666w" sizes="auto, (max-width: 300px) 100vw, 300px" />Wie Sie aus unserer <a href="http://fernwehkinder.de/?page_id=498">Ausrüstungsliste </a>entnehmen können, habe ich den Großteil meiner Ausrüstung einfach im Laden gekauft. Andere Teile haben mir Hersteller lange vor Beginn dieses Blogs zu einem ermäßigten Preis oder kostenlos zur Verfügung gestellt, damit ich das Produkt in unserem rauen Recherchealltag prüfen kann und dazu eine Rückmeldung gebe. So will ich es auch in Zukunft halten.</p>
<ul>
<li><strong>Bloggerreisen</strong>: Sollen wir für Sie verreisen? Sollen wir dort Fotos machen und von unseren Erlebnissen unterwegs berichten? Dann machen Sie uns ein Angebot für ein schönes Reiseziel und bedenken Sie, das ein Ausflug nur an Wochenenden, eine längere Reise nur in Aurelias Ferien möglich ist. Bei Flugreisen ist meine Recherchehündin nicht dabei.</li>
<li><strong>Produkttest</strong>: Sollen wir Ihr Produkt bei Wind &amp; Regen, Hitze &amp; Schnee, Matsch &amp; Staub testen? Sollen wir durch das Tragen Ihrer Kleidung andere Reisende vor Ort auf Ihre Marke aufmerksam machen? Haben Sie witzige Spiele, die wir ausprobieren sollen? Wollen Sie gerne in meinem Blog &#8211; und bei Interesse auch an anderer Stelle &#8211;  eine ehrliche Meinung lesen? Soll ich Ihr von mir positiv getestetes Produkt auch verlosen? Dann her damit! Aber nur dann. Ich schreibe über ein schlechtes Produkt nicht positiv, nur weil ich es billiger oder kostenlos erhalten habe. Das hilft keinem.</li>
<li><strong>Dienstleistung</strong>: Auch über Dienstleistungen berichte ich so gerne wie ehrlich. Das Angebot muss allerdings auch zu uns und in unserem Alltag passen. Zu einer Schuhgeschäft-Such-App oder einem Speeddating-Portal wüsste ich nichts zu schreiben&#8230;</li>
</ul>
<p>Immer noch Interesse? Dann nehmen Sie bitte mit mir Kontakt auf:</p>


<p>Telefon           02233/63126<br>Mobil              0172/2111772<br>Mail                ingridretterath@web.de<br>Brieftaube     Hebbelstraße 14, 50354 Hürth</p>



<figure class="wp-block-gallery columns-3 is-cropped wp-block-gallery-1 is-layout-flex wp-block-gallery-is-layout-flex"><ul class="blocks-gallery-grid"><li class="blocks-gallery-item"><figure><img loading="lazy" decoding="async" width="800" height="600" src="http://fernwehkinder.de/wp-content/uploads/2020/03/Seite-145-Parcours-der-Sinne-Wasserspirale-2.jpg" alt="" data-id="7070" data-full-url="http://fernwehkinder.de/wp-content/uploads/2020/03/Seite-145-Parcours-der-Sinne-Wasserspirale-2.jpg" data-link="http://fernwehkinder.de/?attachment_id=7070" class="wp-image-7070" srcset="https://fernwehkinder.de/wp-content/uploads/2020/03/Seite-145-Parcours-der-Sinne-Wasserspirale-2.jpg 800w, https://fernwehkinder.de/wp-content/uploads/2020/03/Seite-145-Parcours-der-Sinne-Wasserspirale-2-300x225.jpg 300w, https://fernwehkinder.de/wp-content/uploads/2020/03/Seite-145-Parcours-der-Sinne-Wasserspirale-2-768x576.jpg 768w" sizes="auto, (max-width: 800px) 100vw, 800px" /></figure></li><li class="blocks-gallery-item"><figure><img loading="lazy" decoding="async" width="768" height="768" src="http://fernwehkinder.de/wp-content/uploads/2020/03/IMG_20190802_220228_284.jpg" alt="" data-id="7062" data-full-url="http://fernwehkinder.de/wp-content/uploads/2020/03/IMG_20190802_220228_284.jpg" data-link="http://fernwehkinder.de/?attachment_id=7062" class="wp-image-7062" srcset="https://fernwehkinder.de/wp-content/uploads/2020/03/IMG_20190802_220228_284.jpg 768w, https://fernwehkinder.de/wp-content/uploads/2020/03/IMG_20190802_220228_284-300x300.jpg 300w, https://fernwehkinder.de/wp-content/uploads/2020/03/IMG_20190802_220228_284-200x200.jpg 200w, https://fernwehkinder.de/wp-content/uploads/2020/03/IMG_20190802_220228_284-600x600.jpg 600w" sizes="auto, (max-width: 768px) 100vw, 768px" /></figure></li><li class="blocks-gallery-item"><figure><img loading="lazy" decoding="async" width="400" height="600" src="http://fernwehkinder.de/wp-content/uploads/2019/07/DSC_0549.jpg" alt="" data-id="6598" data-full-url="http://fernwehkinder.de/wp-content/uploads/2019/07/DSC_0549.jpg" data-link="http://fernwehkinder.de/?attachment_id=6598" class="wp-image-6598" srcset="https://fernwehkinder.de/wp-content/uploads/2019/07/DSC_0549.jpg 400w, https://fernwehkinder.de/wp-content/uploads/2019/07/DSC_0549-200x300.jpg 200w" sizes="auto, (max-width: 400px) 100vw, 400px" /><figcaption class="blocks-gallery-item__caption">Gleich geht es los</figcaption></figure></li><li class="blocks-gallery-item"><figure><img loading="lazy" decoding="async" width="800" height="533" src="http://fernwehkinder.de/wp-content/uploads/2020/02/DSC_0625.jpg" alt="" data-id="7008" data-full-url="http://fernwehkinder.de/wp-content/uploads/2020/02/DSC_0625.jpg" data-link="http://fernwehkinder.de/?attachment_id=7008" class="wp-image-7008" srcset="https://fernwehkinder.de/wp-content/uploads/2020/02/DSC_0625.jpg 800w, https://fernwehkinder.de/wp-content/uploads/2020/02/DSC_0625-300x200.jpg 300w, https://fernwehkinder.de/wp-content/uploads/2020/02/DSC_0625-768x512.jpg 768w" sizes="auto, (max-width: 800px) 100vw, 800px" /></figure></li></ul></figure>



<p> Stand: April 2020 </p>

<p>Möchten Sie wissen, wie ihre Region oder ihr Produkt auf mich als Reisebuchautorin und Bloggerin mit drei Kindern und Hund wirkt? Wahrscheinlich beantworten&#8230;</p>
