{"id":1685,"date":"2017-07-11T12:19:58","date_gmt":"2017-07-11T10:19:58","guid":{"rendered":"http:\/\/fernwehkinder.de\/?page_id=1685"},"modified":"2017-07-11T20:56:22","modified_gmt":"2017-07-11T18:56:22","slug":"maier-sports-funktionshose-t-zip-off-nata","status":"publish","type":"page","link":"https:\/\/fernwehkinder.de\/?page_id=1685","title":{"rendered":"Maier Sports Funktionshose T Zip Off Nata"},"content":{"rendered":"<figure id=\"attachment_2803\" aria-describedby=\"caption-attachment-2803\" style=\"width: 300px\" class=\"wp-caption alignleft\"><img loading=\"lazy\" decoding=\"async\" class=\"wp-image-2803 size-medium\" src=\"http:\/\/fernwehkinder.de\/wp-content\/uploads\/2017\/07\/PA071158-300x225.jpg\" alt=\"\" width=\"300\" height=\"225\" srcset=\"https:\/\/fernwehkinder.de\/wp-content\/uploads\/2017\/07\/PA071158-300x225.jpg 300w, https:\/\/fernwehkinder.de\/wp-content\/uploads\/2017\/07\/PA071158-768x576.jpg 768w, https:\/\/fernwehkinder.de\/wp-content\/uploads\/2017\/07\/PA071158.jpg 800w\" sizes=\"auto, (max-width: 300px) 100vw, 300px\" \/><figcaption id=\"caption-attachment-2803\" class=\"wp-caption-text\">Ton-in-Ton mit der Natur<\/figcaption><\/figure>\n<p>Nachdem ich mir die Maier Sports <a href=\"http:\/\/fernwehkinder.de\/?page_id=1103\">Lulaka <\/a>Hose auf der Tour Natur gekauft hatte, wusste ich, in welcher Art von Wanderhose ich mich wirklich wohl f\u00fchle. F\u00fcr die Recherchen auf Mallorca war mir aber eine Wohlf\u00fchlhose dann doch zu wenig. Also musste eine zweite ran, die \u00e4hnlich ist. So d\u00fcnn die Lulaka auch ist, in schwarz wird es mir darin manchmal warm, weil auch die Hosenbeine nur bis unters Knie gerollt werden k\u00f6nnen. Ich entschied mich f\u00fcr die Maier Sports T Zip Off Nata in Beige und bereue diese Wahl keine Sekunde.<\/p>\n<p>&#8222;T Zip&#8220; steht f\u00fcr einen Rei\u00dfverschluss in T-Form. Das bedeutet, die Hose wird nicht nur einmal rund um das Bein mit dem Rei\u00dfverschluss verl\u00e4ngert oder gek\u00fcrzt, sonder hat auch noch einen von oben nach unten verlaufenden Rei\u00dfverschluss. Das hat einen gro\u00dfen Vorteil: Ich muss beim Wechsel von langer Hose auf Shorts (oder anders herum) nicht die Wanderstiefel ausziehen! Gut durchdacht.<\/p>\n<p>Sie tr\u00e4gt sich auch im t\u00e4glichen Dauergebrauch super, ist leicht und luftig. Sie trocknet so schnell, dass ich sie nach jedem Wandertag kurz im Handwaschbecken durchwaschen konnte und sie schon nach dem Abendessen wieder trocken war. Am K\u00f6rper trocknet sie noch schneller, z.B. wenn ich beim \u00dcberqueren eines Wassergrabens zu kurz gesprungen war, ich meiner Wasserratte Nele in den Pool hinterher sprang, der neugierigen Cari ins Meer folgte oder beide sich so lange um ein volles Glas Apfelschorle stritten, bis es mir \u00fcber die Beine lief.<\/p>\n<figure id=\"attachment_2802\" aria-describedby=\"caption-attachment-2802\" style=\"width: 300px\" class=\"wp-caption alignright\"><img loading=\"lazy\" decoding=\"async\" class=\"wp-image-2802 size-medium\" src=\"http:\/\/fernwehkinder.de\/wp-content\/uploads\/2017\/07\/PA071121-300x225.jpg\" alt=\"\" width=\"300\" height=\"225\" srcset=\"https:\/\/fernwehkinder.de\/wp-content\/uploads\/2017\/07\/PA071121-300x225.jpg 300w, https:\/\/fernwehkinder.de\/wp-content\/uploads\/2017\/07\/PA071121-768x576.jpg 768w, https:\/\/fernwehkinder.de\/wp-content\/uploads\/2017\/07\/PA071121.jpg 800w\" sizes=\"auto, (max-width: 300px) 100vw, 300px\" \/><figcaption id=\"caption-attachment-2802\" class=\"wp-caption-text\">Da wird nichts besch\u00f6nigt<\/figcaption><\/figure>\n<p>Die Nata ist auch nach mehreren W\u00e4schen sehr leicht zipbar, d.h. in der L\u00e4nge zu ver\u00e4ndern. Die Rei\u00dfverschl\u00fcsse vergriesgnaddeln in der Waschmaschine nicht so, wie ich es von anderen Herstellern kenne. Sie ist zwar d\u00fcnn, aber robust genug, um auch auf rauem Fels sitzend nicht sofort L\u00f6chlein zu bilden.<\/p>\n<p>Nur \u00fcber zwei Aspekte bin ich unzufrieden: (1) Ich kann sie nicht mehr zippen, weil ich Schussel eines der Hosenbeine nicht mehr finde. (2) Coriander-Beige ist keine gute Farbe f\u00fcr mich, denn bei diesem Schnitt f\u00e4llt mein dicker Po sehr auf. Wer also auch so gebaut ist wie ich, sollte lieber eine gedecktere Farbe nehmen.<\/p>\n<p>Namens\u00e4nderung: Die Hose hei\u00dft inzwischen\u00a0<a href=\"https:\/\/maier-sports.com\/de\/damen\/hosen\/zipp_off_hosen\/t_zipp_off_hose_nata\/?color=269&amp;h=EUe2-u6N\">T-Zipp-off Hose Nata.\u00a0<\/a><\/p>\n<hr \/>\n<p>Sie kostet etwa 120 Euro. Der Hersteller selbst hat keinen online-Shop.<\/p>\n<hr \/>\n<p>Ich trage diese Hose seit September 2016. \u00a0Maier Sports hat sie mir kosten- und bedingungslos \u00fcberlassen.<\/p>\n<hr \/>\n<p>Stand: Juli 2017<\/p>\n","protected":false},"excerpt":{"rendered":"<p>Nachdem ich mir die Maier Sports Lulaka Hose auf der Tour Natur gekauft hatte, wusste ich, in welcher Art von Wanderhose ich mich&#8230;<\/p>\n","protected":false},"author":1,"featured_media":2802,"parent":498,"menu_order":0,"comment_status":"closed","ping_status":"closed","template":"","meta":{"jetpack_post_was_ever_published":false,"footnotes":""},"class_list":["post-1685","page","type-page","status-publish","has-post-thumbnail","hentry"],"jetpack_sharing_enabled":true,"jetpack-related-posts":[],"jetpack_likes_enabled":true,"_links":{"self":[{"href":"https:\/\/fernwehkinder.de\/index.php?rest_route=\/wp\/v2\/pages\/1685","targetHints":{"allow":["GET"]}}],"collection":[{"href":"https:\/\/fernwehkinder.de\/index.php?rest_route=\/wp\/v2\/pages"}],"about":[{"href":"https:\/\/fernwehkinder.de\/index.php?rest_route=\/wp\/v2\/types\/page"}],"author":[{"embeddable":true,"href":"https:\/\/fernwehkinder.de\/index.php?rest_route=\/wp\/v2\/users\/1"}],"replies":[{"embeddable":true,"href":"https:\/\/fernwehkinder.de\/index.php?rest_route=%2Fwp%2Fv2%2Fcomments&post=1685"}],"version-history":[{"count":0,"href":"https:\/\/fernwehkinder.de\/index.php?rest_route=\/wp\/v2\/pages\/1685\/revisions"}],"up":[{"embeddable":true,"href":"https:\/\/fernwehkinder.de\/index.php?rest_route=\/wp\/v2\/pages\/498"}],"wp:featuredmedia":[{"embeddable":true,"href":"https:\/\/fernwehkinder.de\/index.php?rest_route=\/wp\/v2\/media\/2802"}],"wp:attachment":[{"href":"https:\/\/fernwehkinder.de\/index.php?rest_route=%2Fwp%2Fv2%2Fmedia&parent=1685"}],"curies":[{"name":"wp","href":"https:\/\/api.w.org\/{rel}","templated":true}]}}

<figure id="attachment_2803" aria-describedby="caption-attachment-2803" style="width: 300px" class="wp-caption alignleft"><img loading="lazy" decoding="async" class="wp-image-2803 size-medium" src="http://fernwehkinder.de/wp-content/uploads/2017/07/PA071158-300x225.jpg" alt="" width="300" height="225" srcset="https://fernwehkinder.de/wp-content/uploads/2017/07/PA071158-300x225.jpg 300w, https://fernwehkinder.de/wp-content/uploads/2017/07/PA071158-768x576.jpg 768w, https://fernwehkinder.de/wp-content/uploads/2017/07/PA071158.jpg 800w" sizes="auto, (max-width: 300px) 100vw, 300px" /><figcaption id="caption-attachment-2803" class="wp-caption-text">Ton-in-Ton mit der Natur</figcaption></figure>
<p>Nachdem ich mir die Maier Sports <a href="http://fernwehkinder.de/?page_id=1103">Lulaka </a>Hose auf der Tour Natur gekauft hatte, wusste ich, in welcher Art von Wanderhose ich mich wirklich wohl fühle. Für die Recherchen auf Mallorca war mir aber eine Wohlfühlhose dann doch zu wenig. Also musste eine zweite ran, die ähnlich ist. So dünn die Lulaka auch ist, in schwarz wird es mir darin manchmal warm, weil auch die Hosenbeine nur bis unters Knie gerollt werden können. Ich entschied mich für die Maier Sports T Zip Off Nata in Beige und bereue diese Wahl keine Sekunde.</p>
<p>&#8222;T Zip&#8220; steht für einen Reißverschluss in T-Form. Das bedeutet, die Hose wird nicht nur einmal rund um das Bein mit dem Reißverschluss verlängert oder gekürzt, sonder hat auch noch einen von oben nach unten verlaufenden Reißverschluss. Das hat einen großen Vorteil: Ich muss beim Wechsel von langer Hose auf Shorts (oder anders herum) nicht die Wanderstiefel ausziehen! Gut durchdacht.</p>
<p>Sie trägt sich auch im täglichen Dauergebrauch super, ist leicht und luftig. Sie trocknet so schnell, dass ich sie nach jedem Wandertag kurz im Handwaschbecken durchwaschen konnte und sie schon nach dem Abendessen wieder trocken war. Am Körper trocknet sie noch schneller, z.B. wenn ich beim Überqueren eines Wassergrabens zu kurz gesprungen war, ich meiner Wasserratte Nele in den Pool hinterher sprang, der neugierigen Cari ins Meer folgte oder beide sich so lange um ein volles Glas Apfelschorle stritten, bis es mir über die Beine lief.</p>
<figure id="attachment_2802" aria-describedby="caption-attachment-2802" style="width: 300px" class="wp-caption alignright"><img loading="lazy" decoding="async" class="wp-image-2802 size-medium" src="http://fernwehkinder.de/wp-content/uploads/2017/07/PA071121-300x225.jpg" alt="" width="300" height="225" srcset="https://fernwehkinder.de/wp-content/uploads/2017/07/PA071121-300x225.jpg 300w, https://fernwehkinder.de/wp-content/uploads/2017/07/PA071121-768x576.jpg 768w, https://fernwehkinder.de/wp-content/uploads/2017/07/PA071121.jpg 800w" sizes="auto, (max-width: 300px) 100vw, 300px" /><figcaption id="caption-attachment-2802" class="wp-caption-text">Da wird nichts beschönigt</figcaption></figure>
<p>Die Nata ist auch nach mehreren Wäschen sehr leicht zipbar, d.h. in der Länge zu verändern. Die Reißverschlüsse vergriesgnaddeln in der Waschmaschine nicht so, wie ich es von anderen Herstellern kenne. Sie ist zwar dünn, aber robust genug, um auch auf rauem Fels sitzend nicht sofort Löchlein zu bilden.</p>
<p>Nur über zwei Aspekte bin ich unzufrieden: (1) Ich kann sie nicht mehr zippen, weil ich Schussel eines der Hosenbeine nicht mehr finde. (2) Coriander-Beige ist keine gute Farbe für mich, denn bei diesem Schnitt fällt mein dicker Po sehr auf. Wer also auch so gebaut ist wie ich, sollte lieber eine gedecktere Farbe nehmen.</p>
<p>Namensänderung: Die Hose heißt inzwischen <a href="https://maier-sports.com/de/damen/hosen/zipp_off_hosen/t_zipp_off_hose_nata/?color=269&amp;h=EUe2-u6N">T-Zipp-off Hose Nata. </a></p>
<hr />
<p>Sie kostet etwa 120 Euro. Der Hersteller selbst hat keinen online-Shop.</p>
<hr />
<p>Ich trage diese Hose seit September 2016.  Maier Sports hat sie mir kosten- und bedingungslos überlassen.</p>
<hr />
<p>Stand: Juli 2017</p>
