{"id":1761,"date":"2016-12-01T04:23:45","date_gmt":"2016-12-01T03:23:45","guid":{"rendered":"http:\/\/fernwehkinder.de\/?page_id=1761"},"modified":"2016-12-01T04:23:45","modified_gmt":"2016-12-01T03:23:45","slug":"waefo-kraxenponcho-backpack-und-beinlinge","status":"publish","type":"page","link":"https:\/\/fernwehkinder.de\/?page_id=1761","title":{"rendered":"W\u00e4fo Kraxenponcho Backpack und Beinlinge"},"content":{"rendered":"<p><img loading=\"lazy\" decoding=\"async\" class=\"size-medium wp-image-1053 alignleft\" src=\"http:\/\/fernwehkinder.de\/wp-content\/uploads\/2016\/09\/poncho-225x300.jpg\" alt=\"poncho\" width=\"225\" height=\"300\" srcset=\"https:\/\/fernwehkinder.de\/wp-content\/uploads\/2016\/09\/poncho-225x300.jpg 225w, https:\/\/fernwehkinder.de\/wp-content\/uploads\/2016\/09\/poncho.jpg 720w\" sizes=\"auto, (max-width: 225px) 100vw, 225px\" \/>Wir wandern bei jedem Wetter. Die Kinder sitzen entweder trocken in der <a href=\"http:\/\/fernwehkinder.de\/?page_id=1089\">Kinderkarre <\/a>bzw. im <a href=\"http:\/\/fernwehkinder.de\/?page_id=916\">Buggy<\/a>, oder sie tragen Matschanz\u00fcge. So etwas tolles gibt es f\u00fcr Erwachsene leider nicht. Bevor ich die Regenjacke von P\u00e1ramo hatte, habe ich einen Wanderschirm oder einen\u00a0Kraxenponcho mit\u00a0Beinlingen verwendet. F\u00fcr den Schirm darf es nicht zu windig sein, also blieb oft nur der Kraxenponcho.<\/p>\n<figure id=\"attachment_1054\" aria-describedby=\"caption-attachment-1054\" style=\"width: 300px\" class=\"wp-caption alignright\"><img loading=\"lazy\" decoding=\"async\" class=\"wp-image-1054 size-medium\" src=\"http:\/\/fernwehkinder.de\/wp-content\/uploads\/2016\/09\/Regenfoto-300x300.jpg\" alt=\"Regenfoto\" width=\"300\" height=\"300\" srcset=\"https:\/\/fernwehkinder.de\/wp-content\/uploads\/2016\/09\/Regenfoto-300x300.jpg 300w, https:\/\/fernwehkinder.de\/wp-content\/uploads\/2016\/09\/Regenfoto-150x150.jpg 150w, https:\/\/fernwehkinder.de\/wp-content\/uploads\/2016\/09\/Regenfoto.jpg 403w\" sizes=\"auto, (max-width: 300px) 100vw, 300px\" \/><figcaption id=\"caption-attachment-1054\" class=\"wp-caption-text\">Mit Tragling auf dem G\u00f6tterweg<\/figcaption><\/figure>\n<p>Eine Art Einmannzelt wird \u00fcber Rucksack und Wanderer gezogen, das Material h\u00e4lt selbst st\u00e4rksten Dauerregen ab. Wenn es ganz schlimm wird, halten\u00a0Beinlinge den Bereich des K\u00f6rpers trocken, die der Poncho nicht abdeckt. Das Material des\u00a0Kraxenponchos ist nicht atmungsaktiv, macht bei schwei\u00dftreibenden Wanderungen in warmem Regen Probleme. Dann n\u00e4mlich wird er trotz seines weiten Schnitts schnell zur Einmann-Sauna und ist innen nasser als au\u00dfen.<\/p>\n<p>Mit etwas Geschick l\u00e4sst sich der Poncho sogar mit Babytrage (mit eigenem Regencover) nutzen, ist daf\u00fcr aber nicht konstruiert.<\/p>\n<p>Unangenehm\u00a0bei Wind: er flattert zum Teil heftig und laut. Mir ist ein Exemplar bei einer Winterwanderung auf dem Eifelsteig durch eine heftige B\u00f6e weg geweht worden, als ich es grade anziehen wollte. Dusseligerweise genau in einen nur halb zugefrorenen gro\u00dfen T\u00fcmpel. Wie gut, dass ich Stammkundin bei Globetrotter bin und diese mir nach meinem telefonischen Hilferuf ein neues Exemplar in die n\u00e4chste Unterkunft schickten.<\/p>\n<hr \/>\n<p>Bei <a href=\"https:\/\/www.globetrotter.de\/shop\/waefo-kraxenponcho-backpack-113444-rot\/\">Globetrotter <\/a>kostet der Poncho knapp 68 Euro, die Beinlinge 23 Euro.<\/p>\n<hr \/>\n<p>Ich habe den Kraxenponcho erstmals 2002 gekauft, den Ersatz 2005) und bin mit der Verarbeitung sehr zufrieden.<\/p>\n<hr \/>\n<p>Stand: November 2016<\/p>\n","protected":false},"excerpt":{"rendered":"<p>Wir wandern bei jedem Wetter. Die Kinder sitzen entweder trocken in der Kinderkarre bzw. im Buggy, oder sie tragen Matschanz\u00fcge. So etwas tolles&#8230;<\/p>\n","protected":false},"author":1,"featured_media":0,"parent":498,"menu_order":0,"comment_status":"closed","ping_status":"closed","template":"","meta":{"jetpack_post_was_ever_published":false,"footnotes":""},"class_list":["post-1761","page","type-page","status-publish","hentry"],"jetpack_sharing_enabled":true,"jetpack-related-posts":[],"jetpack_likes_enabled":true,"_links":{"self":[{"href":"https:\/\/fernwehkinder.de\/index.php?rest_route=\/wp\/v2\/pages\/1761","targetHints":{"allow":["GET"]}}],"collection":[{"href":"https:\/\/fernwehkinder.de\/index.php?rest_route=\/wp\/v2\/pages"}],"about":[{"href":"https:\/\/fernwehkinder.de\/index.php?rest_route=\/wp\/v2\/types\/page"}],"author":[{"embeddable":true,"href":"https:\/\/fernwehkinder.de\/index.php?rest_route=\/wp\/v2\/users\/1"}],"replies":[{"embeddable":true,"href":"https:\/\/fernwehkinder.de\/index.php?rest_route=%2Fwp%2Fv2%2Fcomments&post=1761"}],"version-history":[{"count":0,"href":"https:\/\/fernwehkinder.de\/index.php?rest_route=\/wp\/v2\/pages\/1761\/revisions"}],"up":[{"embeddable":true,"href":"https:\/\/fernwehkinder.de\/index.php?rest_route=\/wp\/v2\/pages\/498"}],"wp:attachment":[{"href":"https:\/\/fernwehkinder.de\/index.php?rest_route=%2Fwp%2Fv2%2Fmedia&parent=1761"}],"curies":[{"name":"wp","href":"https:\/\/api.w.org\/{rel}","templated":true}]}}

Wäfo Kraxenponcho Backpack und Beinlinge

<p><img loading="lazy" decoding="async" class="size-medium wp-image-1053 alignleft" src="http://fernwehkinder.de/wp-content/uploads/2016/09/poncho-225x300.jpg" alt="poncho" width="225" height="300" srcset="https://fernwehkinder.de/wp-content/uploads/2016/09/poncho-225x300.jpg 225w, https://fernwehkinder.de/wp-content/uploads/2016/09/poncho.jpg 720w" sizes="auto, (max-width: 225px) 100vw, 225px" />Wir wandern bei jedem Wetter. Die Kinder sitzen entweder trocken in der <a href="http://fernwehkinder.de/?page_id=1089">Kinderkarre </a>bzw. im <a href="http://fernwehkinder.de/?page_id=916">Buggy</a>, oder sie tragen Matschanzüge. So etwas tolles gibt es für Erwachsene leider nicht. Bevor ich die Regenjacke von Páramo hatte, habe ich einen Wanderschirm oder einen Kraxenponcho mit Beinlingen verwendet. Für den Schirm darf es nicht zu windig sein, also blieb oft nur der Kraxenponcho.</p>
<figure id="attachment_1054" aria-describedby="caption-attachment-1054" style="width: 300px" class="wp-caption alignright"><img loading="lazy" decoding="async" class="wp-image-1054 size-medium" src="http://fernwehkinder.de/wp-content/uploads/2016/09/Regenfoto-300x300.jpg" alt="Regenfoto" width="300" height="300" srcset="https://fernwehkinder.de/wp-content/uploads/2016/09/Regenfoto-300x300.jpg 300w, https://fernwehkinder.de/wp-content/uploads/2016/09/Regenfoto-150x150.jpg 150w, https://fernwehkinder.de/wp-content/uploads/2016/09/Regenfoto.jpg 403w" sizes="auto, (max-width: 300px) 100vw, 300px" /><figcaption id="caption-attachment-1054" class="wp-caption-text">Mit Tragling auf dem Götterweg</figcaption></figure>
<p>Eine Art Einmannzelt wird über Rucksack und Wanderer gezogen, das Material hält selbst stärksten Dauerregen ab. Wenn es ganz schlimm wird, halten Beinlinge den Bereich des Körpers trocken, die der Poncho nicht abdeckt. Das Material des Kraxenponchos ist nicht atmungsaktiv, macht bei schweißtreibenden Wanderungen in warmem Regen Probleme. Dann nämlich wird er trotz seines weiten Schnitts schnell zur Einmann-Sauna und ist innen nasser als außen.</p>
<p>Mit etwas Geschick lässt sich der Poncho sogar mit Babytrage (mit eigenem Regencover) nutzen, ist dafür aber nicht konstruiert.</p>
<p>Unangenehm bei Wind: er flattert zum Teil heftig und laut. Mir ist ein Exemplar bei einer Winterwanderung auf dem Eifelsteig durch eine heftige Böe weg geweht worden, als ich es grade anziehen wollte. Dusseligerweise genau in einen nur halb zugefrorenen großen Tümpel. Wie gut, dass ich Stammkundin bei Globetrotter bin und diese mir nach meinem telefonischen Hilferuf ein neues Exemplar in die nächste Unterkunft schickten.</p>
<hr />
<p>Bei <a href="https://www.globetrotter.de/shop/waefo-kraxenponcho-backpack-113444-rot/">Globetrotter </a>kostet der Poncho knapp 68 Euro, die Beinlinge 23 Euro.</p>
<hr />
<p>Ich habe den Kraxenponcho erstmals 2002 gekauft, den Ersatz 2005) und bin mit der Verarbeitung sehr zufrieden.</p>
<hr />
<p>Stand: November 2016</p>

<p>Wir wandern bei jedem Wetter. Die Kinder sitzen entweder trocken in der Kinderkarre bzw. im Buggy, oder sie tragen Matschanzüge. So etwas tolles&#8230;</p>
