{"id":2,"date":"2016-02-03T04:08:41","date_gmt":"2016-02-03T04:08:41","guid":{"rendered":"http:\/\/wp442m.a10-52-158-154.qa.plesk.ru\/wordpress\/?page_id=2"},"modified":"2021-11-19T13:26:16","modified_gmt":"2021-11-19T12:26:16","slug":"sample-page","status":"publish","type":"page","link":"https:\/\/fernwehkinder.de\/?page_id=2","title":{"rendered":"Wir Fernwehkinder"},"content":{"rendered":"<figure style=\"width: 300px\" class=\"wp-caption alignright\"><img loading=\"lazy\" decoding=\"async\" class=\"size-medium wp-image-24\" src=\"http:\/\/fernwehkinder.de\/wp-content\/uploads\/2016\/03\/P8020313-300x225.jpg\" alt=\"OLYMPUS DIGITAL CAMERA\" width=\"300\" height=\"225\"><figcaption class=\"wp-caption-text\">Die Retteraths in Retterath 2015<\/figcaption><\/figure>\n<p>Wir&nbsp;sind Fernwehkinder.<\/p>\n<p>Meine drei T\u00f6chter Aurelia, Nele und Cari reisen genauso gerne wie ich. Und ich bin ebenso reiselustig wie meine Eltern und Gro\u00dfeltern.<\/p>\n<p>Fernweh ist ein Hauptaspekt unserer Pers\u00f6nlichkeit, deshalb schreibe ich Reisef\u00fchrer. Meine Mutter tourte jahrelang bis zu 28 Wochen als Begleiterin von Seniorenreisen durch Europa. Aurelia fragt fast jeden Morgen beim Aufwachen \u201eWohin fahren wir heute?\u201c.<\/p>\n<p>Ist es fr\u00fche Pr\u00e4gung, Erbmasse oder Zufall?<\/p>\n<p>Egal.<\/p>\n<p>&#8222;Et is, wie et is&#8220;, sagen wir Rheinl\u00e4nder.<\/p>\n<figure id=\"attachment_4419\" aria-describedby=\"caption-attachment-4419\" style=\"width: 300px\" class=\"wp-caption alignright\"><img loading=\"lazy\" decoding=\"async\" class=\"wp-image-4419 size-medium\" src=\"http:\/\/fernwehkinder.de\/wp-content\/uploads\/2018\/03\/Retterath-300x225.jpg\" alt=\"\" width=\"300\" height=\"225\" srcset=\"https:\/\/fernwehkinder.de\/wp-content\/uploads\/2018\/03\/Retterath-300x225.jpg 300w, https:\/\/fernwehkinder.de\/wp-content\/uploads\/2018\/03\/Retterath-768x575.jpg 768w, https:\/\/fernwehkinder.de\/wp-content\/uploads\/2018\/03\/Retterath.jpg 800w\" sizes=\"auto, (max-width: 300px) 100vw, 300px\" \/><figcaption id=\"caption-attachment-4419\" class=\"wp-caption-text\">Die Retteraths in Retterath 2017<\/figcaption><\/figure>\n<p>Mein Blog will euch auf einige Reisen mitnehmen.&nbsp;Nicht immer sind es weite Reisen, oft&nbsp;unspektakul\u00e4re Recherchetouren f\u00fcr einen meiner Reisef\u00fchrer, vielfach Berichte \u00fcber meinen Alltag und manchmal Gedankenreisen in die Vergangenheit.<\/p>\n<p>Liebe Gr\u00fc\u00dfe aus dem sonnigen Rheinland<\/p>\n<p>Eure Ingrid<\/p>\n<p><img loading=\"lazy\" decoding=\"async\" src=\"http:\/\/vg04.met.vgwort.de\/na\/55c44dd6edf34cdf99b4659bd572220c\" alt=\"\" width=\"1\" height=\"1\"><\/p>\n","protected":false},"excerpt":{"rendered":"<p>Wir&nbsp;sind Fernwehkinder. Meine drei T\u00f6chter Aurelia, Nele und Cari reisen genauso gerne wie ich. Und ich bin ebenso reiselustig wie meine Eltern und&#8230;<\/p>\n","protected":false},"author":1,"featured_media":4419,"parent":0,"menu_order":0,"comment_status":"open","ping_status":"open","template":"","meta":{"jetpack_post_was_ever_published":false,"footnotes":""},"class_list":["post-2","page","type-page","status-publish","has-post-thumbnail","hentry"],"jetpack_sharing_enabled":true,"jetpack-related-posts":[],"jetpack_likes_enabled":true,"_links":{"self":[{"href":"https:\/\/fernwehkinder.de\/index.php?rest_route=\/wp\/v2\/pages\/2","targetHints":{"allow":["GET"]}}],"collection":[{"href":"https:\/\/fernwehkinder.de\/index.php?rest_route=\/wp\/v2\/pages"}],"about":[{"href":"https:\/\/fernwehkinder.de\/index.php?rest_route=\/wp\/v2\/types\/page"}],"author":[{"embeddable":true,"href":"https:\/\/fernwehkinder.de\/index.php?rest_route=\/wp\/v2\/users\/1"}],"replies":[{"embeddable":true,"href":"https:\/\/fernwehkinder.de\/index.php?rest_route=%2Fwp%2Fv2%2Fcomments&post=2"}],"version-history":[{"count":1,"href":"https:\/\/fernwehkinder.de\/index.php?rest_route=\/wp\/v2\/pages\/2\/revisions"}],"predecessor-version":[{"id":10149,"href":"https:\/\/fernwehkinder.de\/index.php?rest_route=\/wp\/v2\/pages\/2\/revisions\/10149"}],"wp:featuredmedia":[{"embeddable":true,"href":"https:\/\/fernwehkinder.de\/index.php?rest_route=\/wp\/v2\/media\/4419"}],"wp:attachment":[{"href":"https:\/\/fernwehkinder.de\/index.php?rest_route=%2Fwp%2Fv2%2Fmedia&parent=2"}],"curies":[{"name":"wp","href":"https:\/\/api.w.org\/{rel}","templated":true}]}}

<figure style="width: 300px" class="wp-caption alignright"><img loading="lazy" decoding="async" class="size-medium wp-image-24" src="http://fernwehkinder.de/wp-content/uploads/2016/03/P8020313-300x225.jpg" alt="OLYMPUS DIGITAL CAMERA" width="300" height="225"><figcaption class="wp-caption-text">Die Retteraths in Retterath 2015</figcaption></figure>
<p>Wir&nbsp;sind Fernwehkinder.</p>
<p>Meine drei Töchter Aurelia, Nele und Cari reisen genauso gerne wie ich. Und ich bin ebenso reiselustig wie meine Eltern und Großeltern.</p>
<p>Fernweh ist ein Hauptaspekt unserer Persönlichkeit, deshalb schreibe ich Reiseführer. Meine Mutter tourte jahrelang bis zu 28 Wochen als Begleiterin von Seniorenreisen durch Europa. Aurelia fragt fast jeden Morgen beim Aufwachen „Wohin fahren wir heute?“.</p>
<p>Ist es frühe Prägung, Erbmasse oder Zufall?</p>
<p>Egal.</p>
<p>&#8222;Et is, wie et is&#8220;, sagen wir Rheinländer.</p>
<figure id="attachment_4419" aria-describedby="caption-attachment-4419" style="width: 300px" class="wp-caption alignright"><img loading="lazy" decoding="async" class="wp-image-4419 size-medium" src="http://fernwehkinder.de/wp-content/uploads/2018/03/Retterath-300x225.jpg" alt="" width="300" height="225" srcset="https://fernwehkinder.de/wp-content/uploads/2018/03/Retterath-300x225.jpg 300w, https://fernwehkinder.de/wp-content/uploads/2018/03/Retterath-768x575.jpg 768w, https://fernwehkinder.de/wp-content/uploads/2018/03/Retterath.jpg 800w" sizes="auto, (max-width: 300px) 100vw, 300px" /><figcaption id="caption-attachment-4419" class="wp-caption-text">Die Retteraths in Retterath 2017</figcaption></figure>
<p>Mein Blog will euch auf einige Reisen mitnehmen.&nbsp;Nicht immer sind es weite Reisen, oft&nbsp;unspektakuläre Recherchetouren für einen meiner Reiseführer, vielfach Berichte über meinen Alltag und manchmal Gedankenreisen in die Vergangenheit.</p>
<p>Liebe Grüße aus dem sonnigen Rheinland</p>
<p>Eure Ingrid</p>
<p><img loading="lazy" decoding="async" src="http://vg04.met.vgwort.de/na/55c44dd6edf34cdf99b4659bd572220c" alt="" width="1" height="1"></p>

<p>Wir&nbsp;sind Fernwehkinder. Meine drei Töchter Aurelia, Nele und Cari reisen genauso gerne wie ich. Und ich bin ebenso reiselustig wie meine Eltern und&#8230;</p>
