{"id":2144,"date":"2017-01-31T15:32:03","date_gmt":"2017-01-31T14:32:03","guid":{"rendered":"http:\/\/fernwehkinder.de\/?page_id=2144"},"modified":"2017-01-31T15:32:03","modified_gmt":"2017-01-31T14:32:03","slug":"komperdell-seamless-bonding-handschuhe","status":"publish","type":"page","link":"https:\/\/fernwehkinder.de\/?page_id=2144","title":{"rendered":"Komperdell Seamless Bonding Handschuhe"},"content":{"rendered":"<figure id=\"attachment_2140\" aria-describedby=\"caption-attachment-2140\" style=\"width: 300px\" class=\"wp-caption alignleft\"><img loading=\"lazy\" decoding=\"async\" class=\"size-medium wp-image-2140\" src=\"http:\/\/fernwehkinder.de\/wp-content\/uploads\/2017\/01\/PC190450-300x225.jpg\" alt=\"OLYMPUS DIGITAL CAMERA\" width=\"300\" height=\"225\" \/><figcaption id=\"caption-attachment-2140\" class=\"wp-caption-text\">Nur eine Spur zu gro\u00df<\/figcaption><\/figure>\n<p>Vor\u00a0ewigen Zeiten\u00a0hatte ich einen netten Kontakt zu einem Mitarbeiter von <a href=\"http:\/\/www.komperdell.com\/de\">Komperdell<\/a>. Eigentlich ging es in unserem Gespr\u00e4ch um Ski- und Wanderst\u00f6cke. Als ich ihm erz\u00e4hlte, dass ich meine Recherchetouren bei jedem Wetter und zu jeder Jahreszeit\u00a0mache, schenkte er mir spontan zwei Paar Handschuhe. Daf\u00fcr schickte ich ihm ein Jahr sp\u00e4ter einen ausf\u00fchrlichen Bericht \u00fcber meine Erfahrungen mit den Handschuhen. Das ist jetzt\u00a0zehn Jahre her und ich freue mich, meine immer noch andauernde Dankbarkeit dadurch zum Ausdruck zu bringen, dass ich euch die Handschuhe vorstelle.<\/p>\n<figure id=\"attachment_2139\" aria-describedby=\"caption-attachment-2139\" style=\"width: 225px\" class=\"wp-caption alignright\"><img loading=\"lazy\" decoding=\"async\" class=\"wp-image-2139 size-medium\" src=\"http:\/\/fernwehkinder.de\/wp-content\/uploads\/2017\/01\/PC190406-e1485870093830-225x300.jpg\" alt=\"OLYMPUS DIGITAL CAMERA\" width=\"225\" height=\"300\" \/><figcaption id=\"caption-attachment-2139\" class=\"wp-caption-text\">Halten sch\u00f6n warm<\/figcaption><\/figure>\n<p>Ich habe ein rotes d\u00fcnnes und ein schwarzes dickes Paar. Beide sind &#8222;seamless&#8220; gefertigt, d.h. wo keine Naht ist, kann auch kein Wasser durch eine Naht dringen. <a href=\"http:\/\/www.komperdell.com\/de\/history\/history.php\">Seamless Bonding <\/a>war 2007 eine Neuheit, was mir erst sp\u00e4ter bewusst wurde. F\u00fcr mich z\u00e4hlte nur eins: <strong>Nie mehr kalte und nasse H\u00e4nde bei Wanderungen oder Radtouren<\/strong>. Bei jeder Wanderung sind sie im Rucksack, bei jeder Radtour in der Fahrradtasche. Sie begleiten mit bei Hunderunden und Weihnachtsmarktbesuchen, haben schon Skitouren, Rodelnachmittage und Kanutouren mitgemacht.<\/p>\n<p>&nbsp;<\/p>\n<p>Bei den Regenwanderungen Ende Dezember 2016 auf Mallorca waren sie f\u00fcr mich die wichtigsten Ausr\u00fcstungsgegenst\u00e4nde \u00fcberhaupt. Denn Aurelia wandert zwar bei Regen lieber als in der Sonne, aber im Tramuntana-Gebirge war es zu dieser Zeit empfindlich kalt. Also lieh ich ihr meine Handschuhe und dem Spa\u00df einer Regenwanderung stand nichts mehr entgegen. Auf Passgenauigkeit kommt es dabei nicht einmal an.<\/p>\n<p><img loading=\"lazy\" decoding=\"async\" class=\"alignleft wp-image-2145 size-medium\" src=\"http:\/\/fernwehkinder.de\/wp-content\/uploads\/2017\/01\/PC200397-300x225.jpg\" alt=\"OLYMPUS DIGITAL CAMERA\" width=\"300\" height=\"225\" \/><\/p>\n<p>Bei meiner Alpen\u00fcberquerung im Oktober 2015 lieh ich sie einer franz\u00f6sischen Pilgerin, die ihre Wanderst\u00f6cke nicht mehr halten konnte, weil ihre H\u00e4nde zu kalt geworden waren. Sie bestellte sich gleich per Smartphone ein eigenes Paar in eines ihrer n\u00e4chsten Etappenziele.<\/p>\n<p>Nun sind die Handschuhe zehn Jahre als und zeigen jeweils zwischen Daumen und Zeigefinger erste Schwachpunkte. Ich werde also wohl nicht umhin kommen, mir neue zu beschaffen. Das ist aber keine Kritik, denn ich kenne keinen anderen Hersteller, dessen Handschuhe ein Jahrzehnt unter Dauerbeanspruchung in einem besseren Zustand \u00fcberstanden h\u00e4tten.<\/p>\n<p>\u00dcber die Jahre haben sich die Namen der Modelle ge\u00e4ndert.\u00a0Wenn ihr euch aber f\u00fcr ein Modell entscheidet, das im seamless-Verfahren gefertigt wurde, k\u00f6nnt ihr aus meiner Sicht nichts falsch machen.<\/p>\n<hr \/>\n<p>Die Handschuhe kosten je nach Modell und H\u00e4ndler zwischen 60 und 90 Euro.<\/p>\n<hr \/>\n<p>Ich habe meine zwei Paare 2007 als Geschenk vom Hersteller erhalten und trage sie immer noch.<\/p>\n<hr \/>\n<p>Stand: Januar 2017<\/p>\n","protected":false},"excerpt":{"rendered":"<p>Vor\u00a0ewigen Zeiten\u00a0hatte ich einen netten Kontakt zu einem Mitarbeiter von Komperdell. Eigentlich ging es in unserem Gespr\u00e4ch um Ski- und Wanderst\u00f6cke. Als ich&#8230;<\/p>\n","protected":false},"author":1,"featured_media":0,"parent":498,"menu_order":0,"comment_status":"closed","ping_status":"closed","template":"","meta":{"jetpack_post_was_ever_published":false,"footnotes":""},"class_list":["post-2144","page","type-page","status-publish","hentry"],"jetpack_sharing_enabled":true,"jetpack-related-posts":[],"jetpack_likes_enabled":true,"_links":{"self":[{"href":"https:\/\/fernwehkinder.de\/index.php?rest_route=\/wp\/v2\/pages\/2144","targetHints":{"allow":["GET"]}}],"collection":[{"href":"https:\/\/fernwehkinder.de\/index.php?rest_route=\/wp\/v2\/pages"}],"about":[{"href":"https:\/\/fernwehkinder.de\/index.php?rest_route=\/wp\/v2\/types\/page"}],"author":[{"embeddable":true,"href":"https:\/\/fernwehkinder.de\/index.php?rest_route=\/wp\/v2\/users\/1"}],"replies":[{"embeddable":true,"href":"https:\/\/fernwehkinder.de\/index.php?rest_route=%2Fwp%2Fv2%2Fcomments&post=2144"}],"version-history":[{"count":0,"href":"https:\/\/fernwehkinder.de\/index.php?rest_route=\/wp\/v2\/pages\/2144\/revisions"}],"up":[{"embeddable":true,"href":"https:\/\/fernwehkinder.de\/index.php?rest_route=\/wp\/v2\/pages\/498"}],"wp:attachment":[{"href":"https:\/\/fernwehkinder.de\/index.php?rest_route=%2Fwp%2Fv2%2Fmedia&parent=2144"}],"curies":[{"name":"wp","href":"https:\/\/api.w.org\/{rel}","templated":true}]}}

<figure id="attachment_2140" aria-describedby="caption-attachment-2140" style="width: 300px" class="wp-caption alignleft"><img loading="lazy" decoding="async" class="size-medium wp-image-2140" src="http://fernwehkinder.de/wp-content/uploads/2017/01/PC190450-300x225.jpg" alt="OLYMPUS DIGITAL CAMERA" width="300" height="225" /><figcaption id="caption-attachment-2140" class="wp-caption-text">Nur eine Spur zu groß</figcaption></figure>
<p>Vor ewigen Zeiten hatte ich einen netten Kontakt zu einem Mitarbeiter von <a href="http://www.komperdell.com/de">Komperdell</a>. Eigentlich ging es in unserem Gespräch um Ski- und Wanderstöcke. Als ich ihm erzählte, dass ich meine Recherchetouren bei jedem Wetter und zu jeder Jahreszeit mache, schenkte er mir spontan zwei Paar Handschuhe. Dafür schickte ich ihm ein Jahr später einen ausführlichen Bericht über meine Erfahrungen mit den Handschuhen. Das ist jetzt zehn Jahre her und ich freue mich, meine immer noch andauernde Dankbarkeit dadurch zum Ausdruck zu bringen, dass ich euch die Handschuhe vorstelle.</p>
<figure id="attachment_2139" aria-describedby="caption-attachment-2139" style="width: 225px" class="wp-caption alignright"><img loading="lazy" decoding="async" class="wp-image-2139 size-medium" src="http://fernwehkinder.de/wp-content/uploads/2017/01/PC190406-e1485870093830-225x300.jpg" alt="OLYMPUS DIGITAL CAMERA" width="225" height="300" /><figcaption id="caption-attachment-2139" class="wp-caption-text">Halten schön warm</figcaption></figure>
<p>Ich habe ein rotes dünnes und ein schwarzes dickes Paar. Beide sind &#8222;seamless&#8220; gefertigt, d.h. wo keine Naht ist, kann auch kein Wasser durch eine Naht dringen. <a href="http://www.komperdell.com/de/history/history.php">Seamless Bonding </a>war 2007 eine Neuheit, was mir erst später bewusst wurde. Für mich zählte nur eins: <strong>Nie mehr kalte und nasse Hände bei Wanderungen oder Radtouren</strong>. Bei jeder Wanderung sind sie im Rucksack, bei jeder Radtour in der Fahrradtasche. Sie begleiten mit bei Hunderunden und Weihnachtsmarktbesuchen, haben schon Skitouren, Rodelnachmittage und Kanutouren mitgemacht.</p>
<p>&nbsp;</p>
<p>Bei den Regenwanderungen Ende Dezember 2016 auf Mallorca waren sie für mich die wichtigsten Ausrüstungsgegenstände überhaupt. Denn Aurelia wandert zwar bei Regen lieber als in der Sonne, aber im Tramuntana-Gebirge war es zu dieser Zeit empfindlich kalt. Also lieh ich ihr meine Handschuhe und dem Spaß einer Regenwanderung stand nichts mehr entgegen. Auf Passgenauigkeit kommt es dabei nicht einmal an.</p>
<p><img loading="lazy" decoding="async" class="alignleft wp-image-2145 size-medium" src="http://fernwehkinder.de/wp-content/uploads/2017/01/PC200397-300x225.jpg" alt="OLYMPUS DIGITAL CAMERA" width="300" height="225" /></p>
<p>Bei meiner Alpenüberquerung im Oktober 2015 lieh ich sie einer französischen Pilgerin, die ihre Wanderstöcke nicht mehr halten konnte, weil ihre Hände zu kalt geworden waren. Sie bestellte sich gleich per Smartphone ein eigenes Paar in eines ihrer nächsten Etappenziele.</p>
<p>Nun sind die Handschuhe zehn Jahre als und zeigen jeweils zwischen Daumen und Zeigefinger erste Schwachpunkte. Ich werde also wohl nicht umhin kommen, mir neue zu beschaffen. Das ist aber keine Kritik, denn ich kenne keinen anderen Hersteller, dessen Handschuhe ein Jahrzehnt unter Dauerbeanspruchung in einem besseren Zustand überstanden hätten.</p>
<p>Über die Jahre haben sich die Namen der Modelle geändert. Wenn ihr euch aber für ein Modell entscheidet, das im seamless-Verfahren gefertigt wurde, könnt ihr aus meiner Sicht nichts falsch machen.</p>
<hr />
<p>Die Handschuhe kosten je nach Modell und Händler zwischen 60 und 90 Euro.</p>
<hr />
<p>Ich habe meine zwei Paare 2007 als Geschenk vom Hersteller erhalten und trage sie immer noch.</p>
<hr />
<p>Stand: Januar 2017</p>

<p>Vor ewigen Zeiten hatte ich einen netten Kontakt zu einem Mitarbeiter von Komperdell. Eigentlich ging es in unserem Gespräch um Ski- und Wanderstöcke. Als ich&#8230;</p>
