{"id":3334,"date":"2018-01-30T14:42:09","date_gmt":"2018-01-30T13:42:09","guid":{"rendered":"http:\/\/fernwehkinder.de\/?page_id=3334"},"modified":"2018-01-30T14:42:09","modified_gmt":"2018-01-30T13:42:09","slug":"hardware-profile-plus-trolley-l-und-s","status":"publish","type":"page","link":"https:\/\/fernwehkinder.de\/?page_id=3334","title":{"rendered":"Hardware Profile Plus Trolley L und S"},"content":{"rendered":"<p><img loading=\"lazy\" decoding=\"async\" class=\"size-medium wp-image-4350 alignleft\" src=\"http:\/\/fernwehkinder.de\/wp-content\/uploads\/2018\/01\/P6052558-300x225.jpg\" alt=\"\" width=\"300\" height=\"225\" srcset=\"https:\/\/fernwehkinder.de\/wp-content\/uploads\/2018\/01\/P6052558-300x225.jpg 300w, https:\/\/fernwehkinder.de\/wp-content\/uploads\/2018\/01\/P6052558-768x576.jpg 768w, https:\/\/fernwehkinder.de\/wp-content\/uploads\/2018\/01\/P6052558.jpg 800w\" sizes=\"auto, (max-width: 300px) 100vw, 300px\" \/>Beim Reisen mit Kindern ben\u00f6tige ich viel Gep\u00e4ck. Leider hielten\u00a0meine bisherigen Koffer den rauen Umgang auf den Flugh\u00e4fen nicht lange aus. Umso mehr freute ich mich \u00fcber das Angebot der Firma Hardware, zwei ihrer Produkte testen* zu d\u00fcrfen.<\/p>\n<p>Die Serie Profile Plus umfasst Hartschalenkoffer in unterschiedlichen Gr\u00f6\u00dfen. Ich entschied mich f\u00fcr den 99 l fassenden <a href=\"https:\/\/www.hardware-bags.de\/produkte\/profile-plus\/trolley-l-piece-c-4-rollen-617100\/#\">Trolley L<\/a> und den dazu passenden <a href=\"https:\/\/www.hardware-bags.de\/produkte\/profile-plus\/trolley-s-621001\/#\">Trolley S<\/a> mit 37 l Inhalt.<\/p>\n<p><img loading=\"lazy\" decoding=\"async\" class=\"size-medium wp-image-4351 alignright\" src=\"http:\/\/fernwehkinder.de\/wp-content\/uploads\/2018\/01\/P8285399-300x225.jpg\" alt=\"\" width=\"300\" height=\"225\" srcset=\"https:\/\/fernwehkinder.de\/wp-content\/uploads\/2018\/01\/P8285399-300x225.jpg 300w, https:\/\/fernwehkinder.de\/wp-content\/uploads\/2018\/01\/P8285399-768x576.jpg 768w, https:\/\/fernwehkinder.de\/wp-content\/uploads\/2018\/01\/P8285399.jpg 800w\" sizes=\"auto, (max-width: 300px) 100vw, 300px\" \/>Beim gro\u00dfen Koffer l\u00e4sst sich die Zugstange auf 1,20 m ausziehen, ich muss also endlich einmal beim Kofferziehen nicht krumm gehen. Der kleine Koffer hat Handgep\u00e4ckgr\u00f6\u00dfe und l\u00e4sst sich mit einer Schlaufe auf den Teleskopgriff des gro\u00dfen Koffers stecken. Es gibt Griffe jeweils an der Seite und oben, das erleichtert mir das Verstauen im Auto und auf den diversen K\u00a0\u00a0\u00a0offerwagen erheblich.<\/p>\n<p><img loading=\"lazy\" decoding=\"async\" class=\"size-medium wp-image-4352 alignleft\" src=\"http:\/\/fernwehkinder.de\/wp-content\/uploads\/2018\/01\/P8285334-300x225.jpg\" alt=\"\" width=\"300\" height=\"225\" srcset=\"https:\/\/fernwehkinder.de\/wp-content\/uploads\/2018\/01\/P8285334-300x225.jpg 300w, https:\/\/fernwehkinder.de\/wp-content\/uploads\/2018\/01\/P8285334-768x576.jpg 768w, https:\/\/fernwehkinder.de\/wp-content\/uploads\/2018\/01\/P8285334.jpg 800w\" sizes=\"auto, (max-width: 300px) 100vw, 300px\" \/>Die fr\u00f6hliche Farbe &#8222;applegreen&#8220; sticht auf jedem Kofferlaufband aus der Masse der grauen und schwarzen Koffer hervor.<\/p>\n<p><img loading=\"lazy\" decoding=\"async\" class=\"size-medium wp-image-4353 alignright\" src=\"http:\/\/fernwehkinder.de\/wp-content\/uploads\/2018\/01\/P8285355-300x225.jpg\" alt=\"\" width=\"300\" height=\"225\" srcset=\"https:\/\/fernwehkinder.de\/wp-content\/uploads\/2018\/01\/P8285355-300x225.jpg 300w, https:\/\/fernwehkinder.de\/wp-content\/uploads\/2018\/01\/P8285355-768x576.jpg 768w, https:\/\/fernwehkinder.de\/wp-content\/uploads\/2018\/01\/P8285355.jpg 800w\" sizes=\"auto, (max-width: 300px) 100vw, 300px\" \/>Wir benutzen Koffer aber nicht nur f\u00fcr die An- und Abreise. In unserem Urlaub auf Usedom packten wir ab dem zweiten Tag kurzerhand alle Handt\u00fccher, Wechselkleidung, Sandspielzeuge,&#8230; in die Koffer. Das ersparte uns das Schleppen von 4 Strandtaschen, aus denen die Kleinen auf dem Weg zum Strand am ersten Tag immer wieder alles\u00a0ausger\u00e4umt hatten. Am Strand erwiesen sie sich dann zudem als praktische Sitzgelegenheiten.\u00a0Wir hatten dabei auch keine Angst vor Sonnencremeflecken, denn die Innenfutter lassen sich heraus nehmen und waschen.<\/p>\n<p><img loading=\"lazy\" decoding=\"async\" class=\"size-medium wp-image-4150 alignleft\" src=\"http:\/\/fernwehkinder.de\/wp-content\/uploads\/2017\/12\/20171220_172301_resized-300x169.jpg\" alt=\"\" width=\"300\" height=\"169\" srcset=\"https:\/\/fernwehkinder.de\/wp-content\/uploads\/2017\/12\/20171220_172301_resized-300x169.jpg 300w, https:\/\/fernwehkinder.de\/wp-content\/uploads\/2017\/12\/20171220_172301_resized-768x432.jpg 768w, https:\/\/fernwehkinder.de\/wp-content\/uploads\/2017\/12\/20171220_172301_resized-1024x576.jpg 1024w, https:\/\/fernwehkinder.de\/wp-content\/uploads\/2017\/12\/20171220_172301_resized.jpg 1632w\" sizes=\"auto, (max-width: 300px) 100vw, 300px\" \/>Auch jetzt bei den beiden Winterreisen sind die Hardwarekoffer Dreh- und Angelpunkt unseres Gep\u00e4cks. Sie sind robust und die Rollen laufen auch auf Schneeresten mit Streugutsteinchen so gut, dass die Kinder sie geschoben bekommen.<\/p>\n<p>Wegen unserer Mutwilligkeit am Sandstrand und im Schnee werden die Koffer sicherlich nicht so lange halten wie bei anderen Benutzern. Aber wenn es eine gro\u00dfz\u00fcgige f\u00fcnfj\u00e4hrige Herstellergarantie gibt, wird die Verarbeitung auch sehr hochwertig sein.<\/p>\n<hr \/>\n<p>Der Trolley L kostet 189 \u20ac (UVP), der Trolley S liegt bei 149\u20ac. Es gibt aus dieser Serie auch noch einen Trolley M, einen Business-Trolley und ein Beautycase.<\/p>\n<hr \/>\n<p>Der Hersteller hat uns die Koffer im Rahmen einer Kooperation \u00fcberlassen.*<\/p>\n<hr \/>\n<p>Stand: Januar 2018<\/p>\n<p>*Meine Angaben sind aber davon nicht beeinflusst. Das ist meine ehrliche, unbeeinflusste und rein subjektive Meinung.<\/p>\n","protected":false},"excerpt":{"rendered":"<p>Beim Reisen mit Kindern ben\u00f6tige ich viel Gep\u00e4ck. Leider hielten\u00a0meine bisherigen Koffer den rauen Umgang auf den Flugh\u00e4fen nicht lange aus. Umso mehr&#8230;<\/p>\n","protected":false},"author":1,"featured_media":0,"parent":498,"menu_order":0,"comment_status":"closed","ping_status":"closed","template":"","meta":{"jetpack_post_was_ever_published":false,"footnotes":""},"class_list":["post-3334","page","type-page","status-publish","hentry"],"jetpack_sharing_enabled":true,"jetpack-related-posts":[],"jetpack_likes_enabled":true,"_links":{"self":[{"href":"https:\/\/fernwehkinder.de\/index.php?rest_route=\/wp\/v2\/pages\/3334","targetHints":{"allow":["GET"]}}],"collection":[{"href":"https:\/\/fernwehkinder.de\/index.php?rest_route=\/wp\/v2\/pages"}],"about":[{"href":"https:\/\/fernwehkinder.de\/index.php?rest_route=\/wp\/v2\/types\/page"}],"author":[{"embeddable":true,"href":"https:\/\/fernwehkinder.de\/index.php?rest_route=\/wp\/v2\/users\/1"}],"replies":[{"embeddable":true,"href":"https:\/\/fernwehkinder.de\/index.php?rest_route=%2Fwp%2Fv2%2Fcomments&post=3334"}],"version-history":[{"count":0,"href":"https:\/\/fernwehkinder.de\/index.php?rest_route=\/wp\/v2\/pages\/3334\/revisions"}],"up":[{"embeddable":true,"href":"https:\/\/fernwehkinder.de\/index.php?rest_route=\/wp\/v2\/pages\/498"}],"wp:attachment":[{"href":"https:\/\/fernwehkinder.de\/index.php?rest_route=%2Fwp%2Fv2%2Fmedia&parent=3334"}],"curies":[{"name":"wp","href":"https:\/\/api.w.org\/{rel}","templated":true}]}}

<p><img loading="lazy" decoding="async" class="size-medium wp-image-4350 alignleft" src="http://fernwehkinder.de/wp-content/uploads/2018/01/P6052558-300x225.jpg" alt="" width="300" height="225" srcset="https://fernwehkinder.de/wp-content/uploads/2018/01/P6052558-300x225.jpg 300w, https://fernwehkinder.de/wp-content/uploads/2018/01/P6052558-768x576.jpg 768w, https://fernwehkinder.de/wp-content/uploads/2018/01/P6052558.jpg 800w" sizes="auto, (max-width: 300px) 100vw, 300px" />Beim Reisen mit Kindern benötige ich viel Gepäck. Leider hielten meine bisherigen Koffer den rauen Umgang auf den Flughäfen nicht lange aus. Umso mehr freute ich mich über das Angebot der Firma Hardware, zwei ihrer Produkte testen* zu dürfen.</p>
<p>Die Serie Profile Plus umfasst Hartschalenkoffer in unterschiedlichen Größen. Ich entschied mich für den 99 l fassenden <a href="https://www.hardware-bags.de/produkte/profile-plus/trolley-l-piece-c-4-rollen-617100/#">Trolley L</a> und den dazu passenden <a href="https://www.hardware-bags.de/produkte/profile-plus/trolley-s-621001/#">Trolley S</a> mit 37 l Inhalt.</p>
<p><img loading="lazy" decoding="async" class="size-medium wp-image-4351 alignright" src="http://fernwehkinder.de/wp-content/uploads/2018/01/P8285399-300x225.jpg" alt="" width="300" height="225" srcset="https://fernwehkinder.de/wp-content/uploads/2018/01/P8285399-300x225.jpg 300w, https://fernwehkinder.de/wp-content/uploads/2018/01/P8285399-768x576.jpg 768w, https://fernwehkinder.de/wp-content/uploads/2018/01/P8285399.jpg 800w" sizes="auto, (max-width: 300px) 100vw, 300px" />Beim großen Koffer lässt sich die Zugstange auf 1,20 m ausziehen, ich muss also endlich einmal beim Kofferziehen nicht krumm gehen. Der kleine Koffer hat Handgepäckgröße und lässt sich mit einer Schlaufe auf den Teleskopgriff des großen Koffers stecken. Es gibt Griffe jeweils an der Seite und oben, das erleichtert mir das Verstauen im Auto und auf den diversen K   offerwagen erheblich.</p>
<p><img loading="lazy" decoding="async" class="size-medium wp-image-4352 alignleft" src="http://fernwehkinder.de/wp-content/uploads/2018/01/P8285334-300x225.jpg" alt="" width="300" height="225" srcset="https://fernwehkinder.de/wp-content/uploads/2018/01/P8285334-300x225.jpg 300w, https://fernwehkinder.de/wp-content/uploads/2018/01/P8285334-768x576.jpg 768w, https://fernwehkinder.de/wp-content/uploads/2018/01/P8285334.jpg 800w" sizes="auto, (max-width: 300px) 100vw, 300px" />Die fröhliche Farbe &#8222;applegreen&#8220; sticht auf jedem Kofferlaufband aus der Masse der grauen und schwarzen Koffer hervor.</p>
<p><img loading="lazy" decoding="async" class="size-medium wp-image-4353 alignright" src="http://fernwehkinder.de/wp-content/uploads/2018/01/P8285355-300x225.jpg" alt="" width="300" height="225" srcset="https://fernwehkinder.de/wp-content/uploads/2018/01/P8285355-300x225.jpg 300w, https://fernwehkinder.de/wp-content/uploads/2018/01/P8285355-768x576.jpg 768w, https://fernwehkinder.de/wp-content/uploads/2018/01/P8285355.jpg 800w" sizes="auto, (max-width: 300px) 100vw, 300px" />Wir benutzen Koffer aber nicht nur für die An- und Abreise. In unserem Urlaub auf Usedom packten wir ab dem zweiten Tag kurzerhand alle Handtücher, Wechselkleidung, Sandspielzeuge,&#8230; in die Koffer. Das ersparte uns das Schleppen von 4 Strandtaschen, aus denen die Kleinen auf dem Weg zum Strand am ersten Tag immer wieder alles ausgeräumt hatten. Am Strand erwiesen sie sich dann zudem als praktische Sitzgelegenheiten. Wir hatten dabei auch keine Angst vor Sonnencremeflecken, denn die Innenfutter lassen sich heraus nehmen und waschen.</p>
<p><img loading="lazy" decoding="async" class="size-medium wp-image-4150 alignleft" src="http://fernwehkinder.de/wp-content/uploads/2017/12/20171220_172301_resized-300x169.jpg" alt="" width="300" height="169" srcset="https://fernwehkinder.de/wp-content/uploads/2017/12/20171220_172301_resized-300x169.jpg 300w, https://fernwehkinder.de/wp-content/uploads/2017/12/20171220_172301_resized-768x432.jpg 768w, https://fernwehkinder.de/wp-content/uploads/2017/12/20171220_172301_resized-1024x576.jpg 1024w, https://fernwehkinder.de/wp-content/uploads/2017/12/20171220_172301_resized.jpg 1632w" sizes="auto, (max-width: 300px) 100vw, 300px" />Auch jetzt bei den beiden Winterreisen sind die Hardwarekoffer Dreh- und Angelpunkt unseres Gepäcks. Sie sind robust und die Rollen laufen auch auf Schneeresten mit Streugutsteinchen so gut, dass die Kinder sie geschoben bekommen.</p>
<p>Wegen unserer Mutwilligkeit am Sandstrand und im Schnee werden die Koffer sicherlich nicht so lange halten wie bei anderen Benutzern. Aber wenn es eine großzügige fünfjährige Herstellergarantie gibt, wird die Verarbeitung auch sehr hochwertig sein.</p>
<hr />
<p>Der Trolley L kostet 189 € (UVP), der Trolley S liegt bei 149€. Es gibt aus dieser Serie auch noch einen Trolley M, einen Business-Trolley und ein Beautycase.</p>
<hr />
<p>Der Hersteller hat uns die Koffer im Rahmen einer Kooperation überlassen.*</p>
<hr />
<p>Stand: Januar 2018</p>
<p>*Meine Angaben sind aber davon nicht beeinflusst. Das ist meine ehrliche, unbeeinflusste und rein subjektive Meinung.</p>

<p>Beim Reisen mit Kindern benötige ich viel Gepäck. Leider hielten meine bisherigen Koffer den rauen Umgang auf den Flughäfen nicht lange aus. Umso mehr&#8230;</p>
