{"id":4718,"date":"2018-05-06T22:49:01","date_gmt":"2018-05-06T20:49:01","guid":{"rendered":"http:\/\/fernwehkinder.de\/?page_id=4718"},"modified":"2019-03-02T19:09:48","modified_gmt":"2019-03-02T18:09:48","slug":"datenschutzerklaerung","status":"publish","type":"page","link":"https:\/\/fernwehkinder.de\/?page_id=4718","title":{"rendered":"Datenschutzerkl\u00e4rung"},"content":{"rendered":"<header class=\"entry-header\">\n<h3 class=\"entry-title\">Datenschutzerkl\u00e4rung von http:\/\/fernwehkinder.de<\/h3>\n<\/header>\n<div class=\"entry-content clearfix\">\n<p>Wir f\u00fchren unsere Weblogseiten nach den folgenden Grunds\u00e4tzen:<\/p>\n<h4>1.) Verpflichtung<\/h4>\n<p>Wir verpflichten uns, die gesetzlichen Bestimmungen zum Datenschutz einzuhalten und bem\u00fchen uns, stets die Grunds\u00e4tze der Datenvermeidung und der Datensparsamkeit zu ber\u00fccksichtigen.<\/p>\n<h4><strong>2.) Begriffserkl\u00e4rungen<\/strong><\/h4>\n<p>\u201ePersonenbezogene\u201c Daten liegen dann vor, wenn diese Einzelangaben \u00fcber pers\u00f6nliche oder sachliche Verh\u00e4ltnisse einer bestimmten oder bestimmbaren Person enthalten. Hierunter fallen insbesondere Name und Adresse sowie Mitgliedsname, Kennwort und IP-Adresse.<\/p>\n<p>Unter der \u201eErhebung\u201c von Daten versteht man das Beschaffen von Daten.<\/p>\n<p>\u201eVerarbeiten\u201c meint das Speichern, Ver\u00e4ndern, \u00dcbermitteln, Sperren und L\u00f6schen von Daten.<\/p>\n<p>Unter dem Begriff \u201eNutzung\u201c versteht man jede weitere Verwendung, die nicht unter Verarbeitung f\u00e4llt.<\/p>\n<h4><strong>3.) Name und Anschrift des Verantwortlichen\u00a0<\/strong><\/h4>\n<p>Der Verantwortliche im Sinne der Datenschutz-Grundverordnung und anderer nationaler Datenschutzgesetze der Mitgliedsstaaten sowie sonstiger datenschutzrechtlicher Bestimmungen ist:<\/p>\n<p>Ingrid Retterath<br \/>\nHebbelstra\u00dfe 14<br \/>\n50354 H\u00fcrth<br \/>\nTel.: +49 (0)2233 \u2013 63126<br \/>\nE-Mail:\u00a0ingridretterath@web.de<\/p>\n<h4><strong>4.) Erhebung und Speicherung von personenbezogenen Daten sowie deren Art und Zweck der Verwendung<\/strong><\/h4>\n<p><em>a) Beim Besuch der Website<\/em><\/p>\n<p>Beim Aufrufen unserer Website http:\/\/fernwehkinder.de werden durch den auf Ihrem Endger\u00e4t zum Einsatz kommenden Browser automatisch Informationen an den Server unserer Website gesendet. Diese Informationen werden tempor\u00e4r in einem sog. Logfile gespeichert. Folgende Informationen werden dabei ohne Ihr (und unser) Zutun erfasst und bis zur automatisierten L\u00f6schung gespeichert:<\/p>\n<ul>\n<li>IP-Adresse des anfragenden Rechners,<\/li>\n<li>Datum und Uhrzeit des Zugriffs,<\/li>\n<li>Name und URL der abgerufenen Datei,<\/li>\n<li>Website, von der aus der Zugriff erfolgt (Referrer-URL),<\/li>\n<li>verwendeter Browser und ggf. das Betriebssystem Ihres Rechners sowie der Name Ihres Access-Providers.<\/li>\n<\/ul>\n<p>Die genannten Daten werden durch uns zu folgenden Zwecken verarbeitet:<\/p>\n<ul>\n<li>Gew\u00e4hrleistung eines reibungslosen Verbindungsaufbaus der Website,<\/li>\n<li>Gew\u00e4hrleistung einer komfortablen Nutzung unserer Website,<\/li>\n<li>Auswertung der Systemsicherheit und -stabilit\u00e4t sowie<\/li>\n<li>zu weiteren administrativen Zwecken.<\/li>\n<\/ul>\n<p><em>b) <\/em> <em> Blog\u00a0<\/em><\/p>\n<p>Wenn Sie einen Blogbeitrag <em>kommentieren<\/em> m\u00f6chten, dann werden Ihr Name, Ihre E-Mail-Adresse sowie Ihre IP-Adresse erhoben und gespeichert.\u00a0Die Speicherung dieser Daten ist zu unserer Sicherheit notwendig, da wir f\u00fcr widerrechtliche Inhalte auf unserer Website belangt werden k\u00f6nnen.\u00a0Anderen Besuchern unserer Webseite werden bei Ihrem Kommentar das Datum des Kommentars sowie Ihr Name als Verfasser angezeigt. Die Mailanschrift ist nur f\u00fcr uns sichtbar.\u00a0 Ich habe noch nicht herausfinden k\u00f6nnen, wie ich Ihnen unter wordpress eine vollkommen anonyme Speicherung erm\u00f6glichen kann, wohl aber erlaube ich Ihnen, eine falsche Angabe zu machen, z.B. LieschenMueller@fernwehkinder.de.<\/p>\n<p>Wenn Sie bei einem Blogbeitrag auf &#8222;<em>gef\u00e4llt mir<\/em>&#8220; klicken und selbst eine wordpress-Seite betreiben, erscheint ihr Icon hinter dem &#8222;gef\u00e4llt mir&#8220;. Die zuk\u00fcnftigen Besucher dieser Seite sehen nun ihr Pseudonym, wenn sie mit dem Mauszeiger Ihr Icon ber\u00fchren und k\u00f6nnen durch das Anklicken des Icons zu Ihrem Gratavar gelangen.<\/p>\n<p><em>c) Abonnement<\/em><\/p>\n<p>Wir senden Ihnen nur dann eine Benachrichtigung \u00fcber neue Beitr\u00e4ge und\/oder neue Kommentare zu, wenn Sie dies ausdr\u00fccklich in dem Abo-Formular gew\u00fcnscht haben. Wir verwenden diese Einwilligung nicht \u00fcber die Abo-Info hinaus.<\/p>\n<p><em>d) Kontaktformular<\/em><\/p>\n<p>Wenn Sie uns \u00fcber das Kontaktformular der Homepage anschreiben, werden uns Ihre Angaben zu Name, Mailanschrift, Homepage, Anliegen und Fundweg \u00fcbermittelt, so weit sie dazu Angaben gemacht haben. Keines der Felder ist ein Pflichtfeld, die entsprechenden Fragen k\u00f6nnen entsprechend unbeantwortet bleiben. Werden uns Daten \u00fcber Sie durch Ihre Angaben im Kontaktformular bekannt, behandeln wir sie selbstverst\u00e4ndlich vertraulich geben sie nicht an Dritte weiter und l\u00f6schen sie, sobald sie f\u00fcr die weitere Bearbeitung Ihres Anliegens nicht mehr n\u00f6tig sind. Bei wiederholtem Kontakt m\u00fcssen Sie uns daher auch stets aufs Neue diejenigen Angaben machen, die Sie bei unserem Kontakt f\u00fcr notwendig erachten.<\/p>\n<p><strong>5.) Social Media<\/strong><\/p>\n<p>Auf unserer Website erm\u00f6glichen wir Ihnen, unsere Inhalte mit Teilen-Buttons an andere weiterzugeben.\u00a0Die Verantwortung f\u00fcr den datenschutzkonformen Betrieb ist durch Ihren jeweiligen Anbieter zu gew\u00e4hrleisten. Hierauf haben wir keinen Einfluss.<\/p>\n<p><strong>6.) <\/strong><strong> Gespeicherte Daten: Auskunft, L\u00f6schung, Sperre und Widerruf, Ansprechpartner<\/strong><\/p>\n<p>Wir speichern alle personenbezogenen Daten, die Sie uns \u00fcbermitteln, nur so lange, wie sie ben\u00f6tigt werden, um die Zwecke zu erf\u00fcllen, zu denen diese Daten \u00fcbermittelt wurden, oder solange dies von Gesetzes wegen vorgeschrieben ist.<\/p>\n<p><em>a) L\u00f6schung, Sperrung nach Beendigung der Nutzung<\/em><br \/>\nMit Beendigung der sonstigen Nutzung werden Ihre personenbezogenen Daten unmittelbar gel\u00f6scht, soweit sie zu einer weiteren Bearbeitung nicht mehr notwendig sind. An die Stelle der L\u00f6schung tritt eine Sperrung, wenn dieser eine gesetzliche, satzungsm\u00e4\u00dfige oder vertragliche Aufbewahrungsfristen entgegensteht.<\/p>\n<p><em>b) Widerruf der Einwilligung<\/em><br \/>\nSie k\u00f6nnen Ihre erteilte Einwilligung zur Erhebung und Verarbeitung der personenbezogenen Daten jederzeit mit Wirkung f\u00fcr die Zukunft widerrufen. Hierzu gen\u00fcgt die \u00dcbersendung einer Email an ingridretterath@web.de.<\/p>\n<p><em>c) Recht auf Auskunft, Berichtigung, Sperrung oder L\u00f6schung<\/em><br \/>\nNach dem Bundesdatenschutzgesetz haben Sie ein Recht auf unentgeltliche Auskunft \u00fcber die zu seiner Person gespeicherten Daten sowie ggf. ein Recht auf Berichtigung, Sperrung oder L\u00f6schung dieser Daten.<\/p>\n<p><strong>7.) \u00c4nderung der Datenschutzerkl\u00e4rung<\/strong><\/p>\n<p>Sollten wir diese Datenschutzerkl\u00e4rung \u00e4ndern, werden wir dies kenntlich machen.<\/p>\n<p><em>Stand: 6. Mai 2018<\/em><\/p>\n<\/div>\n","protected":false},"excerpt":{"rendered":"<p>Datenschutzerkl\u00e4rung von http:\/\/fernwehkinder.de Wir f\u00fchren unsere Weblogseiten nach den folgenden Grunds\u00e4tzen: 1.) Verpflichtung Wir verpflichten uns, die gesetzlichen Bestimmungen zum Datenschutz einzuhalten und&#8230;<\/p>\n","protected":false},"author":1,"featured_media":0,"parent":2,"menu_order":0,"comment_status":"closed","ping_status":"closed","template":"","meta":{"jetpack_post_was_ever_published":false,"footnotes":""},"class_list":["post-4718","page","type-page","status-publish","hentry"],"jetpack_sharing_enabled":true,"jetpack-related-posts":[],"jetpack_likes_enabled":true,"_links":{"self":[{"href":"https:\/\/fernwehkinder.de\/index.php?rest_route=\/wp\/v2\/pages\/4718","targetHints":{"allow":["GET"]}}],"collection":[{"href":"https:\/\/fernwehkinder.de\/index.php?rest_route=\/wp\/v2\/pages"}],"about":[{"href":"https:\/\/fernwehkinder.de\/index.php?rest_route=\/wp\/v2\/types\/page"}],"author":[{"embeddable":true,"href":"https:\/\/fernwehkinder.de\/index.php?rest_route=\/wp\/v2\/users\/1"}],"replies":[{"embeddable":true,"href":"https:\/\/fernwehkinder.de\/index.php?rest_route=%2Fwp%2Fv2%2Fcomments&post=4718"}],"version-history":[{"count":0,"href":"https:\/\/fernwehkinder.de\/index.php?rest_route=\/wp\/v2\/pages\/4718\/revisions"}],"up":[{"embeddable":true,"href":"https:\/\/fernwehkinder.de\/index.php?rest_route=\/wp\/v2\/pages\/2"}],"wp:attachment":[{"href":"https:\/\/fernwehkinder.de\/index.php?rest_route=%2Fwp%2Fv2%2Fmedia&parent=4718"}],"curies":[{"name":"wp","href":"https:\/\/api.w.org\/{rel}","templated":true}]}}

Datenschutzerklärung

<header class="entry-header">
<h3 class="entry-title">Datenschutzerklärung von http://fernwehkinder.de</h3>
</header>
<div class="entry-content clearfix">
<p>Wir führen unsere Weblogseiten nach den folgenden Grundsätzen:</p>
<h4>1.) Verpflichtung</h4>
<p>Wir verpflichten uns, die gesetzlichen Bestimmungen zum Datenschutz einzuhalten und bemühen uns, stets die Grundsätze der Datenvermeidung und der Datensparsamkeit zu berücksichtigen.</p>
<h4><strong>2.) Begriffserklärungen</strong></h4>
<p>„Personenbezogene“ Daten liegen dann vor, wenn diese Einzelangaben über persönliche oder sachliche Verhältnisse einer bestimmten oder bestimmbaren Person enthalten. Hierunter fallen insbesondere Name und Adresse sowie Mitgliedsname, Kennwort und IP-Adresse.</p>
<p>Unter der „Erhebung“ von Daten versteht man das Beschaffen von Daten.</p>
<p>„Verarbeiten“ meint das Speichern, Verändern, Übermitteln, Sperren und Löschen von Daten.</p>
<p>Unter dem Begriff „Nutzung“ versteht man jede weitere Verwendung, die nicht unter Verarbeitung fällt.</p>
<h4><strong>3.) Name und Anschrift des Verantwortlichen </strong></h4>
<p>Der Verantwortliche im Sinne der Datenschutz-Grundverordnung und anderer nationaler Datenschutzgesetze der Mitgliedsstaaten sowie sonstiger datenschutzrechtlicher Bestimmungen ist:</p>
<p>Ingrid Retterath<br />
Hebbelstraße 14<br />
50354 Hürth<br />
Tel.: +49 (0)2233 – 63126<br />
E-Mail: ingridretterath@web.de</p>
<h4><strong>4.) Erhebung und Speicherung von personenbezogenen Daten sowie deren Art und Zweck der Verwendung</strong></h4>
<p><em>a) Beim Besuch der Website</em></p>
<p>Beim Aufrufen unserer Website http://fernwehkinder.de werden durch den auf Ihrem Endgerät zum Einsatz kommenden Browser automatisch Informationen an den Server unserer Website gesendet. Diese Informationen werden temporär in einem sog. Logfile gespeichert. Folgende Informationen werden dabei ohne Ihr (und unser) Zutun erfasst und bis zur automatisierten Löschung gespeichert:</p>
<ul>
<li>IP-Adresse des anfragenden Rechners,</li>
<li>Datum und Uhrzeit des Zugriffs,</li>
<li>Name und URL der abgerufenen Datei,</li>
<li>Website, von der aus der Zugriff erfolgt (Referrer-URL),</li>
<li>verwendeter Browser und ggf. das Betriebssystem Ihres Rechners sowie der Name Ihres Access-Providers.</li>
</ul>
<p>Die genannten Daten werden durch uns zu folgenden Zwecken verarbeitet:</p>
<ul>
<li>Gewährleistung eines reibungslosen Verbindungsaufbaus der Website,</li>
<li>Gewährleistung einer komfortablen Nutzung unserer Website,</li>
<li>Auswertung der Systemsicherheit und -stabilität sowie</li>
<li>zu weiteren administrativen Zwecken.</li>
</ul>
<p><em>b) </em> <em> Blog </em></p>
<p>Wenn Sie einen Blogbeitrag <em>kommentieren</em> möchten, dann werden Ihr Name, Ihre E-Mail-Adresse sowie Ihre IP-Adresse erhoben und gespeichert. Die Speicherung dieser Daten ist zu unserer Sicherheit notwendig, da wir für widerrechtliche Inhalte auf unserer Website belangt werden können. Anderen Besuchern unserer Webseite werden bei Ihrem Kommentar das Datum des Kommentars sowie Ihr Name als Verfasser angezeigt. Die Mailanschrift ist nur für uns sichtbar.  Ich habe noch nicht herausfinden können, wie ich Ihnen unter wordpress eine vollkommen anonyme Speicherung ermöglichen kann, wohl aber erlaube ich Ihnen, eine falsche Angabe zu machen, z.B. LieschenMueller@fernwehkinder.de.</p>
<p>Wenn Sie bei einem Blogbeitrag auf &#8222;<em>gefällt mir</em>&#8220; klicken und selbst eine wordpress-Seite betreiben, erscheint ihr Icon hinter dem &#8222;gefällt mir&#8220;. Die zukünftigen Besucher dieser Seite sehen nun ihr Pseudonym, wenn sie mit dem Mauszeiger Ihr Icon berühren und können durch das Anklicken des Icons zu Ihrem Gratavar gelangen.</p>
<p><em>c) Abonnement</em></p>
<p>Wir senden Ihnen nur dann eine Benachrichtigung über neue Beiträge und/oder neue Kommentare zu, wenn Sie dies ausdrücklich in dem Abo-Formular gewünscht haben. Wir verwenden diese Einwilligung nicht über die Abo-Info hinaus.</p>
<p><em>d) Kontaktformular</em></p>
<p>Wenn Sie uns über das Kontaktformular der Homepage anschreiben, werden uns Ihre Angaben zu Name, Mailanschrift, Homepage, Anliegen und Fundweg übermittelt, so weit sie dazu Angaben gemacht haben. Keines der Felder ist ein Pflichtfeld, die entsprechenden Fragen können entsprechend unbeantwortet bleiben. Werden uns Daten über Sie durch Ihre Angaben im Kontaktformular bekannt, behandeln wir sie selbstverständlich vertraulich geben sie nicht an Dritte weiter und löschen sie, sobald sie für die weitere Bearbeitung Ihres Anliegens nicht mehr nötig sind. Bei wiederholtem Kontakt müssen Sie uns daher auch stets aufs Neue diejenigen Angaben machen, die Sie bei unserem Kontakt für notwendig erachten.</p>
<p><strong>5.) Social Media</strong></p>
<p>Auf unserer Website ermöglichen wir Ihnen, unsere Inhalte mit Teilen-Buttons an andere weiterzugeben. Die Verantwortung für den datenschutzkonformen Betrieb ist durch Ihren jeweiligen Anbieter zu gewährleisten. Hierauf haben wir keinen Einfluss.</p>
<p><strong>6.) </strong><strong> Gespeicherte Daten: Auskunft, Löschung, Sperre und Widerruf, Ansprechpartner</strong></p>
<p>Wir speichern alle personenbezogenen Daten, die Sie uns übermitteln, nur so lange, wie sie benötigt werden, um die Zwecke zu erfüllen, zu denen diese Daten übermittelt wurden, oder solange dies von Gesetzes wegen vorgeschrieben ist.</p>
<p><em>a) Löschung, Sperrung nach Beendigung der Nutzung</em><br />
Mit Beendigung der sonstigen Nutzung werden Ihre personenbezogenen Daten unmittelbar gelöscht, soweit sie zu einer weiteren Bearbeitung nicht mehr notwendig sind. An die Stelle der Löschung tritt eine Sperrung, wenn dieser eine gesetzliche, satzungsmäßige oder vertragliche Aufbewahrungsfristen entgegensteht.</p>
<p><em>b) Widerruf der Einwilligung</em><br />
Sie können Ihre erteilte Einwilligung zur Erhebung und Verarbeitung der personenbezogenen Daten jederzeit mit Wirkung für die Zukunft widerrufen. Hierzu genügt die Übersendung einer Email an ingridretterath@web.de.</p>
<p><em>c) Recht auf Auskunft, Berichtigung, Sperrung oder Löschung</em><br />
Nach dem Bundesdatenschutzgesetz haben Sie ein Recht auf unentgeltliche Auskunft über die zu seiner Person gespeicherten Daten sowie ggf. ein Recht auf Berichtigung, Sperrung oder Löschung dieser Daten.</p>
<p><strong>7.) Änderung der Datenschutzerklärung</strong></p>
<p>Sollten wir diese Datenschutzerklärung ändern, werden wir dies kenntlich machen.</p>
<p><em>Stand: 6. Mai 2018</em></p>
</div>

<p>Datenschutzerklärung von http://fernwehkinder.de Wir führen unsere Weblogseiten nach den folgenden Grundsätzen: 1.) Verpflichtung Wir verpflichten uns, die gesetzlichen Bestimmungen zum Datenschutz einzuhalten und&#8230;</p>
