{"id":498,"date":"2016-09-02T11:09:59","date_gmt":"2016-09-02T09:09:59","guid":{"rendered":"http:\/\/fernwehkinder.de\/?page_id=498"},"modified":"2020-08-01T11:32:00","modified_gmt":"2020-08-01T09:32:00","slug":"ausruestung","status":"publish","type":"page","link":"https:\/\/fernwehkinder.de\/?page_id=498","title":{"rendered":"Unsere Ausr\u00fcstung"},"content":{"rendered":"<p><img loading=\"lazy\" decoding=\"async\" class=\"size-medium wp-image-3194 alignright\" src=\"http:\/\/fernwehkinder.de\/wp-content\/uploads\/2016\/09\/0420-So-wird-der-Saufsack-bef\u00fcllt-300x225.jpg\" alt=\"\" width=\"300\" height=\"225\" srcset=\"https:\/\/fernwehkinder.de\/wp-content\/uploads\/2016\/09\/0420-So-wird-der-Saufsack-bef\u00fcllt-300x225.jpg 300w, https:\/\/fernwehkinder.de\/wp-content\/uploads\/2016\/09\/0420-So-wird-der-Saufsack-bef\u00fcllt-768x576.jpg 768w, https:\/\/fernwehkinder.de\/wp-content\/uploads\/2016\/09\/0420-So-wird-der-Saufsack-bef\u00fcllt.jpg 800w\" sizes=\"auto, (max-width: 300px) 100vw, 300px\" \/>Vieles habe ich schon auf unseren Recherchetouren ausprobiert.<\/p>\n<p>Manches war richtig gut, manches richtig schlecht, vieles so la la.<\/p>\n<p>Hiervon will ich so nach und nach auf dieser Seite und den entsprechenden Unterseiten berichten.&nbsp;Anfangs kann die &#8211; ohnehin unvollst\u00e4ndige &#8211; Aufz\u00e4hlung hier unten nur eine ToDo-Liste f\u00fcr mich sein. Aber ich will sie nach und nach mit Leben f\u00fcllen. Wenn ich eine Beschreibung vorziehen soll, sagt es mir bitte.<\/p>\n<p>Um dem <a href=\"http:\/\/www.outdoorbloggercodex.com\/\">Outdoor-Blogger-Codex<\/a> zu entsprechen, gebe ich selbstverst\u00e4ndlich immer an, ob ich den Gegenstand als Autorenexemplar, als Testerin oder als ganz normale K\u00e4uferin erhalten habe.<\/p>\n<p>1.) <strong>Meine Kleidung<\/strong>:<\/p>\n<figure id=\"attachment_2139\" aria-describedby=\"caption-attachment-2139\" style=\"width: 225px\" class=\"wp-caption alignright\"><img loading=\"lazy\" decoding=\"async\" class=\"wp-image-2139 size-medium\" src=\"http:\/\/fernwehkinder.de\/wp-content\/uploads\/2017\/01\/PC190406-e1485870093830-225x300.jpg\" alt=\"\" width=\"225\" height=\"300\"><figcaption id=\"caption-attachment-2139\" class=\"wp-caption-text\">Schirm und Handschuhe geh\u00f6ren eigentlich mir&#8230;<\/figcaption><\/figure>\n<ul>\n<li><a href=\"http:\/\/fernwehkinder.de\/?page_id=2144\">Handschuhe <\/a>von Komperdell, Rechercheexemplare&nbsp;&#x2665;&#x2665;&#x2665;<\/li>\n<li><a href=\"http:\/\/fernwehkinder.de\/?page_id=1103\">Hose <\/a>von Maier Sports, gekauft&nbsp;&#x2665;&#x2665;&#x2665;<\/li>\n<li>Hosen von Fj\u00e4llr\u00e4ven, gekauft&nbsp;&#x2665;&#x2665;<\/li>\n<li><a href=\"http:\/\/fernwehkinder.de\/?page_id=951\">Hose&nbsp;<\/a>von Bonprix, gekauft&nbsp;&#x2665;&#x2665;&#x2665;<\/li>\n<li>Hut von Jack Wolfskin, gekauft&nbsp;&#x2665;&#x2665;<\/li>\n<li><a href=\"http:\/\/fernwehkinder.de\/?page_id=847\">Jacke <\/a>von P\u00e1ramo, Markenbotschafterin&nbsp;&#x2665;&#x2665;<\/li>\n<li><a href=\"http:\/\/fernwehkinder.de\/?page_id=1761\">Regenponcho <\/a>und Beinlinge, gekauft&nbsp;&#x2665;&#x2665;&#x2665;<\/li>\n<li>Unterhosen FourSeasons von Globetrotter, gekauft&nbsp;&#x2665;&#x2665;&#x2665;<\/li>\n<li>Wandersandalen von Keen, gekauft&nbsp;&#x2665;&#x2665;&#x2665;<\/li>\n<li>Wandersandalen von Teva, gekauft&nbsp;&#x2665;&#x2665;&#x2665;<\/li>\n<li>Wanderschuhe von Hanwag, Rechercheexemplar&nbsp;&#x2665;<\/li>\n<li>Wanderschuhe von Lowa, gekauft&nbsp;&#x2665;<\/li>\n<li>Wanderschuhe von Salomon,&nbsp;gekauft&nbsp;&#x2665;&#x2665;&#x2665;<\/li>\n<li><a href=\"http:\/\/fernwehkinder.de\/?page_id=922\">Wandersocken <\/a>von Wrightsocks, gekauft und geschenkt&nbsp;&#x2665;&#x2665;&#x2665;<\/li>\n<li>Wandersocken von Falke, gekauft&nbsp;&#x2665;&#x2665;<\/li>\n<li><a href=\"http:\/\/fernwehkinder.de\/?page_id=1043\">Weste <\/a>von Columbia, gekauft&nbsp;&#x2665;&#x2665;&#x2665;&#x2665;&#x2665;&#x2665;&#x2665;&#x2665;&#x2665; (oh, meine Skala hat doch nur drei&nbsp;&#x2665;&#x2665;&#x2665;, sorry!)<\/li>\n<\/ul>\n<p>2.) <strong>Mausekleidung<\/strong>:<img loading=\"lazy\" decoding=\"async\" class=\"size-medium wp-image-3054 alignright\" src=\"http:\/\/fernwehkinder.de\/wp-content\/uploads\/2017\/07\/P7243804-e1500980550811-300x225.jpg\" alt=\"\" width=\"300\" height=\"225\" srcset=\"https:\/\/fernwehkinder.de\/wp-content\/uploads\/2017\/07\/P7243804-e1500980550811-300x225.jpg 300w, https:\/\/fernwehkinder.de\/wp-content\/uploads\/2017\/07\/P7243804-e1500980550811.jpg 600w\" sizes=\"auto, (max-width: 300px) 100vw, 300px\" \/><\/p>\n<ul>\n<li><a href=\"http:\/\/fernwehkinder.de\/?page_id=3390\">Gummistiefel <\/a>von Crocs, gekauft&nbsp;&#x2665;&#x2665;&#x2665;<\/li>\n<li>Hut von Jako-o, gekauft&nbsp;&nbsp;&#x2665;&#x2665;&#x2665;<\/li>\n<li><a href=\"http:\/\/fernwehkinder.de\/?page_id=1115\">Longjohns <\/a>von Jako-o, gekauft&nbsp;&nbsp;&#x2665;&#x2665;&#x2665;<\/li>\n<li><a href=\"http:\/\/fernwehkinder.de\/?page_id=1109\">Regenhut <\/a>von Jako-o, gekauft&nbsp;&#x2665;&#x2665;&#x2665;<\/li>\n<li>Schneeanzug von Jako-o, gekauft&nbsp;&#x2665;&#x2665;&#x2665;<\/li>\n<li>Wandersandalen von Keen, gekauft<\/li>\n<li><a href=\"http:\/\/fernwehkinder.de\/?page_id=1269\">Winteroveralls <\/a>von elkline, gekauft&nbsp;&#x2665;&#x2665;&#x2665;<\/li>\n<li>Winteroveralls von Hoppediz, gekauft&nbsp;&#x2665;&#x2665;&#x2665;<\/li>\n<\/ul>\n<p>3.) <strong>Wuffel<\/strong>:<\/p>\n<ul>\n<li><a href=\"http:\/\/fernwehkinder.de\/?page_id=958\">Wassernapf <\/a>von Ortlieb, gekauft&nbsp;&#x2665;&#x2665;&#x2665;<\/li>\n<li>Seniorenleiter, gekauft&nbsp;&#x2665;&#x2665;<\/li>\n<\/ul>\n<p>4.) <strong>Wandern<\/strong>:<\/p>\n<ul>\n<li><a href=\"http:\/\/fernwehkinder.de\/?page_id=1664\">Babyrucks\u00e4cke <\/a>von Happy Healthy Parents,&nbsp;mit Autorenrabatt gekauft&nbsp;&#x2665;&#x2665;&#x2665;<\/li>\n<li><a href=\"http:\/\/fernwehkinder.de\/?page_id=1813\">Rucksack <\/a>von Euroschirm G\u00f6bel, mit Autorenrabatt gekauft&nbsp;&#x2665;&#x2665;&#x2665;<\/li>\n<li><a href=\"http:\/\/fernwehkinder.de\/?page_id=2513\">Rucksack <\/a>von Ortlieb, Rechercheexemplar&nbsp;&#x2665;&#x2665;<\/li>\n<li><a href=\"http:\/\/fernwehkinder.de\/?page_id=1131\">Saufsack <\/a>von Source, gekauft&nbsp;&#x2665;&#x2665;&#x2665;<\/li>\n<li>Trekkingschirme von Euroschirm G\u00f6bel, Rechercheexemplare&nbsp;&#x2665;&#x2665;&#x2665;<\/li>\n<\/ul>\n<p>5.) <strong>Wandern mit Kind:<\/strong><img loading=\"lazy\" decoding=\"async\" class=\"size-medium wp-image-3255 alignright\" src=\"http:\/\/fernwehkinder.de\/wp-content\/uploads\/2017\/09\/0117-Gute-Laune-in-der-Milamai-Trage-300x226.jpg\" alt=\"\" width=\"300\" height=\"226\" srcset=\"https:\/\/fernwehkinder.de\/wp-content\/uploads\/2017\/09\/0117-Gute-Laune-in-der-Milamai-Trage-300x226.jpg 300w, https:\/\/fernwehkinder.de\/wp-content\/uploads\/2017\/09\/0117-Gute-Laune-in-der-Milamai-Trage-768x578.jpg 768w, https:\/\/fernwehkinder.de\/wp-content\/uploads\/2017\/09\/0117-Gute-Laune-in-der-Milamai-Trage.jpg 797w\" sizes=\"auto, (max-width: 300px) 100vw, 300px\" \/><\/p>\n<ul>\n<li><a href=\"http:\/\/fernwehkinder.de\/?page_id=965\">Buggy <\/a>von TFK, gekauft&nbsp;&#x2665;&#x2665;&#x2665;<\/li>\n<li><a href=\"http:\/\/fernwehkinder.de\/?page_id=1119\">Trage Bondolino<\/a> von Hoppediz,&nbsp;Rechercheexemplar&nbsp;&#x2665;&#x2665;&#x2665;<\/li>\n<li>Trage Hoptye von Hoppediz,&nbsp;Rechercheexemplar&nbsp;&#x2665;&#x2665;<\/li>\n<li><a href=\"http:\/\/fernwehkinder.de\/?page_id=924\">Trage Milamai<\/a> von Tragebaby,&nbsp;Rechercheexemplar&nbsp;&#x2665;&#x2665;&#x2665;<\/li>\n<li>Trage Ergobaby,&nbsp;Rechercheexemplar&nbsp;&#x2665;&#x2665;<\/li>\n<li><a href=\"http:\/\/fernwehkinder.de\/?page_id=2358\">Trage <\/a>von Manduca,&nbsp;Rechercheexemplar&nbsp;&#x2665;<\/li>\n<li><a href=\"http:\/\/fernwehkinder.de\/?page_id=1117\">Trage XL<\/a> von Buzzidil, gekauft&nbsp;&#x2665;&#x2665;&#x2665;<\/li>\n<li><a href=\"http:\/\/fernwehkinder.de\/?page_id=968\">Tragejacke <\/a>von Mamalila, Rechercheexemplar&nbsp;&#x2665;&#x2665;&#x2665;<\/li>\n<li>Wickelunterlage mit Windelvorrat, gekauft&nbsp;&#x2665;&#x2665;<\/li>\n<li>Wintertragejacke von Mamalila, Geschenk&nbsp;&#x2665;&#x2665;&#x2665;<\/li>\n<li><a href=\"http:\/\/fernwehkinder.de\/?page_id=916\">Zwillingsbuggy <\/a>von TFK, Rechercheexemplar&nbsp;&#x2665;&#x2665;<\/li>\n<li>Zwillingstrage von Weego, gekauft&nbsp;&#x2665;<\/li>\n<\/ul>\n<p>6.) <strong>Radeln<\/strong>:<\/p>\n<ul>\n<li>eBike von Velodeville, gekauft&nbsp;&#x2665;&#x2665;<\/li>\n<li>Fahrrad, gekauft&nbsp;&#x2665;&#x2665;<\/li>\n<li><a href=\"http:\/\/fernwehkinder.de\/?page_id=1089\">Fahrradanh\u00e4nger <\/a>von KidsTouring, mit Autorenrabatt gekauft&nbsp;&#x2665;&#x2665;&#x2665;<\/li>\n<li>Fahrradanh\u00e4nger von Queridoo,&nbsp;Geschenk&nbsp;&#x2665;&#x2665;<\/li>\n<li>Lenkertasche von Ortlieb,&nbsp;Rechercheexemplar&nbsp;&#x2665;&#x2665;&#x2665;<\/li>\n<li>Satteltaschen von Ortlieb,&nbsp;Rechercheexemplar&nbsp;&#x2665;&#x2665;&#x2665;<\/li>\n<\/ul>\n<p>7.) <strong>Essen\/Trinken\/Outdoor<\/strong>:<\/p>\n<ul>\n<li>Beef Jerky von Jack Links, gekauft&nbsp;&#x2665;&#x2665;&#x2665;<\/li>\n<li>Beef Jerky von The Meat Makers, gekauft&nbsp;&#x2665;&#x2665;&#x2665;<\/li>\n<li>Brei im Quetschbeutel, gekauft&nbsp;&#x2665;&#x2665;&#x2665;<\/li>\n<li><a href=\"http:\/\/fernwehkinder.de\/?page_id=1639\">Iso-Getr\u00e4nke<\/a>&nbsp;von innosnack, zum Test&nbsp;&#x2665;&#x2665;<\/li>\n<li><a href=\"http:\/\/fernwehkinder.de\/?page_id=2016\">L\u00e4tzchen <\/a>von Happy Healthy Parents,&nbsp;&nbsp;Rechercheexemplare &#x2665;&#x2665;&#x2665;<\/li>\n<li><a href=\"http:\/\/fernwehkinder.de\/?page_id=1639\">M\u00fcsliriegel <\/a>von innosnack, gekauft und zum Test&nbsp;&#x2665;&#x2665;&#x2665;<\/li>\n<li>Saft im Quetschbeutel, gekauft&nbsp;&#x2665;&#x2665;<\/li>\n<li><a href=\"http:\/\/fernwehkinder.de\/?page_id=958\">Sp\u00fclsch\u00fcssel <\/a>von Ortlieb, gekauft&nbsp;&#x2665;&#x2665;&#x2665;<\/li>\n<li>Toilettenpapierhalter von Ortlieb, gekauft&nbsp;&#x2665;&#x2665;<\/li>\n<li>Thermosflasche von Penny, geschenkt&nbsp;&#x2665;&#x2665;&#x2665;<\/li>\n<li>Trinkflaschen von Tupperware, gekauft&nbsp;&#x2665;<\/li>\n<li>Trinklernflaschen von Nuk, gekauft&nbsp;&#x2665;&#x2665;&#x2665;<\/li>\n<\/ul>\n<p>8.) <strong>Recherchieren<\/strong>:<\/p>\n<ul>\n<li>GPS von Garmin, gekauft&nbsp;&#x2665;&#x2665;&#x2665;<\/li>\n<li><a href=\"http:\/\/fernwehkinder.de\/?page_id=932\">Notizblocks <\/a>von Rite in the Rain, gekauft&nbsp;&#x2665;&#x2665;&#x2665;<\/li>\n<li><a href=\"http:\/\/fernwehkinder.de\/?page_id=1038\">Kamera <\/a>von Olympus, gekauft&nbsp;&#x2665;&#x2665;&#x2665;<\/li>\n<li><a href=\"http:\/\/fernwehkinder.de\/?page_id=1069\">Smartphone <\/a>von Samsung, gekauft&nbsp;&#x2665;&#x2665;<\/li>\n<li>Stativ von Jobi, gekauft&nbsp;&#x2665;&#x2665;&#x2665;<\/li>\n<\/ul>\n<p>9.) <strong>Reisen<\/strong>:<\/p>\n<ul>\n<li>Navi von Becker, gekauft&nbsp;&nbsp;&#x2665;&#x2665;&#x2665;<\/li>\n<li>Navi von Garmin, gekauft<\/li>\n<li>Navi von TomTom, gekauft&nbsp;&#x2665;<\/li>\n<li>Ohnew\u00f6rterbuch von Langenscheid, gekauft&nbsp;&#x2665;&#x2665;&#x2665;<\/li>\n<li><a href=\"http:\/\/fernwehkinder.de\/?page_id=1183\">Recherchemobil <\/a>von Landrover, gekauft&nbsp;&#x2665;&#x2665;&#x2665;<\/li>\n<li><a href=\"http:\/\/fernwehkinder.de\/?page_id=3953\">Recherchemobil<\/a> von LMC, Kooperation&nbsp;&#x2665;&#x2665;<\/li>\n<li>Recherchemobil von VW, gekauft&nbsp;&#x2665;&#x2665;<\/li>\n<li>Taschenmesserchen von Leatherman, gekauft&nbsp;&#x2665;&#x2665;&#x2665;<\/li>\n<\/ul>\n<p>10.) <strong>au\u00dferdem<\/strong>:<\/p>\n<ul>\n<li>Waschmittel und Impr\u00e4gnierung von Nikwax, Produktmuster von Paramo&nbsp;&#x2665;&#x2665;<\/li>\n<li>Waschmittel von Ariel, Produktmuster von <a href=\"http:\/\/lilliqueens.blogspot.de\/\">Diana<\/a>&nbsp;&#x2665;&#x2665;&#x2665;<\/li>\n<\/ul>\n<p>&#x2665;&#x2665;&#x2665; Echte Empfehlung<br \/>\n&#x2665;&#x2665; Empfehlung mit einem kleinen &#8222;aber&#8220;<br \/>\n&#x2665; keine richtige&nbsp;Empfehlung, gro\u00dfes&nbsp;&#8222;ABER&#8220;<br \/>\nkein Herzchen &#8211; keine Empfehlung<\/p>\n","protected":false},"excerpt":{"rendered":"<p>Vieles habe ich schon auf unseren Recherchetouren ausprobiert. Manches war richtig gut, manches richtig schlecht, vieles so la la. Hiervon will ich so&#8230;<\/p>\n","protected":false},"author":1,"featured_media":844,"parent":0,"menu_order":0,"comment_status":"closed","ping_status":"closed","template":"","meta":{"jetpack_post_was_ever_published":false,"footnotes":""},"class_list":["post-498","page","type-page","status-publish","has-post-thumbnail","hentry"],"jetpack_sharing_enabled":true,"jetpack-related-posts":[],"jetpack_likes_enabled":true,"_links":{"self":[{"href":"https:\/\/fernwehkinder.de\/index.php?rest_route=\/wp\/v2\/pages\/498","targetHints":{"allow":["GET"]}}],"collection":[{"href":"https:\/\/fernwehkinder.de\/index.php?rest_route=\/wp\/v2\/pages"}],"about":[{"href":"https:\/\/fernwehkinder.de\/index.php?rest_route=\/wp\/v2\/types\/page"}],"author":[{"embeddable":true,"href":"https:\/\/fernwehkinder.de\/index.php?rest_route=\/wp\/v2\/users\/1"}],"replies":[{"embeddable":true,"href":"https:\/\/fernwehkinder.de\/index.php?rest_route=%2Fwp%2Fv2%2Fcomments&post=498"}],"version-history":[{"count":1,"href":"https:\/\/fernwehkinder.de\/index.php?rest_route=\/wp\/v2\/pages\/498\/revisions"}],"predecessor-version":[{"id":7598,"href":"https:\/\/fernwehkinder.de\/index.php?rest_route=\/wp\/v2\/pages\/498\/revisions\/7598"}],"wp:featuredmedia":[{"embeddable":true,"href":"https:\/\/fernwehkinder.de\/index.php?rest_route=\/wp\/v2\/media\/844"}],"wp:attachment":[{"href":"https:\/\/fernwehkinder.de\/index.php?rest_route=%2Fwp%2Fv2%2Fmedia&parent=498"}],"curies":[{"name":"wp","href":"https:\/\/api.w.org\/{rel}","templated":true}]}}