{"id":847,"date":"2016-09-01T23:14:52","date_gmt":"2016-09-01T21:14:52","guid":{"rendered":"http:\/\/fernwehkinder.de\/?page_id=847"},"modified":"2017-01-31T14:50:44","modified_gmt":"2017-01-31T13:50:44","slug":"paramo-womens-alta-iii-jacket","status":"publish","type":"page","link":"https:\/\/fernwehkinder.de\/?page_id=847","title":{"rendered":"P\u00e1ramo Women&#8217;s Alta III Jacket"},"content":{"rendered":"<p><img loading=\"lazy\" decoding=\"async\" class=\"size-medium wp-image-842 alignleft\" src=\"http:\/\/fernwehkinder.de\/wp-content\/uploads\/2016\/08\/20160415_084515-300x169.jpg\" alt=\"20160415_084515\" width=\"300\" height=\"169\" srcset=\"https:\/\/fernwehkinder.de\/wp-content\/uploads\/2016\/08\/20160415_084515-300x169.jpg 300w, https:\/\/fernwehkinder.de\/wp-content\/uploads\/2016\/08\/20160415_084515-768x432.jpg 768w, https:\/\/fernwehkinder.de\/wp-content\/uploads\/2016\/08\/20160415_084515-1024x576.jpg 1024w, https:\/\/fernwehkinder.de\/wp-content\/uploads\/2016\/08\/20160415_084515.jpg 1920w\" sizes=\"auto, (max-width: 300px) 100vw, 300px\" \/>Seit dem Fr\u00fchjahr 2016 habe ich eine\u00a0<a href=\"http:\/\/www.paramo-clothing.de\/de-de\/explore-range\/product\/?pk=BB67CE5D-6AA7-4D8A-A8C6-F31BAA68675C&amp;attributes=82122064-D94F-4D04-808A-437AFF01F28A,3C55CF81-7257-419A-B9DA-000032E7923D,8F55ED20-0F56-4772-9E69-8A41D2BA596A,FCBDB5D3-90B7-4766-871F-389AF483A8BE\">Women&#8217;s Alta III<\/a> Jacke von P\u00e1ramo.<\/p>\n<p>Ich hatte die Firma von einer Walisischen Wanderfreundin empfohlen bekommen und mich schon mehrfach auf der Homepage umgesehen. \u00a0Das las sich prima und ich sparte schon mein Geld f\u00fcr eine solche Jacke. Umso mehr freute ich mich, als Dieter vom Conrad Stein Verlag mir anbot, Markenbotschafterin f\u00fcr diese Jacke zu werden. der Verlag und die Jackenfirma hatten einen Anzeigentausch zu meinen Gunsten ausgemacht.<\/p>\n<p>Nach mehreren Beratungstelefonaten fiel meine Entscheidung auf die\u00a0Women&#8217;s Alta III Jacke in der Farbe Elderberry. Na? was hei\u00dft Elderberry, wisst ihr es? Richtig! Holunderbeere. Und genauso dunkelviolett ist diese Jacke auch.\u00a0Sie ist sehr leicht (nur 700 g) und f\u00fchlt sich seit dem ersten \u00dcberstreifen an, als\u00a0w\u00e4re sie schon immer meine Jacke gewesen. Herrlich bequem, sch\u00f6n lang, aber nicht zu lang, mit ausreichend vielen Taschen. Ich kann es mollig warm darin haben, aber auch nach \u00d6ffnen der Rei\u00dfverschl\u00fcsse unter dem Arm sch\u00f6n luftig. Sehr sympathisch ist mir, dass sie nicht so raschelt, wie viele andere Regenjacken.<img loading=\"lazy\" decoding=\"async\" class=\"size-medium wp-image-841 alignright\" src=\"http:\/\/fernwehkinder.de\/wp-content\/uploads\/2016\/08\/20160415_084136-300x169.jpg\" alt=\"20160415_084136\" width=\"300\" height=\"169\" srcset=\"https:\/\/fernwehkinder.de\/wp-content\/uploads\/2016\/08\/20160415_084136-300x169.jpg 300w, https:\/\/fernwehkinder.de\/wp-content\/uploads\/2016\/08\/20160415_084136-768x432.jpg 768w, https:\/\/fernwehkinder.de\/wp-content\/uploads\/2016\/08\/20160415_084136-1024x576.jpg 1024w, https:\/\/fernwehkinder.de\/wp-content\/uploads\/2016\/08\/20160415_084136.jpg 1920w\" sizes=\"auto, (max-width: 300px) 100vw, 300px\" \/><\/p>\n<p>Das f\u00fcr mich beste Detail ist die St\u00fctze in der Kapuze, ich kann es n\u00e4mlich nicht leiden, wenn mir die Kapuze in die Augen h\u00e4ngt. Das ist super gel\u00f6st. Ich habe die Jacke im Fr\u00fchjahr einige Male bei Hunderunden und Eifelrecherchen angezogen, allerdings h\u00f6chstens bei Fieselregen.<\/p>\n<p>Leider kam bei der Recherche auf der Via Francigena der H\u00e4rtetest: Tagelanger Starkregen! Schon am ersten Regentag schrieb ich auf <a href=\"https:\/\/www.facebook.com\/photo.php?fbid=10204824235364535&amp;set=a.10200600676378200.1073741832.1798219956&amp;type=3&amp;theater\">Facebook <\/a>und in meinem <a href=\"http:\/\/fernwehkinder.de\/?p=115\">Blog\u00a0<\/a>entnervt:<\/p>\n<blockquote><p>Sorry, Dieter, die teure Jacke von Paramo ist prima f\u00fcr die Eifel und das Rheinland, aber nach 2 km in italienischem Landregen war der erste \u00c4rmel an der Naht durch.<\/p><\/blockquote>\n<p><img loading=\"lazy\" decoding=\"async\" class=\"size-medium wp-image-939 alignleft\" src=\"http:\/\/fernwehkinder.de\/wp-content\/uploads\/2016\/09\/20160602_115343-300x169.jpg\" alt=\"20160602_115343\" width=\"300\" height=\"169\" srcset=\"https:\/\/fernwehkinder.de\/wp-content\/uploads\/2016\/09\/20160602_115343-300x169.jpg 300w, https:\/\/fernwehkinder.de\/wp-content\/uploads\/2016\/09\/20160602_115343-768x432.jpg 768w, https:\/\/fernwehkinder.de\/wp-content\/uploads\/2016\/09\/20160602_115343-1024x576.jpg 1024w, https:\/\/fernwehkinder.de\/wp-content\/uploads\/2016\/09\/20160602_115343.jpg 1920w\" sizes=\"auto, (max-width: 300px) 100vw, 300px\" \/>Ich \u00f6ffnete schnell meinen Wanderschirm, um nicht vollkommen nass zu werden. (Vielleicht w\u00e4re das gar nicht n\u00f6tig gewesen und der \u00c4rmel wurde fehlerhaft vern\u00e4ht? Ich wollte es nicht darauf ankommen lassen. Mein Gesichtsausdruck sagt alles, oder?)<\/p>\n<p>Bald\u00a0stellte sich heraus, dass die Firma wirklich an ihren Kunden interessiert ist, denn ich bekam kurz nach meiner Heimkehr einen Anruf von der Dame, die mich bei der Auswahl beraten hatte. Sie bedauerte, dass ich nicht zufrieden mit der Jacke bin und wir versuchten, eine Ursache daf\u00fcr zu finden. Denn eigentlich m\u00fcsste die Jacke auch einen l\u00e4ngeren Pladderregen wegstecken k\u00f6nnen. Hauptverd\u00e4chtige sind eine falsche Naht und eine unzureichende Impr\u00e4gnierung. Sie schickte mir noch am selben Tag spezielles Waschmittel und Impr\u00e4gniermittel von Nikwax. Damit habe ich meine Jacke auch schon gepflegt. Nun warte ich auf den n\u00e4chsten Starkregen, um meinen Test fortzusetzen.<img loading=\"lazy\" decoding=\"async\" class=\"size-medium wp-image-1708 alignright\" src=\"http:\/\/fernwehkinder.de\/wp-content\/uploads\/2016\/11\/20161116_082618-e1480181256270-300x169.jpg\" alt=\"20161116_082618\" width=\"300\" height=\"169\" srcset=\"https:\/\/fernwehkinder.de\/wp-content\/uploads\/2016\/11\/20161116_082618-e1480181256270-300x169.jpg 300w, https:\/\/fernwehkinder.de\/wp-content\/uploads\/2016\/11\/20161116_082618-e1480181256270-768x432.jpg 768w, https:\/\/fernwehkinder.de\/wp-content\/uploads\/2016\/11\/20161116_082618-e1480181256270-1024x576.jpg 1024w, https:\/\/fernwehkinder.de\/wp-content\/uploads\/2016\/11\/20161116_082618-e1480181256270.jpg 1920w\" sizes=\"auto, (max-width: 300px) 100vw, 300px\" \/><\/p>\n<p>Update November 2016:<\/p>\n<p>Die Jacke ist\u00a0nach dem Waschen und Impr\u00e4gnieren deutlich dichter als fabrikneu. Das hei\u00dft, ich bin bei den herbstlichen Hunderunden und Sankt Martins Z\u00fcgen bei starkem Regen nur an den \u00c4rmeln nass geworden, w\u00e4hrend die Beine so nass waren, dass mir das Wasser in den Schuhen bzw. Stiefeln stand. Vor der n\u00e4chsten Mallorcatour kommt sie noch einmal in die W\u00e4sche, vielleicht halten dann auch die \u00c4rmel dicht.<\/p>\n<p><img loading=\"lazy\" decoding=\"async\" class=\"wp-image-2141 size-medium alignleft\" src=\"http:\/\/fernwehkinder.de\/wp-content\/uploads\/2017\/01\/PC190583-300x225.jpg\" alt=\"OLYMPUS DIGITAL CAMERA\" width=\"300\" height=\"225\" \/><br \/>\nUpdate Januar 2017:<\/p>\n<p>Nach zwei weiteren Durchl\u00e4ufen mit Outdoorwaschmittel und Impr\u00e4gniersp\u00fclung ist die Paramojacke nun wirklich dicht beim Wandern.<\/p>\n<p>Ich frage mich zwar immer noch, warum sie das nicht sofort ab Werk war, aber freue mich jetzt bei Ganztagesregenwanderungen und Hunderunden an einer Jacke, die weder Wind noch Regen durchl\u00e4sst.<\/p>\n<hr \/>\n<p>Die Alta III kostet im online-<a href=\"http:\/\/www.paramo-clothing.com\/de-de\/\">Shop <\/a>399 \u20ac, das ist auch UVP. Ich habe sie als Rechercheexemplar erhalten.<\/p>\n<hr \/>\n<p>Ich trage die Jacke seit April 2016.<\/p>\n<hr \/>\n<p>Stand: Januar 2017<\/p>\n","protected":false},"excerpt":{"rendered":"<p>Seit dem Fr\u00fchjahr 2016 habe ich eine\u00a0Women&#8217;s Alta III Jacke von P\u00e1ramo. Ich hatte die Firma von einer Walisischen Wanderfreundin empfohlen bekommen und&#8230;<\/p>\n","protected":false},"author":1,"featured_media":841,"parent":498,"menu_order":0,"comment_status":"closed","ping_status":"closed","template":"","meta":{"jetpack_post_was_ever_published":false,"footnotes":""},"class_list":["post-847","page","type-page","status-publish","has-post-thumbnail","hentry"],"jetpack_sharing_enabled":true,"jetpack-related-posts":[],"jetpack_likes_enabled":true,"_links":{"self":[{"href":"https:\/\/fernwehkinder.de\/index.php?rest_route=\/wp\/v2\/pages\/847","targetHints":{"allow":["GET"]}}],"collection":[{"href":"https:\/\/fernwehkinder.de\/index.php?rest_route=\/wp\/v2\/pages"}],"about":[{"href":"https:\/\/fernwehkinder.de\/index.php?rest_route=\/wp\/v2\/types\/page"}],"author":[{"embeddable":true,"href":"https:\/\/fernwehkinder.de\/index.php?rest_route=\/wp\/v2\/users\/1"}],"replies":[{"embeddable":true,"href":"https:\/\/fernwehkinder.de\/index.php?rest_route=%2Fwp%2Fv2%2Fcomments&post=847"}],"version-history":[{"count":0,"href":"https:\/\/fernwehkinder.de\/index.php?rest_route=\/wp\/v2\/pages\/847\/revisions"}],"up":[{"embeddable":true,"href":"https:\/\/fernwehkinder.de\/index.php?rest_route=\/wp\/v2\/pages\/498"}],"wp:featuredmedia":[{"embeddable":true,"href":"https:\/\/fernwehkinder.de\/index.php?rest_route=\/wp\/v2\/media\/841"}],"wp:attachment":[{"href":"https:\/\/fernwehkinder.de\/index.php?rest_route=%2Fwp%2Fv2%2Fmedia&parent=847"}],"curies":[{"name":"wp","href":"https:\/\/api.w.org\/{rel}","templated":true}]}}

Páramo Women&#8217;s Alta III Jacket

<p><img loading="lazy" decoding="async" class="size-medium wp-image-842 alignleft" src="http://fernwehkinder.de/wp-content/uploads/2016/08/20160415_084515-300x169.jpg" alt="20160415_084515" width="300" height="169" srcset="https://fernwehkinder.de/wp-content/uploads/2016/08/20160415_084515-300x169.jpg 300w, https://fernwehkinder.de/wp-content/uploads/2016/08/20160415_084515-768x432.jpg 768w, https://fernwehkinder.de/wp-content/uploads/2016/08/20160415_084515-1024x576.jpg 1024w, https://fernwehkinder.de/wp-content/uploads/2016/08/20160415_084515.jpg 1920w" sizes="auto, (max-width: 300px) 100vw, 300px" />Seit dem Frühjahr 2016 habe ich eine <a href="http://www.paramo-clothing.de/de-de/explore-range/product/?pk=BB67CE5D-6AA7-4D8A-A8C6-F31BAA68675C&amp;attributes=82122064-D94F-4D04-808A-437AFF01F28A,3C55CF81-7257-419A-B9DA-000032E7923D,8F55ED20-0F56-4772-9E69-8A41D2BA596A,FCBDB5D3-90B7-4766-871F-389AF483A8BE">Women&#8217;s Alta III</a> Jacke von Páramo.</p>
<p>Ich hatte die Firma von einer Walisischen Wanderfreundin empfohlen bekommen und mich schon mehrfach auf der Homepage umgesehen.  Das las sich prima und ich sparte schon mein Geld für eine solche Jacke. Umso mehr freute ich mich, als Dieter vom Conrad Stein Verlag mir anbot, Markenbotschafterin für diese Jacke zu werden. der Verlag und die Jackenfirma hatten einen Anzeigentausch zu meinen Gunsten ausgemacht.</p>
<p>Nach mehreren Beratungstelefonaten fiel meine Entscheidung auf die Women&#8217;s Alta III Jacke in der Farbe Elderberry. Na? was heißt Elderberry, wisst ihr es? Richtig! Holunderbeere. Und genauso dunkelviolett ist diese Jacke auch. Sie ist sehr leicht (nur 700 g) und fühlt sich seit dem ersten Überstreifen an, als wäre sie schon immer meine Jacke gewesen. Herrlich bequem, schön lang, aber nicht zu lang, mit ausreichend vielen Taschen. Ich kann es mollig warm darin haben, aber auch nach Öffnen der Reißverschlüsse unter dem Arm schön luftig. Sehr sympathisch ist mir, dass sie nicht so raschelt, wie viele andere Regenjacken.<img loading="lazy" decoding="async" class="size-medium wp-image-841 alignright" src="http://fernwehkinder.de/wp-content/uploads/2016/08/20160415_084136-300x169.jpg" alt="20160415_084136" width="300" height="169" srcset="https://fernwehkinder.de/wp-content/uploads/2016/08/20160415_084136-300x169.jpg 300w, https://fernwehkinder.de/wp-content/uploads/2016/08/20160415_084136-768x432.jpg 768w, https://fernwehkinder.de/wp-content/uploads/2016/08/20160415_084136-1024x576.jpg 1024w, https://fernwehkinder.de/wp-content/uploads/2016/08/20160415_084136.jpg 1920w" sizes="auto, (max-width: 300px) 100vw, 300px" /></p>
<p>Das für mich beste Detail ist die Stütze in der Kapuze, ich kann es nämlich nicht leiden, wenn mir die Kapuze in die Augen hängt. Das ist super gelöst. Ich habe die Jacke im Frühjahr einige Male bei Hunderunden und Eifelrecherchen angezogen, allerdings höchstens bei Fieselregen.</p>
<p>Leider kam bei der Recherche auf der Via Francigena der Härtetest: Tagelanger Starkregen! Schon am ersten Regentag schrieb ich auf <a href="https://www.facebook.com/photo.php?fbid=10204824235364535&amp;set=a.10200600676378200.1073741832.1798219956&amp;type=3&amp;theater">Facebook </a>und in meinem <a href="http://fernwehkinder.de/?p=115">Blog </a>entnervt:</p>
<blockquote><p>Sorry, Dieter, die teure Jacke von Paramo ist prima für die Eifel und das Rheinland, aber nach 2 km in italienischem Landregen war der erste Ärmel an der Naht durch.</p></blockquote>
<p><img loading="lazy" decoding="async" class="size-medium wp-image-939 alignleft" src="http://fernwehkinder.de/wp-content/uploads/2016/09/20160602_115343-300x169.jpg" alt="20160602_115343" width="300" height="169" srcset="https://fernwehkinder.de/wp-content/uploads/2016/09/20160602_115343-300x169.jpg 300w, https://fernwehkinder.de/wp-content/uploads/2016/09/20160602_115343-768x432.jpg 768w, https://fernwehkinder.de/wp-content/uploads/2016/09/20160602_115343-1024x576.jpg 1024w, https://fernwehkinder.de/wp-content/uploads/2016/09/20160602_115343.jpg 1920w" sizes="auto, (max-width: 300px) 100vw, 300px" />Ich öffnete schnell meinen Wanderschirm, um nicht vollkommen nass zu werden. (Vielleicht wäre das gar nicht nötig gewesen und der Ärmel wurde fehlerhaft vernäht? Ich wollte es nicht darauf ankommen lassen. Mein Gesichtsausdruck sagt alles, oder?)</p>
<p>Bald stellte sich heraus, dass die Firma wirklich an ihren Kunden interessiert ist, denn ich bekam kurz nach meiner Heimkehr einen Anruf von der Dame, die mich bei der Auswahl beraten hatte. Sie bedauerte, dass ich nicht zufrieden mit der Jacke bin und wir versuchten, eine Ursache dafür zu finden. Denn eigentlich müsste die Jacke auch einen längeren Pladderregen wegstecken können. Hauptverdächtige sind eine falsche Naht und eine unzureichende Imprägnierung. Sie schickte mir noch am selben Tag spezielles Waschmittel und Imprägniermittel von Nikwax. Damit habe ich meine Jacke auch schon gepflegt. Nun warte ich auf den nächsten Starkregen, um meinen Test fortzusetzen.<img loading="lazy" decoding="async" class="size-medium wp-image-1708 alignright" src="http://fernwehkinder.de/wp-content/uploads/2016/11/20161116_082618-e1480181256270-300x169.jpg" alt="20161116_082618" width="300" height="169" srcset="https://fernwehkinder.de/wp-content/uploads/2016/11/20161116_082618-e1480181256270-300x169.jpg 300w, https://fernwehkinder.de/wp-content/uploads/2016/11/20161116_082618-e1480181256270-768x432.jpg 768w, https://fernwehkinder.de/wp-content/uploads/2016/11/20161116_082618-e1480181256270-1024x576.jpg 1024w, https://fernwehkinder.de/wp-content/uploads/2016/11/20161116_082618-e1480181256270.jpg 1920w" sizes="auto, (max-width: 300px) 100vw, 300px" /></p>
<p>Update November 2016:</p>
<p>Die Jacke ist nach dem Waschen und Imprägnieren deutlich dichter als fabrikneu. Das heißt, ich bin bei den herbstlichen Hunderunden und Sankt Martins Zügen bei starkem Regen nur an den Ärmeln nass geworden, während die Beine so nass waren, dass mir das Wasser in den Schuhen bzw. Stiefeln stand. Vor der nächsten Mallorcatour kommt sie noch einmal in die Wäsche, vielleicht halten dann auch die Ärmel dicht.</p>
<p><img loading="lazy" decoding="async" class="wp-image-2141 size-medium alignleft" src="http://fernwehkinder.de/wp-content/uploads/2017/01/PC190583-300x225.jpg" alt="OLYMPUS DIGITAL CAMERA" width="300" height="225" /><br />
Update Januar 2017:</p>
<p>Nach zwei weiteren Durchläufen mit Outdoorwaschmittel und Imprägnierspülung ist die Paramojacke nun wirklich dicht beim Wandern.</p>
<p>Ich frage mich zwar immer noch, warum sie das nicht sofort ab Werk war, aber freue mich jetzt bei Ganztagesregenwanderungen und Hunderunden an einer Jacke, die weder Wind noch Regen durchlässt.</p>
<hr />
<p>Die Alta III kostet im online-<a href="http://www.paramo-clothing.com/de-de/">Shop </a>399 €, das ist auch UVP. Ich habe sie als Rechercheexemplar erhalten.</p>
<hr />
<p>Ich trage die Jacke seit April 2016.</p>
<hr />
<p>Stand: Januar 2017</p>

<p>Seit dem Frühjahr 2016 habe ich eine Women&#8217;s Alta III Jacke von Páramo. Ich hatte die Firma von einer Walisischen Wanderfreundin empfohlen bekommen und&#8230;</p>
