{"id":924,"date":"2017-04-01T14:11:40","date_gmt":"2017-04-01T12:11:40","guid":{"rendered":"http:\/\/fernwehkinder.de\/?page_id=924"},"modified":"2020-12-07T13:51:56","modified_gmt":"2020-12-07T12:51:56","slug":"milamai-babytrage","status":"publish","type":"page","link":"https:\/\/fernwehkinder.de\/?page_id=924","title":{"rendered":"MilaMai Babytrage"},"content":{"rendered":"\n<div class=\"wp-block-image wp-image-2171\"><figure class=\"alignleft\"><img loading=\"lazy\" decoding=\"async\" width=\"300\" height=\"300\" src=\"http:\/\/fernwehkinder.de\/wp-content\/uploads\/2017\/02\/0000-Autorenfoto-mit-zwei-Babytragen-auf-dem-Wochenmarkt-in-Alc\u00fadia-300x300.jpg\" alt=\"0000-autorenfoto-mit-zwei-babytragen-auf-dem-wochenmarkt-in-alcudia\" class=\"wp-image-2171\" srcset=\"https:\/\/fernwehkinder.de\/wp-content\/uploads\/2017\/02\/0000-Autorenfoto-mit-zwei-Babytragen-auf-dem-Wochenmarkt-in-Alc\u00fadia-300x300.jpg 300w, https:\/\/fernwehkinder.de\/wp-content\/uploads\/2017\/02\/0000-Autorenfoto-mit-zwei-Babytragen-auf-dem-Wochenmarkt-in-Alc\u00fadia-150x150.jpg 150w, https:\/\/fernwehkinder.de\/wp-content\/uploads\/2017\/02\/0000-Autorenfoto-mit-zwei-Babytragen-auf-dem-Wochenmarkt-in-Alc\u00fadia-768x768.jpg 768w, https:\/\/fernwehkinder.de\/wp-content\/uploads\/2017\/02\/0000-Autorenfoto-mit-zwei-Babytragen-auf-dem-Wochenmarkt-in-Alc\u00fadia-1024x1024.jpg 1024w, https:\/\/fernwehkinder.de\/wp-content\/uploads\/2017\/02\/0000-Autorenfoto-mit-zwei-Babytragen-auf-dem-Wochenmarkt-in-Alc\u00fadia.jpg 1256w\" sizes=\"auto, (max-width: 300px) 100vw, 300px\" \/><figcaption>Mallorca, &nbsp;vorne Milamai, hinten Buzzidil<\/figcaption><\/figure><\/div>\n\n\n\n<p>Ich habe meine Kinder in vielen verschiedenen Tragen in allen Jahreszeiten durch die Eifel, die Alpen, den Apennin und das Zentralmassiv getragen, auf Wanderwegen, bei Hunderunden, \u00fcber M\u00e4rkte und durch Museen.<\/p>\n\n\n\n<p>Zu meinen Favoriten geh\u00f6rte und geh\u00f6rt stets die MilaMai. Das ist eine Fullbuckle-Trage (also ohne Stoffbahnen und anderen T\u00fcddelkram) aus Tragetuchstoff des Schweizer Herstellers <a href=\"http:\/\/tragebaby.ch\/\">Tragebaby<\/a>.<\/p>\n\n\n\n<p>Sie l\u00e4sst sich in der R\u00fcckenl\u00e4nge und Knie-zu-Knie-Breite so verstellen, dass schon Neugeborene darin gut aufgehoben sind, aber auch noch m\u00fcde Kleinkinder damit getragen werden k\u00f6nnen. Die Gurte an Schulter und Becken sind so gut abgepolstert, dass sie mir auch bei langen Strecken nie unangenehm wurden. Der weiche Tragetuchstoff verschont Babys Kniekehlen auch nach langem Tragen mit nackten Beinen vor wunden Scheuerstellen.<\/p>\n\n\n\n<div class=\"wp-block-image\"><figure class=\"alignright\"><img loading=\"lazy\" decoding=\"async\" width=\"300\" height=\"225\" src=\"http:\/\/fernwehkinder.de\/wp-content\/uploads\/2016\/07\/P6110971-300x225.jpg\" alt=\"OLYMPUS DIGITAL CAMERA\" class=\"wp-image-322\" srcset=\"https:\/\/fernwehkinder.de\/wp-content\/uploads\/2016\/07\/P6110971-300x225.jpg 300w, https:\/\/fernwehkinder.de\/wp-content\/uploads\/2016\/07\/P6110971-768x576.jpg 768w, https:\/\/fernwehkinder.de\/wp-content\/uploads\/2016\/07\/P6110971-1024x768.jpg 1024w\" sizes=\"auto, (max-width: 300px) 100vw, 300px\" \/><\/figure><\/div>\n\n\n\n<p>Etwas kniffelig ist es, den Kopfschutz zu befestigen, wenn ich allein unterwegs bin und das schlafende Kind mit meinen Verrenkungen nicht wecken will.<\/p>\n\n\n\n<p>MilaMais sind immer Einzelst\u00fccke. Die Herstellerin arbeitet gerne auch mit Dekostoffen, Farben und Applikationsw\u00fcnschen der Kunden. Meine MilaMai wurde extra f\u00fcr mich als \u00dcberraschungs-Design gen\u00e4ht und ich liebe die fr\u00f6hlichen Farben, die aber dezent genug sind, um nicht wie ein bunter Hund durch den Wald zu laufen.<\/p>\n\n\n\n<hr class=\"wp-block-separator\"\/>\n\n\n\n<p>MilaMai-Tragen kosten im online-Shop zwischen 295 und 430 CHF.<\/p>\n\n\n\n<hr class=\"wp-block-separator\"\/>\n\n\n\n<p>Mein Exemplar ist eine Leihgabe. Ich habe es seit 2012 in Gebrauch mit Kindern zwischen 2,4 kg und 19 kg.<\/p>\n\n\n\n<hr class=\"wp-block-separator\"\/>\n\n\n\n<p>Stand: M\u00e4rz 2017<\/p>\n\n\n\n<div class=\"wp-block-image wp-image-175 size-medium\"><figure class=\"aligncenter\"><img loading=\"lazy\" decoding=\"async\" width=\"300\" height=\"170\" src=\"http:\/\/fernwehkinder.de\/wp-content\/uploads\/2016\/07\/P5280140-e1491048631456-300x170.jpg\" alt=\"OLYMPUS DIGITAL CAMERA\" class=\"wp-image-175\" srcset=\"https:\/\/fernwehkinder.de\/wp-content\/uploads\/2016\/07\/P5280140-e1491048631456-300x170.jpg 300w, https:\/\/fernwehkinder.de\/wp-content\/uploads\/2016\/07\/P5280140-e1491048631456.jpg 449w\" sizes=\"auto, (max-width: 300px) 100vw, 300px\" \/><figcaption>Auf der Via Francigena hinter Radicofani<\/figcaption><\/figure><\/div>\n","protected":false},"excerpt":{"rendered":"<p>Ich habe meine Kinder in vielen verschiedenen Tragen in allen Jahreszeiten durch die Eifel, die Alpen, den Apennin und das Zentralmassiv getragen, auf&#8230;<\/p>\n","protected":false},"author":1,"featured_media":0,"parent":498,"menu_order":0,"comment_status":"closed","ping_status":"closed","template":"","meta":{"jetpack_post_was_ever_published":false,"footnotes":""},"class_list":["post-924","page","type-page","status-publish","hentry"],"jetpack_sharing_enabled":true,"jetpack-related-posts":[],"jetpack_likes_enabled":true,"_links":{"self":[{"href":"https:\/\/fernwehkinder.de\/index.php?rest_route=\/wp\/v2\/pages\/924","targetHints":{"allow":["GET"]}}],"collection":[{"href":"https:\/\/fernwehkinder.de\/index.php?rest_route=\/wp\/v2\/pages"}],"about":[{"href":"https:\/\/fernwehkinder.de\/index.php?rest_route=\/wp\/v2\/types\/page"}],"author":[{"embeddable":true,"href":"https:\/\/fernwehkinder.de\/index.php?rest_route=\/wp\/v2\/users\/1"}],"replies":[{"embeddable":true,"href":"https:\/\/fernwehkinder.de\/index.php?rest_route=%2Fwp%2Fv2%2Fcomments&post=924"}],"version-history":[{"count":2,"href":"https:\/\/fernwehkinder.de\/index.php?rest_route=\/wp\/v2\/pages\/924\/revisions"}],"predecessor-version":[{"id":8127,"href":"https:\/\/fernwehkinder.de\/index.php?rest_route=\/wp\/v2\/pages\/924\/revisions\/8127"}],"up":[{"embeddable":true,"href":"https:\/\/fernwehkinder.de\/index.php?rest_route=\/wp\/v2\/pages\/498"}],"wp:attachment":[{"href":"https:\/\/fernwehkinder.de\/index.php?rest_route=%2Fwp%2Fv2%2Fmedia&parent=924"}],"curies":[{"name":"wp","href":"https:\/\/api.w.org\/{rel}","templated":true}]}}

<div class="wp-block-image wp-image-2171"><figure class="alignleft"><img loading="lazy" decoding="async" width="300" height="300" src="http://fernwehkinder.de/wp-content/uploads/2017/02/0000-Autorenfoto-mit-zwei-Babytragen-auf-dem-Wochenmarkt-in-Alcúdia-300x300.jpg" alt="0000-autorenfoto-mit-zwei-babytragen-auf-dem-wochenmarkt-in-alcudia" class="wp-image-2171" srcset="https://fernwehkinder.de/wp-content/uploads/2017/02/0000-Autorenfoto-mit-zwei-Babytragen-auf-dem-Wochenmarkt-in-Alcúdia-300x300.jpg 300w, https://fernwehkinder.de/wp-content/uploads/2017/02/0000-Autorenfoto-mit-zwei-Babytragen-auf-dem-Wochenmarkt-in-Alcúdia-150x150.jpg 150w, https://fernwehkinder.de/wp-content/uploads/2017/02/0000-Autorenfoto-mit-zwei-Babytragen-auf-dem-Wochenmarkt-in-Alcúdia-768x768.jpg 768w, https://fernwehkinder.de/wp-content/uploads/2017/02/0000-Autorenfoto-mit-zwei-Babytragen-auf-dem-Wochenmarkt-in-Alcúdia-1024x1024.jpg 1024w, https://fernwehkinder.de/wp-content/uploads/2017/02/0000-Autorenfoto-mit-zwei-Babytragen-auf-dem-Wochenmarkt-in-Alcúdia.jpg 1256w" sizes="auto, (max-width: 300px) 100vw, 300px" /><figcaption>Mallorca, &nbsp;vorne Milamai, hinten Buzzidil</figcaption></figure></div>



<p>Ich habe meine Kinder in vielen verschiedenen Tragen in allen Jahreszeiten durch die Eifel, die Alpen, den Apennin und das Zentralmassiv getragen, auf Wanderwegen, bei Hunderunden, über Märkte und durch Museen.</p>



<p>Zu meinen Favoriten gehörte und gehört stets die MilaMai. Das ist eine Fullbuckle-Trage (also ohne Stoffbahnen und anderen Tüddelkram) aus Tragetuchstoff des Schweizer Herstellers <a href="http://tragebaby.ch/">Tragebaby</a>.</p>



<p>Sie lässt sich in der Rückenlänge und Knie-zu-Knie-Breite so verstellen, dass schon Neugeborene darin gut aufgehoben sind, aber auch noch müde Kleinkinder damit getragen werden können. Die Gurte an Schulter und Becken sind so gut abgepolstert, dass sie mir auch bei langen Strecken nie unangenehm wurden. Der weiche Tragetuchstoff verschont Babys Kniekehlen auch nach langem Tragen mit nackten Beinen vor wunden Scheuerstellen.</p>



<div class="wp-block-image"><figure class="alignright"><img loading="lazy" decoding="async" width="300" height="225" src="http://fernwehkinder.de/wp-content/uploads/2016/07/P6110971-300x225.jpg" alt="OLYMPUS DIGITAL CAMERA" class="wp-image-322" srcset="https://fernwehkinder.de/wp-content/uploads/2016/07/P6110971-300x225.jpg 300w, https://fernwehkinder.de/wp-content/uploads/2016/07/P6110971-768x576.jpg 768w, https://fernwehkinder.de/wp-content/uploads/2016/07/P6110971-1024x768.jpg 1024w" sizes="auto, (max-width: 300px) 100vw, 300px" /></figure></div>



<p>Etwas kniffelig ist es, den Kopfschutz zu befestigen, wenn ich allein unterwegs bin und das schlafende Kind mit meinen Verrenkungen nicht wecken will.</p>



<p>MilaMais sind immer Einzelstücke. Die Herstellerin arbeitet gerne auch mit Dekostoffen, Farben und Applikationswünschen der Kunden. Meine MilaMai wurde extra für mich als Überraschungs-Design genäht und ich liebe die fröhlichen Farben, die aber dezent genug sind, um nicht wie ein bunter Hund durch den Wald zu laufen.</p>



<hr class="wp-block-separator"/>



<p>MilaMai-Tragen kosten im online-Shop zwischen 295 und 430 CHF.</p>



<hr class="wp-block-separator"/>



<p>Mein Exemplar ist eine Leihgabe. Ich habe es seit 2012 in Gebrauch mit Kindern zwischen 2,4 kg und 19 kg.</p>



<hr class="wp-block-separator"/>



<p>Stand: März 2017</p>



<div class="wp-block-image wp-image-175 size-medium"><figure class="aligncenter"><img loading="lazy" decoding="async" width="300" height="170" src="http://fernwehkinder.de/wp-content/uploads/2016/07/P5280140-e1491048631456-300x170.jpg" alt="OLYMPUS DIGITAL CAMERA" class="wp-image-175" srcset="https://fernwehkinder.de/wp-content/uploads/2016/07/P5280140-e1491048631456-300x170.jpg 300w, https://fernwehkinder.de/wp-content/uploads/2016/07/P5280140-e1491048631456.jpg 449w" sizes="auto, (max-width: 300px) 100vw, 300px" /><figcaption>Auf der Via Francigena hinter Radicofani</figcaption></figure></div>
